-- https://www.phpmyadmin.net/
--

START TRANSACTION;



--
-- Database: `amitra_stcollege`
--

-- --------------------------------------------------------

--
-- Table structure for table `academic_infos`
--

CREATE TABLE `academic_infos` (
  `id` int(10) UNSIGNED NOT NULL,
  `created_at` timestamp NULL DEFAULT NULL,
  `updated_at` timestamp NULL DEFAULT NULL,
  `created_by` int(10) UNSIGNED NOT NULL,
  `last_updated_by` int(10) UNSIGNED DEFAULT NULL,
  `students_id` int(10) UNSIGNED NOT NULL,
  `institution` varchar(100) COLLATE utf8mb4_unicode_ci NOT NULL,
  `board` varchar(50) COLLATE utf8mb4_unicode_ci NOT NULL,
  `pass_year` varchar(4) COLLATE utf8mb4_unicode_ci NOT NULL,
  `symbol_no` varchar(15) COLLATE utf8mb4_unicode_ci DEFAULT NULL,
  `percentage` int(11) NOT NULL,
  `division_grade` varchar(10) COLLATE utf8mb4_unicode_ci NOT NULL,
  `major_subjects` varchar(50) COLLATE utf8mb4_unicode_ci DEFAULT NULL,
  `remark` text COLLATE utf8mb4_unicode_ci,
  `high_school_image` varchar(250) COLLATE utf8mb4_unicode_ci DEFAULT NULL,
  `intermediate_image` varchar(250) COLLATE utf8mb4_unicode_ci DEFAULT NULL,
  `sorting_order` int(10) UNSIGNED DEFAULT NULL,
  `status` tinyint(1) NOT NULL DEFAULT '1'
) ENGINE=InnoDB DEFAULT CHARSET=utf8mb4 COLLATE=utf8mb4_unicode_ci;

-- --------------------------------------------------------

--
-- Table structure for table `addressinfos`
--

CREATE TABLE `addressinfos` (
  `id` int(10) UNSIGNED NOT NULL,
  `created_at` timestamp NULL DEFAULT NULL,
  `updated_at` timestamp NULL DEFAULT NULL,
  `created_by` int(10) UNSIGNED NOT NULL,
  `last_updated_by` int(10) UNSIGNED DEFAULT NULL,
  `students_id` int(10) UNSIGNED NOT NULL,
  `address` varchar(100) COLLATE utf8mb4_unicode_ci DEFAULT NULL,
  `state` varchar(25) COLLATE utf8mb4_unicode_ci DEFAULT NULL,
  `country` varchar(25) COLLATE utf8mb4_unicode_ci DEFAULT NULL,
  `temp_address` varchar(100) COLLATE utf8mb4_unicode_ci DEFAULT NULL,
  `temp_state` varchar(25) COLLATE utf8mb4_unicode_ci DEFAULT NULL,
  `temp_country` varchar(25) COLLATE utf8mb4_unicode_ci DEFAULT NULL,
  `home_phone` varchar(15) COLLATE utf8mb4_unicode_ci DEFAULT NULL,
  `mobile_1` varchar(15) COLLATE utf8mb4_unicode_ci DEFAULT NULL,
  `mobile_2` varchar(15) COLLATE utf8mb4_unicode_ci DEFAULT NULL,
  `status` tinyint(1) NOT NULL DEFAULT '1'
) ENGINE=InnoDB DEFAULT CHARSET=utf8mb4 COLLATE=utf8mb4_unicode_ci;

--
-- Dumping data for table `addressinfos`
--

INSERT INTO `addressinfos` (`id`, `created_at`, `updated_at`, `created_by`, `last_updated_by`, `students_id`, `address`, `state`, `country`, `temp_address`, `temp_state`, `temp_country`, `home_phone`, `mobile_1`, `mobile_2`, `status`) VALUES
(1, '2020-07-24 17:54:00', '2020-07-24 17:54:00', 1, NULL, 1, '', '', '', NULL, NULL, NULL, NULL, '', '', 1),
(2, '2020-07-24 17:54:00', '2020-07-24 17:54:00', 1, NULL, 2, '', '', '', NULL, NULL, NULL, NULL, '', '', 1),
(3, '2020-07-24 17:54:00', '2020-07-24 17:54:00', 1, NULL, 3, '', '', '', NULL, NULL, NULL, NULL, '', '', 1),
(4, '2020-07-24 17:54:00', '2020-07-24 17:54:00', 1, NULL, 4, '', '', '', NULL, NULL, NULL, NULL, '', '', 1),
(5, '2020-07-24 17:54:00', '2020-07-24 17:54:00', 1, NULL, 5, '', '', '', NULL, NULL, NULL, NULL, '', '', 1),
(6, '2020-07-24 17:54:00', '2020-07-24 17:54:00', 1, NULL, 6, '', '', '', NULL, NULL, NULL, NULL, '', '', 1),
(7, '2020-07-24 17:54:00', '2020-07-24 17:54:00', 1, NULL, 7, '', '', '', NULL, NULL, NULL, NULL, '', '', 1),
(8, '2020-07-24 17:54:00', '2020-07-24 17:54:00', 1, NULL, 8, '', '', '', NULL, NULL, NULL, NULL, '', '', 1),
(9, '2020-07-24 17:54:00', '2020-07-24 17:54:00', 1, NULL, 9, '', '', '', NULL, NULL, NULL, NULL, '', '', 1),
(10, '2020-07-24 17:54:00', '2020-07-24 17:54:00', 1, NULL, 10, '', '', '', NULL, NULL, NULL, NULL, '', '', 1),
(11, '2020-07-24 17:54:00', '2020-07-24 17:54:00', 1, NULL, 11, '', '', '', NULL, NULL, NULL, NULL, '', '', 1),
(12, '2020-07-24 17:54:00', '2020-07-24 17:54:00', 1, NULL, 12, '', '', '', NULL, NULL, NULL, NULL, '', '', 1),
(13, '2020-07-24 17:54:00', '2020-07-24 17:54:00', 1, NULL, 13, '', '', '', NULL, NULL, NULL, NULL, '', '', 1),
(14, '2020-07-24 17:54:00', '2020-07-24 17:54:00', 1, NULL, 14, '', '', '', NULL, NULL, NULL, NULL, '', '', 1),
(15, '2020-07-24 17:54:00', '2020-07-24 17:54:00', 1, NULL, 15, '', '', '', NULL, NULL, NULL, NULL, '', '', 1),
(16, '2020-07-24 17:54:00', '2020-07-24 17:54:00', 1, NULL, 16, '', '', '', NULL, NULL, NULL, NULL, '', '', 1);

-- --------------------------------------------------------

--
-- Table structure for table `alert_settings`
--

CREATE TABLE `alert_settings` (
  `id` int(10) UNSIGNED NOT NULL,
  `created_at` timestamp NULL DEFAULT NULL,
  `updated_at` timestamp NULL DEFAULT NULL,
  `created_by` int(10) UNSIGNED NOT NULL,
  `last_updated_by` int(10) UNSIGNED DEFAULT NULL,
  `event` varchar(100) COLLATE utf8mb4_unicode_ci NOT NULL,
  `sms` tinyint(1) NOT NULL DEFAULT '1',
  `email` tinyint(1) NOT NULL DEFAULT '1',
  `subject` varchar(100) COLLATE utf8mb4_unicode_ci NOT NULL,
  `template` text COLLATE utf8mb4_unicode_ci NOT NULL,
  `status` tinyint(1) NOT NULL DEFAULT '1'
) ENGINE=InnoDB DEFAULT CHARSET=utf8mb4 COLLATE=utf8mb4_unicode_ci;

--
-- Dumping data for table `alert_settings`
--

INSERT INTO `alert_settings` (`id`, `created_at`, `updated_at`, `created_by`, `last_updated_by`, `event`, `sms`, `email`, `subject`, `template`, `status`) VALUES
(1, '2018-08-28 21:24:55', '2018-08-28 21:24:55', 1, NULL, 'BirthdayWish', 0, 0, 'Wish Your Birthday', '', 1),
(2, '2018-08-28 21:24:55', '2018-08-28 21:24:55', 1, NULL, 'StudentRegistration', 0, 0, 'Registration Information', 'Dear {first_name}, you are successfully registered in our institution with RegNo.{reg_no}. Thank You.', 1),
(3, '2018-08-28 21:24:55', '2018-08-28 21:24:55', 1, NULL, 'StudentTransfer', 0, 0, 'Transfer Information', '\'Dear Student, we would like to inform you are successfully transferring to {semester}. Thank You.', 1),
(4, '2018-08-28 21:24:55', '2018-08-28 21:24:55', 1, NULL, 'FeeReceive', 0, 0, 'Fees Receive Information', 'Dear Student, we would like to inform you. we received {amount} on {date}. Thank You.', 1),
(5, '2018-08-28 21:24:55', '2018-08-28 21:24:55', 1, NULL, 'BalanceFees', 0, 0, 'Balance Fees Information', 'Dear Student, you have some due fees. please deposit on time. contact account for more information. Thank You.', 1),
(6, '2018-08-28 21:24:55', '2018-08-28 21:24:55', 1, NULL, 'AttendanceConfirmation', 0, 0, 'Attendance Information', 'Dear Guardian, This is to inform you that {{first_name}} is {{status}} on {{date}}.', 1),
(7, '2018-08-28 21:24:55', '2018-08-28 21:24:55', 1, NULL, 'LibraryRegistration', 0, 0, 'Library Registration Information', '', 1),
(8, '2018-08-28 21:24:55', '2018-08-28 21:24:55', 1, NULL, 'LibraryReturnPeriodOver', 0, 0, 'Library Clearance Alert', '', 1),
(9, '2018-08-28 21:24:55', '2018-08-28 21:24:55', 1, NULL, 'HostelRegistration', 0, 0, 'Hostel Registration Information', '', 1),
(10, '2018-08-28 21:24:55', '2018-08-28 21:24:55', 1, NULL, 'HostelShift', 0, 0, 'Hostel Shift Information', '', 1),
(11, '2018-08-28 21:24:55', '2018-08-28 21:24:55', 1, NULL, 'HostelLeave', 0, 0, 'Hostel Leave Information', '', 1);

-- --------------------------------------------------------

--
-- Table structure for table `assignment_answers`
--

CREATE TABLE `assignment_answers` (
  `id` int(10) UNSIGNED NOT NULL,
  `created_at` timestamp NULL DEFAULT NULL,
  `updated_at` timestamp NULL DEFAULT NULL,
  `created_by` int(10) UNSIGNED NOT NULL,
  `last_updated_by` int(10) UNSIGNED DEFAULT NULL,
  `assignments_id` int(10) UNSIGNED NOT NULL,
  `students_id` int(10) UNSIGNED NOT NULL,
  `answer_text` text COLLATE utf8mb4_unicode_ci NOT NULL,
  `file` text COLLATE utf8mb4_unicode_ci,
  `approve_status` tinyint(1) DEFAULT NULL,
  `status` tinyint(1) NOT NULL DEFAULT '1'
) ENGINE=InnoDB DEFAULT CHARSET=utf8mb4 COLLATE=utf8mb4_unicode_ci;

-- --------------------------------------------------------

--
-- Table structure for table `assignment_comments`
--

CREATE TABLE `assignment_comments` (
  `id` bigint(25) NOT NULL,
  `created_at` timestamp NOT NULL DEFAULT CURRENT_TIMESTAMP ON UPDATE CURRENT_TIMESTAMP,
  `member_type` int(20) NOT NULL COMMENT '1=student , 2=staff',
  `member_name` varchar(255) DEFAULT NULL,
  `member_id` bigint(25) DEFAULT NULL,
  `assignment_id` bigint(20) NOT NULL,
  `answer_id` bigint(20) NOT NULL,
  `comment` varchar(255) DEFAULT NULL
) ENGINE=InnoDB DEFAULT CHARSET=latin1;

-- --------------------------------------------------------

--
-- Table structure for table `attendances`
--

CREATE TABLE `attendances` (
  `id` int(10) UNSIGNED NOT NULL,
  `created_at` timestamp NULL DEFAULT NULL,
  `updated_at` timestamp NULL DEFAULT NULL,
  `created_by` int(10) UNSIGNED NOT NULL,
  `last_updated_by` int(10) UNSIGNED DEFAULT NULL,
  `attendees_type` int(11) NOT NULL,
  `link_id` int(10) UNSIGNED NOT NULL,
  `years_id` int(10) UNSIGNED NOT NULL,
  `months_id` int(10) UNSIGNED NOT NULL,
  `day_1` int(11) NOT NULL DEFAULT '0',
  `day_2` int(11) NOT NULL DEFAULT '0',
  `day_3` int(11) NOT NULL DEFAULT '0',
  `day_4` int(11) NOT NULL DEFAULT '0',
  `day_5` int(11) NOT NULL DEFAULT '0',
  `day_6` int(11) NOT NULL DEFAULT '0',
  `day_7` int(11) NOT NULL DEFAULT '0',
  `day_8` int(11) NOT NULL DEFAULT '0',
  `day_9` int(11) NOT NULL DEFAULT '0',
  `day_10` int(11) NOT NULL DEFAULT '0',
  `day_11` int(11) NOT NULL DEFAULT '0',
  `day_12` int(11) NOT NULL DEFAULT '0',
  `day_13` int(11) NOT NULL DEFAULT '0',
  `day_14` int(11) NOT NULL DEFAULT '0',
  `day_15` int(11) NOT NULL DEFAULT '0',
  `day_16` int(11) NOT NULL DEFAULT '0',
  `day_17` int(11) NOT NULL DEFAULT '0',
  `day_18` int(11) NOT NULL DEFAULT '0',
  `day_19` int(11) NOT NULL DEFAULT '0',
  `day_20` int(11) NOT NULL DEFAULT '0',
  `day_21` int(11) NOT NULL DEFAULT '0',
  `day_22` int(11) NOT NULL DEFAULT '0',
  `day_23` int(11) NOT NULL DEFAULT '0',
  `day_24` int(11) NOT NULL DEFAULT '0',
  `day_25` int(11) NOT NULL DEFAULT '0',
  `day_26` int(11) NOT NULL DEFAULT '0',
  `day_27` int(11) NOT NULL DEFAULT '0',
  `day_28` int(11) NOT NULL DEFAULT '0',
  `day_29` int(11) NOT NULL DEFAULT '0',
  `day_30` int(11) NOT NULL DEFAULT '0',
  `day_31` int(11) NOT NULL DEFAULT '0',
  `status` tinyint(1) NOT NULL DEFAULT '1'
) ENGINE=InnoDB DEFAULT CHARSET=utf8mb4 COLLATE=utf8mb4_unicode_ci;

--
-- Dumping data for table `attendances`
--

INSERT INTO `attendances` (`id`, `created_at`, `updated_at`, `created_by`, `last_updated_by`, `attendees_type`, `link_id`, `years_id`, `months_id`, `day_1`, `day_2`, `day_3`, `day_4`, `day_5`, `day_6`, `day_7`, `day_8`, `day_9`, `day_10`, `day_11`, `day_12`, `day_13`, `day_14`, `day_15`, `day_16`, `day_17`, `day_18`, `day_19`, `day_20`, `day_21`, `day_22`, `day_23`, `day_24`, `day_25`, `day_26`, `day_27`, `day_28`, `day_29`, `day_30`, `day_31`, `status`) VALUES
(1, '2020-07-24 16:32:06', '2020-07-24 17:01:07', 337, 337, 1, 1, 5, 7, 0, 0, 0, 0, 0, 0, 0, 0, 0, 0, 0, 0, 0, 0, 0, 0, 0, 0, 0, 0, 0, 0, 0, 1, 0, 0, 0, 0, 0, 0, 0, 1),
(2, '2020-07-24 16:32:26', '2020-07-24 16:32:26', 337, NULL, 2, 1, 5, 7, 0, 0, 0, 0, 0, 0, 0, 0, 0, 0, 0, 0, 0, 0, 0, 0, 0, 0, 0, 0, 0, 0, 0, 1, 0, 0, 0, 0, 0, 0, 0, 1),
(3, '2020-07-24 16:53:03', '2020-07-24 16:53:03', 337, NULL, 2, 2, 5, 7, 0, 0, 0, 0, 0, 0, 0, 0, 0, 0, 0, 0, 0, 0, 0, 0, 0, 0, 0, 0, 0, 0, 0, 1, 0, 0, 0, 0, 0, 0, 0, 1);

-- --------------------------------------------------------

--
-- Table structure for table `attendance_masters`
--

CREATE TABLE `attendance_masters` (
  `id` int(10) UNSIGNED NOT NULL,
  `created_at` timestamp NULL DEFAULT NULL,
  `updated_at` timestamp NULL DEFAULT NULL,
  `created_by` int(10) UNSIGNED NOT NULL,
  `last_updated_by` int(10) UNSIGNED DEFAULT NULL,
  `year` int(10) UNSIGNED NOT NULL,
  `month` int(10) UNSIGNED NOT NULL,
  `day_in_month` int(11) NOT NULL,
  `holiday` int(11) NOT NULL,
  `open` int(11) NOT NULL,
  `status` tinyint(1) NOT NULL DEFAULT '1'
) ENGINE=InnoDB DEFAULT CHARSET=utf8mb4 COLLATE=utf8mb4_unicode_ci;

-- --------------------------------------------------------

--
-- Table structure for table `attendance_statuses`
--

CREATE TABLE `attendance_statuses` (
  `id` int(10) UNSIGNED NOT NULL,
  `created_at` timestamp NULL DEFAULT NULL,
  `updated_at` timestamp NULL DEFAULT NULL,
  `created_by` int(10) UNSIGNED NOT NULL,
  `last_updated_by` int(10) UNSIGNED DEFAULT NULL,
  `title` varchar(25) COLLATE utf8mb4_unicode_ci NOT NULL,
  `display_class` varchar(15) COLLATE utf8mb4_unicode_ci DEFAULT NULL,
  `status` tinyint(1) NOT NULL DEFAULT '1'
) ENGINE=InnoDB DEFAULT CHARSET=utf8mb4 COLLATE=utf8mb4_unicode_ci;

--
-- Dumping data for table `attendance_statuses`
--

INSERT INTO `attendance_statuses` (`id`, `created_at`, `updated_at`, `created_by`, `last_updated_by`, `title`, `display_class`, `status`) VALUES
(1, '2018-08-28 21:24:54', '2018-08-28 21:24:54', 1, NULL, 'PRESENT', 'btn-primary', 1),
(2, '2018-08-28 21:24:54', '2018-08-28 21:24:54', 1, NULL, 'ABSENT', 'btn-danger', 1),
(3, '2018-08-28 21:24:54', '2018-08-28 21:24:54', 1, NULL, 'LATE', 'btn-warning', 1),
(4, '2018-08-28 21:24:54', '2018-08-28 21:24:54', 1, NULL, 'LEAVE', 'btn-success', 1),
(5, '2018-08-28 21:24:54', '2018-08-28 21:24:54', 1, NULL, 'HOLIDAY', 'btn-info', 1);

-- --------------------------------------------------------

--
-- Table structure for table `attendence_type`
--

CREATE TABLE `attendence_type` (
  `id` int(11) NOT NULL,
  `type` varchar(50) DEFAULT NULL,
  `key_value` varchar(50) NOT NULL,
  `is_active` varchar(255) DEFAULT 'no',
  `created_at` timestamp NOT NULL DEFAULT CURRENT_TIMESTAMP ON UPDATE CURRENT_TIMESTAMP,
  `updated_at` timestamp NOT NULL DEFAULT '0000-00-00 00:00:00'
) ENGINE=InnoDB DEFAULT CHARSET=utf8;

--
-- Dumping data for table `attendence_type`
--

INSERT INTO `attendence_type` (`id`, `type`, `key_value`, `is_active`, `created_at`, `updated_at`) VALUES
(1, 'Present', '<b class=\"text text-success\">P</b>', 'yes', '2016-06-23 12:41:37', '0000-00-00 00:00:00'),
(2, 'Late With Excuse', '<b class=\"text text-warning\">E</b>', 'no', '2018-05-29 02:49:48', '0000-00-00 00:00:00'),
(3, 'Late', '<b class=\"text text-warning\">L</b>', 'yes', '2016-06-23 12:42:28', '0000-00-00 00:00:00'),
(4, 'Absent', '<b class=\"text text-danger\">A</b>', 'yes', '2016-10-11 06:05:40', '0000-00-00 00:00:00'),
(5, 'Holiday', 'H', 'yes', '2016-10-11 06:05:01', '0000-00-00 00:00:00'),
(6, 'Half Day', '<b class=\"text text-warning\">F</b>', 'yes', '2016-06-23 12:42:28', '0000-00-00 00:00:00');

-- --------------------------------------------------------

--
-- Table structure for table `beds`
--

CREATE TABLE `beds` (
  `id` int(10) UNSIGNED NOT NULL,
  `created_at` timestamp NULL DEFAULT NULL,
  `updated_at` timestamp NULL DEFAULT NULL,
  `created_by` int(10) UNSIGNED NOT NULL,
  `last_updated_by` int(10) UNSIGNED DEFAULT NULL,
  `hostels_id` int(10) UNSIGNED NOT NULL,
  `rooms_id` int(10) UNSIGNED NOT NULL,
  `bed_number` int(11) NOT NULL,
  `rate` bigint(50) UNSIGNED NOT NULL,
  `bed_status` tinyint(1) NOT NULL DEFAULT '1'
) ENGINE=InnoDB DEFAULT CHARSET=utf8mb4 COLLATE=utf8mb4_unicode_ci;

-- --------------------------------------------------------

--
-- Table structure for table `bed_statuses`
--

CREATE TABLE `bed_statuses` (
  `id` int(10) UNSIGNED NOT NULL,
  `created_at` timestamp NULL DEFAULT NULL,
  `updated_at` timestamp NULL DEFAULT NULL,
  `created_by` int(10) UNSIGNED NOT NULL,
  `last_updated_by` int(10) UNSIGNED DEFAULT NULL,
  `title` varchar(25) COLLATE utf8mb4_unicode_ci NOT NULL,
  `display_class` varchar(15) COLLATE utf8mb4_unicode_ci DEFAULT NULL,
  `status` tinyint(1) NOT NULL DEFAULT '1'
) ENGINE=InnoDB DEFAULT CHARSET=utf8mb4 COLLATE=utf8mb4_unicode_ci;

--
-- Dumping data for table `bed_statuses`
--

INSERT INTO `bed_statuses` (`id`, `created_at`, `updated_at`, `created_by`, `last_updated_by`, `title`, `display_class`, `status`) VALUES
(1, '2018-08-28 21:24:54', '2018-08-28 21:24:54', 1, NULL, 'Available', 'btn-success', 1),
(2, '2018-08-28 21:24:54', '2018-08-28 21:24:54', 1, NULL, 'Occupied', 'btn-primary', 1),
(3, '2018-08-28 21:24:54', '2018-08-28 21:24:54', 1, NULL, 'Damage', 'btn-danger', 1),
(4, '2018-08-28 21:24:54', '2018-08-28 21:24:54', 1, NULL, 'UnderConstruction', 'btn-default', 1),
(5, '2018-08-28 21:24:54', '2018-08-28 21:24:54', 1, NULL, 'UnderMaintinance', 'btn-default', 1),
(6, '2018-08-28 21:24:54', '2018-08-28 21:24:54', 1, NULL, 'NeedMaintinance', 'btn-default', 1);

-- --------------------------------------------------------

--
-- Table structure for table `books`
--

CREATE TABLE `books` (
  `id` int(10) UNSIGNED NOT NULL,
  `created_at` timestamp NULL DEFAULT NULL,
  `updated_at` timestamp NULL DEFAULT NULL,
  `created_by` int(10) UNSIGNED NOT NULL,
  `last_updated_by` int(10) UNSIGNED DEFAULT NULL,
  `book_masters_id` int(10) UNSIGNED NOT NULL,
  `book_code` varchar(100) COLLATE utf8mb4_unicode_ci NOT NULL,
  `book_status` int(10) UNSIGNED NOT NULL DEFAULT '1'
) ENGINE=InnoDB DEFAULT CHARSET=utf8mb4 COLLATE=utf8mb4_unicode_ci;

-- --------------------------------------------------------

--
-- Table structure for table `book_categories`
--

CREATE TABLE `book_categories` (
  `id` int(10) UNSIGNED NOT NULL,
  `created_at` timestamp NULL DEFAULT NULL,
  `updated_at` timestamp NULL DEFAULT NULL,
  `created_by` int(10) UNSIGNED NOT NULL,
  `last_updated_by` int(10) UNSIGNED DEFAULT NULL,
  `title` varchar(100) COLLATE utf8mb4_unicode_ci NOT NULL,
  `slug` varchar(100) COLLATE utf8mb4_unicode_ci NOT NULL,
  `status` tinyint(1) NOT NULL DEFAULT '1'
) ENGINE=InnoDB DEFAULT CHARSET=utf8mb4 COLLATE=utf8mb4_unicode_ci;

--
-- Dumping data for table `book_categories`
--

INSERT INTO `book_categories` (`id`, `created_at`, `updated_at`, `created_by`, `last_updated_by`, `title`, `slug`, `status`) VALUES
(1, '2019-08-19 00:41:23', '2019-09-10 13:45:11', 4, 1, 'SCIENCE', 'SCIENCE', 1),
(2, '2019-12-09 13:43:19', '2019-12-09 13:43:49', 20, 20, 'WORKSHOP CALCULATION AND SCIENCE- FITTER', 'WORKSHOP-CALCULATION-AND-SCIENCE--FITTER', 1),
(3, '2019-12-09 13:45:22', '2019-12-09 13:45:22', 20, NULL, 'WORKSHOP CALCULATION AND SCIENCE- ELECTRICIAN', 'WORKSHOP-CALCULATION-AND-SCIENCE--ELECTRICIAN', 1),
(4, '2019-12-09 13:46:03', '2019-12-09 13:46:03', 20, NULL, 'TRADE THEORY -FITTER', 'TRADE-THEORY--FITTER', 1),
(5, '2019-12-09 13:46:45', '2019-12-09 13:46:45', 20, NULL, 'TRADE THEORY - ELECTRICIAN', 'TRADE-THEORY---ELECTRICIAN', 1),
(6, '2019-12-09 13:47:11', '2019-12-09 13:47:11', 20, NULL, 'DRAWING- FITTER', 'DRAWING--FITTER', 1),
(7, '2019-12-09 13:47:35', '2019-12-09 13:47:35', 20, NULL, 'DRAWING- ELECTRICIAN', 'DRAWING--ELECTRICIAN', 1),
(8, '2019-12-09 13:48:13', '2019-12-09 13:48:13', 20, NULL, 'PRACTICAL-  FITTER', 'PRACTICAL--FITTER', 1),
(9, '2019-12-09 13:48:39', '2019-12-09 13:48:39', 20, NULL, 'PRACTICAL-  ELECTRICIAN', 'PRACTICAL--ELECTRICIAN', 1),
(10, '2019-12-09 13:49:33', '2019-12-09 13:49:33', 20, NULL, 'FIRE TECHNOLOGY- THEORY', 'FIRE-TECHNOLOGY--THEORY', 1);

-- --------------------------------------------------------

--
-- Table structure for table `book_issues`
--

CREATE TABLE `book_issues` (
  `id` int(10) UNSIGNED NOT NULL,
  `created_at` timestamp NULL DEFAULT NULL,
  `updated_at` timestamp NULL DEFAULT NULL,
  `created_by` int(10) UNSIGNED NOT NULL,
  `last_updated_by` int(10) UNSIGNED DEFAULT NULL,
  `member_id` int(10) UNSIGNED NOT NULL,
  `book_id` int(10) UNSIGNED NOT NULL,
  `issued_on` datetime NOT NULL,
  `due_date` datetime NOT NULL,
  `return_date` datetime DEFAULT NULL,
  `status` tinyint(1) NOT NULL DEFAULT '1'
) ENGINE=InnoDB DEFAULT CHARSET=utf8mb4 COLLATE=utf8mb4_unicode_ci;

-- --------------------------------------------------------

--
-- Table structure for table `book_masters`
--

CREATE TABLE `book_masters` (
  `id` int(10) UNSIGNED NOT NULL,
  `created_at` timestamp NULL DEFAULT NULL,
  `updated_at` timestamp NULL DEFAULT NULL,
  `created_by` int(10) UNSIGNED NOT NULL,
  `last_updated_by` int(10) UNSIGNED DEFAULT NULL,
  `isbn_number` varchar(25) COLLATE utf8mb4_unicode_ci DEFAULT NULL,
  `code` varchar(15) COLLATE utf8mb4_unicode_ci NOT NULL,
  `title` varchar(100) COLLATE utf8mb4_unicode_ci NOT NULL,
  `sub_title` varchar(100) COLLATE utf8mb4_unicode_ci DEFAULT NULL,
  `image` text COLLATE utf8mb4_unicode_ci,
  `language` varchar(100) COLLATE utf8mb4_unicode_ci DEFAULT NULL,
  `editor` varchar(100) COLLATE utf8mb4_unicode_ci DEFAULT NULL,
  `categories` varchar(100) COLLATE utf8mb4_unicode_ci DEFAULT NULL,
  `edition` varchar(100) COLLATE utf8mb4_unicode_ci DEFAULT NULL,
  `edition_year` varchar(100) COLLATE utf8mb4_unicode_ci DEFAULT NULL,
  `publisher` varchar(100) COLLATE utf8mb4_unicode_ci DEFAULT NULL,
  `publish_year` varchar(100) COLLATE utf8mb4_unicode_ci DEFAULT NULL,
  `series` varchar(100) COLLATE utf8mb4_unicode_ci DEFAULT NULL,
  `author` varchar(100) COLLATE utf8mb4_unicode_ci NOT NULL,
  `rack_location` varchar(100) COLLATE utf8mb4_unicode_ci DEFAULT NULL,
  `price` varchar(100) COLLATE utf8mb4_unicode_ci NOT NULL,
  `total_pages` varchar(100) COLLATE utf8mb4_unicode_ci DEFAULT NULL,
  `source` varchar(100) COLLATE utf8mb4_unicode_ci DEFAULT NULL,
  `notes` varchar(100) COLLATE utf8mb4_unicode_ci DEFAULT NULL,
  `status` tinyint(1) NOT NULL DEFAULT '1'
) ENGINE=InnoDB DEFAULT CHARSET=utf8mb4 COLLATE=utf8mb4_unicode_ci;

--
-- Dumping data for table `book_masters`
--

INSERT INTO `book_masters` (`id`, `created_at`, `updated_at`, `created_by`, `last_updated_by`, `isbn_number`, `code`, `title`, `sub_title`, `image`, `language`, `editor`, `categories`, `edition`, `edition_year`, `publisher`, `publish_year`, `series`, `author`, `rack_location`, `price`, `total_pages`, `source`, `notes`, `status`) VALUES
(1, '2019-08-19 00:42:00', '2019-09-10 13:52:23', 4, 1, 'SCC12345', 'SCc12', 'SCIENCE B1', 'Science Title', '', 'English', NULL, '1', 'dit', '2019', 'KK', '2019', '12', 'rk', 'Vns', '000000', '125', 'live', 'Text', 1);

-- --------------------------------------------------------

--
-- Table structure for table `book_statuses`
--

CREATE TABLE `book_statuses` (
  `id` int(10) UNSIGNED NOT NULL,
  `created_at` timestamp NULL DEFAULT NULL,
  `updated_at` timestamp NULL DEFAULT NULL,
  `created_by` int(10) UNSIGNED NOT NULL,
  `last_updated_by` int(10) UNSIGNED DEFAULT NULL,
  `title` varchar(25) COLLATE utf8mb4_unicode_ci NOT NULL,
  `display_class` varchar(15) COLLATE utf8mb4_unicode_ci DEFAULT NULL,
  `status` tinyint(1) NOT NULL DEFAULT '1'
) ENGINE=InnoDB DEFAULT CHARSET=utf8mb4 COLLATE=utf8mb4_unicode_ci;

--
-- Dumping data for table `book_statuses`
--

INSERT INTO `book_statuses` (`id`, `created_at`, `updated_at`, `created_by`, `last_updated_by`, `title`, `display_class`, `status`) VALUES
(1, '2018-08-28 21:24:54', '2018-08-28 21:24:54', 1, NULL, 'Available', 'btn-success', 1),
(2, '2018-08-28 21:24:54', '2018-08-28 21:24:54', 1, NULL, 'Issued', 'btn-primary', 1),
(3, '2018-08-28 21:24:54', '2018-08-28 21:24:54', 1, NULL, 'Damage', 'btn-danger', 1),
(4, '2018-08-28 21:24:54', '2018-08-28 21:24:54', 1, NULL, 'Lost', 'btn-default', 1);

-- --------------------------------------------------------

--
-- Table structure for table `category`
--

CREATE TABLE `category` (
  `id` int(11) NOT NULL,
  `category_name` varchar(55) DEFAULT NULL,
  `status` tinyint(4) DEFAULT '1'
) ENGINE=InnoDB DEFAULT CHARSET=utf8;

--
-- Dumping data for table `category`
--

INSERT INTO `category` (`id`, `category_name`, `status`) VALUES
(1, 'S.C.', 1),
(2, 'S.T.', 1),
(3, 'O.B.C.', 1),
(4, 'General', 1),
(5, 'Others', 1);

-- --------------------------------------------------------

--
-- Table structure for table `certificates`
--

CREATE TABLE `certificates` (
  `id` int(20) NOT NULL,
  `created_at` timestamp NOT NULL DEFAULT CURRENT_TIMESTAMP ON UPDATE CURRENT_TIMESTAMP,
  `created_by` int(20) DEFAULT NULL,
  `title` varchar(30) NOT NULL,
  `left_header` varchar(30) DEFAULT NULL,
  `center_header` varchar(30) DEFAULT NULL,
  `right_header` varchar(30) DEFAULT NULL,
  `body` varchar(100) NOT NULL,
  `body_height` int(255) DEFAULT '0',
  `body_ptop` int(255) DEFAULT '0',
  `body_pbottom` int(255) DEFAULT '0',
  `body_pleft` int(255) DEFAULT '0',
  `body_pright` int(255) DEFAULT '0',
  `left_footer` varchar(30) DEFAULT NULL,
  `center_footer` varchar(30) DEFAULT NULL,
  `right_footer` varchar(30) DEFAULT NULL,
  `bg_img` varchar(50) DEFAULT NULL,
  `header_img` varchar(50) DEFAULT NULL,
  `header_img_height` int(100) DEFAULT '0',
  `header_img_ptop` int(100) DEFAULT '0',
  `header_img_pbottom` int(100) DEFAULT '0',
  `header_img_pleft` int(100) DEFAULT '0',
  `header_img_pright` int(100) DEFAULT '0',
  `std_photo` varchar(30) DEFAULT NULL,
  `status` int(11) DEFAULT '1'
) ENGINE=InnoDB DEFAULT CHARSET=latin1;

--
-- Dumping data for table `certificates`
--

INSERT INTO `certificates` (`id`, `created_at`, `created_by`, `title`, `left_header`, `center_header`, `right_header`, `body`, `body_height`, `body_ptop`, `body_pbottom`, `body_pleft`, `body_pright`, `left_footer`, `center_footer`, `right_footer`, `bg_img`, `header_img`, `header_img_height`, `header_img_ptop`, `header_img_pbottom`, `header_img_pleft`, `header_img_pright`, `std_photo`, `status`) VALUES
(1, '2020-01-06 16:11:31', 1, 'Transfer Certificate', '1', '2', '3', 'AAA AAAAAAAAAAAA AAAAAA AAA AAAAAAAAAAAA AAAAAA AAA AAAAAAAAAAAA AAAAAA AAA AAAAAAAAAAAA AAA', 400, 50, 40, 30, 10, '4', '5', '6', NULL, NULL, 200, 0, 0, 0, 0, '0', 1),
(2, '2020-01-06 14:17:13', 1, 'CC', 'ss', 'ss', 'ss', 'smnanshdkah', 100, 0, 0, 0, 0, 'aa', NULL, 'as', 'backgroung.png', 'header.png', 100, 0, 0, 0, 0, '0', 1),
(3, '2020-01-06 14:17:13', 1, 'Provisional', 'ss', 'ss', 'ss', 'smnanshdkah', 100, 0, 0, 0, 0, 'aa', NULL, 'as', 'backgroung.png', 'header.png', 100, 0, 0, 0, 0, '0', 1),
(4, '2020-01-07 21:46:38', 1, 'Certificate', NULL, NULL, NULL, 'Certificate', 0, 0, 0, 0, 0, NULL, NULL, NULL, NULL, NULL, 0, 0, 0, 0, 0, NULL, 1);

-- --------------------------------------------------------

--
-- Table structure for table `collect_fee`
--

CREATE TABLE `collect_fee` (
  `id` bigint(20) NOT NULL,
  `reciept_no` varchar(22) NOT NULL,
  `student_id` bigint(25) DEFAULT NULL,
  `assign_fee_id` int(11) DEFAULT NULL,
  `amount_paid` varchar(11) NOT NULL,
  `discount` varchar(11) DEFAULT NULL,
  `discount_status` varchar(20) DEFAULT NULL,
  `discount_comment` varchar(250) DEFAULT NULL,
  `approve_reject_at` timestamp NULL DEFAULT NULL,
  `approve_reject_by` int(15) DEFAULT NULL,
  `old_discount_data` text,
  `fine` bigint(20) NOT NULL DEFAULT '0',
  `remarks` varchar(111) DEFAULT NULL,
  `created_at` timestamp NOT NULL DEFAULT CURRENT_TIMESTAMP ON UPDATE CURRENT_TIMESTAMP,
  `reciept_date` timestamp NULL DEFAULT NULL,
  `updated_at` timestamp NULL DEFAULT CURRENT_TIMESTAMP,
  `payment_type` varchar(55) DEFAULT NULL,
  `reference` varchar(55) DEFAULT NULL,
  `created_by` int(11) DEFAULT NULL,
  `status` tinyint(4) DEFAULT '1'
) ENGINE=InnoDB DEFAULT CHARSET=utf8;

--
-- Dumping data for table `collect_fee`
--

INSERT INTO `collect_fee` (`id`, `reciept_no`, `student_id`, `assign_fee_id`, `amount_paid`, `discount`, `discount_status`, `discount_comment`, `approve_reject_at`, `approve_reject_by`, `old_discount_data`, `fine`, `remarks`, `created_at`, `reciept_date`, `updated_at`, `payment_type`, `reference`, `created_by`, `status`) VALUES
(1, '', 1, 1, '121', NULL, NULL, NULL, NULL, NULL, NULL, 0, 'r', '2020-07-24 03:45:54', '2020-07-24 07:00:00', '2020-07-24 03:45:54', 'CARD', 'ref1', 1, 1),
(2, 'SCVR10001', 1, 1, '121', NULL, NULL, NULL, NULL, NULL, NULL, 0, '', '2020-07-24 03:51:43', '2020-07-24 07:00:00', '2020-07-24 03:51:43', 'Other', 'ref1', 1, 1),
(3, 'SCVR10002', 1, 1, '1', '0', NULL, NULL, NULL, NULL, NULL, 0, NULL, '2020-07-24 03:56:38', '2020-07-24 07:00:00', '2020-07-24 03:56:38', 'Cash', '-', 1, 1);

-- --------------------------------------------------------

--
-- Table structure for table `collect_fee_log`
--

CREATE TABLE `collect_fee_log` (
  `id` bigint(50) NOT NULL,
  `collect_fee_id` bigint(20) NOT NULL,
  `reciept_no` varchar(22) NOT NULL,
  `student_id` bigint(25) DEFAULT NULL,
  `assign_fee_id` int(11) DEFAULT NULL,
  `amount_paid` varchar(11) NOT NULL,
  `discount` varchar(11) DEFAULT NULL,
  `discount_status` varchar(20) DEFAULT NULL,
  `discount_comment` varchar(20) DEFAULT NULL,
  `approve_reject_at` timestamp NULL DEFAULT NULL,
  `approve_reject_by` int(20) DEFAULT NULL,
  `old_discount_data` text,
  `fine` bigint(20) NOT NULL DEFAULT '0',
  `remarks` varchar(111) DEFAULT NULL,
  `created_at` timestamp NOT NULL DEFAULT CURRENT_TIMESTAMP ON UPDATE CURRENT_TIMESTAMP,
  `reciept_date` timestamp NULL DEFAULT NULL,
  `updated_at` timestamp NULL DEFAULT CURRENT_TIMESTAMP,
  `payment_type` varchar(55) DEFAULT NULL,
  `reference` varchar(55) DEFAULT NULL,
  `created_by` int(11) DEFAULT NULL,
  `status` tinyint(4) DEFAULT '1',
  `log_created_at` timestamp NULL DEFAULT NULL,
  `log_created_by` int(50) DEFAULT NULL,
  `log_status` int(50) DEFAULT NULL COMMENT '1=edited,2=deleted'
) ENGINE=InnoDB DEFAULT CHARSET=utf8;

-- --------------------------------------------------------

--
-- Table structure for table `complain_types`
--

CREATE TABLE `complain_types` (
  `id` int(30) NOT NULL,
  `created_at` timestamp NULL DEFAULT NULL,
  `created_by` int(20) DEFAULT NULL,
  `updated_at` timestamp NULL DEFAULT NULL,
  `updated_by` int(20) DEFAULT NULL,
  `title` varchar(100) DEFAULT NULL,
  `description` varchar(255) DEFAULT NULL,
  `record_status` int(20) DEFAULT NULL
) ENGINE=InnoDB DEFAULT CHARSET=latin1;

-- --------------------------------------------------------

--
-- Table structure for table `days`
--

CREATE TABLE `days` (
  `id` int(10) UNSIGNED NOT NULL,
  `created_at` timestamp NULL DEFAULT NULL,
  `updated_at` timestamp NULL DEFAULT NULL,
  `created_by` int(10) UNSIGNED NOT NULL,
  `last_updated_by` int(10) UNSIGNED DEFAULT NULL,
  `title` varchar(10) COLLATE utf8mb4_unicode_ci NOT NULL,
  `status` tinyint(1) NOT NULL DEFAULT '1'
) ENGINE=InnoDB DEFAULT CHARSET=utf8mb4 COLLATE=utf8mb4_unicode_ci;

--
-- Dumping data for table `days`
--

INSERT INTO `days` (`id`, `created_at`, `updated_at`, `created_by`, `last_updated_by`, `title`, `status`) VALUES
(1, '2018-08-28 21:24:54', '2018-08-28 21:24:54', 1, NULL, 'Sunday', 1),
(2, '2018-08-28 21:24:54', '2018-08-28 21:24:54', 1, NULL, 'Monday', 1),
(3, '2018-08-28 21:24:54', '2018-08-28 21:24:54', 1, NULL, 'Tuesday', 1),
(4, '2018-08-28 21:24:54', '2018-08-28 21:24:54', 1, NULL, 'Wednesday', 1),
(5, '2018-08-28 21:24:54', '2018-08-28 21:24:54', 1, NULL, 'Thursday', 1),
(6, '2018-08-28 21:24:54', '2018-08-28 21:24:54', 1, NULL, 'Friday', 1),
(7, '2018-08-28 21:24:54', '2018-08-28 21:24:54', 1, NULL, 'Saturday', 1);

-- --------------------------------------------------------

--
-- Table structure for table `documents`
--

CREATE TABLE `documents` (
  `id` int(10) UNSIGNED NOT NULL,
  `created_at` timestamp NULL DEFAULT NULL,
  `updated_at` timestamp NULL DEFAULT NULL,
  `created_by` int(10) UNSIGNED NOT NULL,
  `last_updated_by` int(10) UNSIGNED DEFAULT NULL,
  `member_type` varchar(8) COLLATE utf8mb4_unicode_ci NOT NULL,
  `member_id` int(10) UNSIGNED NOT NULL,
  `title` varchar(100) COLLATE utf8mb4_unicode_ci NOT NULL,
  `file` text COLLATE utf8mb4_unicode_ci NOT NULL,
  `description` text COLLATE utf8mb4_unicode_ci,
  `status` tinyint(1) NOT NULL DEFAULT '1'
) ENGINE=InnoDB DEFAULT CHARSET=utf8mb4 COLLATE=utf8mb4_unicode_ci;

-- --------------------------------------------------------

--
-- Table structure for table `downloads`
--

CREATE TABLE `downloads` (
  `id` int(10) UNSIGNED NOT NULL,
  `created_at` timestamp NULL DEFAULT NULL,
  `updated_at` timestamp NULL DEFAULT NULL,
  `created_by` int(10) UNSIGNED NOT NULL,
  `last_updated_by` int(10) UNSIGNED DEFAULT NULL,
  `semesters_id` int(10) UNSIGNED DEFAULT NULL,
  `title` varchar(100) COLLATE utf8mb4_unicode_ci NOT NULL,
  `description` text COLLATE utf8mb4_unicode_ci,
  `file` text COLLATE utf8mb4_unicode_ci,
  `status` tinyint(1) NOT NULL DEFAULT '1'
) ENGINE=InnoDB DEFAULT CHARSET=utf8mb4 COLLATE=utf8mb4_unicode_ci;

-- --------------------------------------------------------

--
-- Table structure for table `eating_times`
--

CREATE TABLE `eating_times` (
  `id` int(10) UNSIGNED NOT NULL,
  `created_at` timestamp NULL DEFAULT NULL,
  `updated_at` timestamp NULL DEFAULT NULL,
  `created_by` int(10) UNSIGNED NOT NULL,
  `last_updated_by` int(10) UNSIGNED DEFAULT NULL,
  `title` varchar(25) COLLATE utf8mb4_unicode_ci NOT NULL,
  `time` time DEFAULT NULL,
  `status` tinyint(1) NOT NULL DEFAULT '1'
) ENGINE=InnoDB DEFAULT CHARSET=utf8mb4 COLLATE=utf8mb4_unicode_ci;

--
-- Dumping data for table `eating_times`
--

INSERT INTO `eating_times` (`id`, `created_at`, `updated_at`, `created_by`, `last_updated_by`, `title`, `time`, `status`) VALUES
(1, '2019-10-11 16:21:17', '2019-10-11 16:21:17', 1, NULL, 'Breakfast', '07:30:00', 1),
(2, '2019-10-11 16:21:36', '2019-10-11 16:21:36', 1, NULL, 'LUNCH', '13:00:00', 1);

-- --------------------------------------------------------

--
-- Table structure for table `enquiry_followup`
--

CREATE TABLE `enquiry_followup` (
  `id` bigint(15) NOT NULL,
  `created_at` timestamp NULL DEFAULT NULL,
  `created_by` int(15) DEFAULT NULL,
  `updated_at` timestamp NULL DEFAULT NULL,
  `updated_by` int(15) DEFAULT NULL,
  `followup_date` date DEFAULT NULL,
  `enquiry_id` bigint(15) DEFAULT NULL,
  `next_followup` date DEFAULT NULL,
  `response` varchar(100) DEFAULT NULL,
  `note` varchar(100) DEFAULT NULL,
  `record_status` int(11) DEFAULT '1'
) ENGINE=InnoDB DEFAULT CHARSET=latin1;

--
-- Dumping data for table `enquiry_followup`
--

INSERT INTO `enquiry_followup` (`id`, `created_at`, `created_by`, `updated_at`, `updated_by`, `followup_date`, `enquiry_id`, `next_followup`, `response`, `note`, `record_status`) VALUES
(1, '2020-07-24 16:11:58', 1, '2020-07-24 16:11:58', NULL, '2020-07-27', 1, '2020-07-28', 'test', 'TEST', 1),
(2, '2020-07-24 16:13:03', 1, '2020-07-24 16:13:03', NULL, '2020-07-28', 1, NULL, 'Done', NULL, 1);

-- --------------------------------------------------------

--
-- Table structure for table `exams`
--

CREATE TABLE `exams` (
  `id` int(10) UNSIGNED NOT NULL,
  `created_at` timestamp NULL DEFAULT NULL,
  `updated_at` timestamp NULL DEFAULT NULL,
  `created_by` int(10) UNSIGNED NOT NULL,
  `last_updated_by` int(10) UNSIGNED DEFAULT NULL,
  `title` varchar(100) COLLATE utf8mb4_unicode_ci NOT NULL,
  `status` tinyint(1) NOT NULL DEFAULT '1'
) ENGINE=InnoDB DEFAULT CHARSET=utf8mb4 COLLATE=utf8mb4_unicode_ci;

-- --------------------------------------------------------

--
-- Table structure for table `exam_mark`
--

CREATE TABLE `exam_mark` (
  `id` bigint(15) NOT NULL,
  `exam_id` bigint(15) DEFAULT NULL,
  `student_id` bigint(15) DEFAULT NULL,
  `mark` bigint(15) DEFAULT NULL,
  `attendance` int(11) DEFAULT NULL,
  `created_at` timestamp NOT NULL DEFAULT CURRENT_TIMESTAMP,
  `created_by` bigint(15) DEFAULT NULL,
  `updated_at` timestamp NULL DEFAULT NULL,
  `updated_by` bigint(20) DEFAULT NULL
) ENGINE=InnoDB DEFAULT CHARSET=latin1;

--
-- Dumping data for table `exam_mark`
--

INSERT INTO `exam_mark` (`id`, `exam_id`, `student_id`, `mark`, `attendance`, `created_at`, `created_by`, `updated_at`, `updated_by`) VALUES
(1, 1, 1, 50, 1, '2020-07-24 04:30:17', 338, '2020-07-24 17:01:07', 337);

-- --------------------------------------------------------

--
-- Table structure for table `exam_mark_ledgers`
--

CREATE TABLE `exam_mark_ledgers` (
  `id` int(10) UNSIGNED NOT NULL,
  `created_at` timestamp NULL DEFAULT NULL,
  `updated_at` timestamp NULL DEFAULT NULL,
  `created_by` int(10) UNSIGNED NOT NULL,
  `last_updated_by` int(10) UNSIGNED DEFAULT NULL,
  `exam_schedule_id` int(10) UNSIGNED NOT NULL,
  `students_id` int(10) UNSIGNED NOT NULL,
  `obtain_mark_theory` int(11) DEFAULT NULL,
  `absent_theory` tinyint(1) NOT NULL DEFAULT '0',
  `obtain_mark_practical` int(11) DEFAULT NULL,
  `absent_practical` tinyint(1) NOT NULL DEFAULT '0',
  `sorting_order` int(10) UNSIGNED NOT NULL,
  `status` tinyint(1) NOT NULL DEFAULT '1'
) ENGINE=InnoDB DEFAULT CHARSET=utf8mb4 COLLATE=utf8mb4_unicode_ci;

-- --------------------------------------------------------

--
-- Table structure for table `exam_modes`
--

CREATE TABLE `exam_modes` (
  `id` bigint(20) NOT NULL,
  `created_at` timestamp NULL DEFAULT NULL,
  `created_by` bigint(20) DEFAULT NULL,
  `updated_at` timestamp NULL DEFAULT NULL,
  `updated_by` bigint(15) DEFAULT NULL,
  `title` varchar(250) DEFAULT NULL,
  `description` varchar(250) DEFAULT NULL,
  `record_status` int(15) NOT NULL DEFAULT '1'
) ENGINE=InnoDB DEFAULT CHARSET=latin1;

--
-- Dumping data for table `exam_modes`
--

INSERT INTO `exam_modes` (`id`, `created_at`, `created_by`, `updated_at`, `updated_by`, `title`, `description`, `record_status`) VALUES
(1, '2020-06-30 08:44:00', 1, '2020-06-30 08:44:00', NULL, 'Online', 'Online Examination', 1),
(2, '2020-06-30 08:44:27', 1, '2020-06-30 08:44:27', NULL, 'Offline', 'Offline Examination', 1);

-- --------------------------------------------------------

--
-- Table structure for table `exam_question`
--

CREATE TABLE `exam_question` (
  `id` bigint(20) NOT NULL,
  `exam_id` bigint(20) DEFAULT NULL,
  `question_title` varchar(255) DEFAULT NULL,
  `question_description` varchar(255) DEFAULT NULL,
  `question_image` text,
  `question_type` varchar(255) DEFAULT NULL,
  `mark` varchar(100) DEFAULT NULL,
  `option_1` varchar(250) DEFAULT NULL,
  `option_2` varchar(250) DEFAULT NULL,
  `option_3` varchar(250) DEFAULT NULL,
  `option_4` varchar(250) DEFAULT NULL,
  `option_5` varchar(250) DEFAULT NULL,
  `option_6` varchar(250) DEFAULT NULL,
  `option_1_image` text,
  `option_2_image` text,
  `option_3_image` text,
  `option_4_image` text,
  `option_5_image` text,
  `option_6_image` text,
  `correct_answer` text,
  `record_status` int(11) NOT NULL DEFAULT '1',
  `is_required` int(11) DEFAULT '0' COMMENT '0=not 1=required',
  `created_at` timestamp NULL DEFAULT NULL,
  `created_by` bigint(20) DEFAULT NULL,
  `updated_by` bigint(15) DEFAULT NULL,
  `updated_at` timestamp NULL DEFAULT NULL
) ENGINE=InnoDB DEFAULT CHARSET=latin1;

--
-- Dumping data for table `exam_question`
--

INSERT INTO `exam_question` (`id`, `exam_id`, `question_title`, `question_description`, `question_image`, `question_type`, `mark`, `option_1`, `option_2`, `option_3`, `option_4`, `option_5`, `option_6`, `option_1_image`, `option_2_image`, `option_3_image`, `option_4_image`, `option_5_image`, `option_6_image`, `correct_answer`, `record_status`, `is_required`, `created_at`, `created_by`, `updated_by`, `updated_at`) VALUES
(1, 1, 'Ques.1', 'Test question???', NULL, '2', '50', 'O1', 'O2', 'O3', 'O4', NULL, NULL, NULL, NULL, NULL, NULL, NULL, NULL, 'option_3', 1, 1, '2020-07-24 16:48:35', 337, NULL, '2020-07-24 16:48:35'),
(2, 1, 'QUES2', 'QUES2 ??????', NULL, '2', '50', 'R1', 'R2', 'R3', 'R4', NULL, NULL, NULL, NULL, NULL, NULL, NULL, NULL, 'option_1', 1, 1, '2020-07-24 16:48:35', 337, NULL, '2020-07-24 16:48:35');

-- --------------------------------------------------------

--
-- Table structure for table `exam_question_answer`
--

CREATE TABLE `exam_question_answer` (
  `id` bigint(20) NOT NULL,
  `exam_id` bigint(20) DEFAULT NULL,
  `exam_question_id` bigint(20) DEFAULT NULL,
  `student_id` bigint(15) DEFAULT NULL,
  `obtained_mark` varchar(250) DEFAULT NULL,
  `option_1_answer` varchar(250) DEFAULT NULL,
  `option_2_answer` varchar(250) DEFAULT NULL,
  `option_3_answer` varchar(250) DEFAULT NULL,
  `option_4_answer` varchar(250) DEFAULT NULL,
  `option_5_answer` varchar(250) DEFAULT NULL,
  `option_6_answer` varchar(250) DEFAULT NULL,
  `option_1_image` text,
  `option_2_image` text,
  `option_3_image` text,
  `option_4_image` text,
  `option_5_image` text,
  `option_6_image` text,
  `record_status` int(11) NOT NULL DEFAULT '1',
  `created_at` timestamp NULL DEFAULT NULL,
  `created_by` bigint(20) DEFAULT NULL,
  `updated_by` bigint(15) DEFAULT NULL,
  `updated_at` timestamp NULL DEFAULT NULL
) ENGINE=InnoDB DEFAULT CHARSET=latin1;

--
-- Dumping data for table `exam_question_answer`
--

INSERT INTO `exam_question_answer` (`id`, `exam_id`, `exam_question_id`, `student_id`, `obtained_mark`, `option_1_answer`, `option_2_answer`, `option_3_answer`, `option_4_answer`, `option_5_answer`, `option_6_answer`, `option_1_image`, `option_2_image`, `option_3_image`, `option_4_image`, `option_5_image`, `option_6_image`, `record_status`, `created_at`, `created_by`, `updated_by`, `updated_at`) VALUES
(1, 1, 1, 1, '0', 'option_2', NULL, NULL, NULL, NULL, NULL, NULL, NULL, NULL, NULL, NULL, NULL, 1, '2020-07-24 17:00:17', 338, NULL, '2020-07-24 17:00:17'),
(2, 1, 2, 1, '50', 'option_1', NULL, NULL, NULL, NULL, NULL, NULL, NULL, NULL, NULL, NULL, NULL, 1, '2020-07-24 17:00:17', 338, NULL, '2020-07-24 17:00:17');

-- --------------------------------------------------------

--
-- Table structure for table `exam_schedules`
--

CREATE TABLE `exam_schedules` (
  `id` int(10) UNSIGNED NOT NULL,
  `created_at` timestamp NULL DEFAULT NULL,
  `updated_at` timestamp NULL DEFAULT NULL,
  `created_by` int(10) UNSIGNED NOT NULL,
  `last_updated_by` int(10) UNSIGNED DEFAULT NULL,
  `years_id` int(10) UNSIGNED NOT NULL,
  `months_id` int(10) UNSIGNED NOT NULL,
  `exams_id` int(10) UNSIGNED NOT NULL,
  `faculty_id` int(10) UNSIGNED NOT NULL,
  `semesters_id` int(10) UNSIGNED NOT NULL,
  `subjects_id` int(10) UNSIGNED NOT NULL,
  `date` datetime NOT NULL,
  `start_time` time NOT NULL,
  `end_time` time NOT NULL,
  `full_mark_theory` int(11) DEFAULT NULL,
  `pass_mark_theory` int(11) DEFAULT NULL,
  `full_mark_practical` int(11) DEFAULT NULL,
  `pass_mark_practical` int(11) DEFAULT NULL,
  `sorting_order` int(10) UNSIGNED NOT NULL,
  `publish_status` tinyint(1) NOT NULL DEFAULT '0',
  `status` tinyint(1) NOT NULL DEFAULT '1'
) ENGINE=InnoDB DEFAULT CHARSET=utf8mb4 COLLATE=utf8mb4_unicode_ci;

-- --------------------------------------------------------

--
-- Table structure for table `faculties`
--

CREATE TABLE `faculties` (
  `id` int(10) UNSIGNED NOT NULL,
  `created_at` timestamp NULL DEFAULT NULL,
  `updated_at` timestamp NULL DEFAULT NULL,
  `created_by` int(10) UNSIGNED NOT NULL,
  `last_updated_by` int(10) UNSIGNED DEFAULT NULL,
  `faculty` varchar(100) COLLATE utf8mb4_unicode_ci NOT NULL,
  `slug` varchar(100) COLLATE utf8mb4_unicode_ci NOT NULL,
  `short_name` varchar(100) COLLATE utf8mb4_unicode_ci DEFAULT NULL,
  `code` varchar(100) COLLATE utf8mb4_unicode_ci DEFAULT NULL,
  `course_type` int(11) DEFAULT NULL,
  `sea_type` int(11) DEFAULT NULL,
  `status` tinyint(1) NOT NULL DEFAULT '1',
  `branch_id` int(145) DEFAULT NULL,
  `org_id` int(151) DEFAULT NULL,
  `form_fees` bigint(20) DEFAULT NULL
) ENGINE=InnoDB DEFAULT CHARSET=utf8mb4 COLLATE=utf8mb4_unicode_ci;

--
-- Dumping data for table `faculties`
--

INSERT INTO `faculties` (`id`, `created_at`, `updated_at`, `created_by`, `last_updated_by`, `faculty`, `slug`, `short_name`, `code`, `course_type`, `sea_type`, `status`, `branch_id`, `org_id`, `form_fees`) VALUES
(1, '2020-07-24 16:08:24', '2020-07-24 17:37:18', 1, 337, 'B.SC PMC 1', 'B.SC-PMC-1', 'BSC.PMC1', 'BSC.PMC1', 11, NULL, 1, 1, 1, 0);

-- --------------------------------------------------------

--
-- Table structure for table `faculty_semester`
--

CREATE TABLE `faculty_semester` (
  `id` int(10) UNSIGNED NOT NULL,
  `created_at` timestamp NULL DEFAULT NULL,
  `updated_at` timestamp NULL DEFAULT NULL,
  `faculty_id` int(10) UNSIGNED NOT NULL,
  `semester_id` int(10) UNSIGNED NOT NULL
) ENGINE=InnoDB DEFAULT CHARSET=utf8mb4 COLLATE=utf8mb4_unicode_ci;

--
-- Dumping data for table `faculty_semester`
--

INSERT INTO `faculty_semester` (`id`, `created_at`, `updated_at`, `faculty_id`, `semester_id`) VALUES
(1, NULL, NULL, 1, 2);

-- --------------------------------------------------------

--
-- Table structure for table `fee_collections`
--

CREATE TABLE `fee_collections` (
  `id` int(10) UNSIGNED NOT NULL,
  `created_at` timestamp NULL DEFAULT NULL,
  `updated_at` timestamp NULL DEFAULT NULL,
  `created_by` int(10) UNSIGNED NOT NULL,
  `last_updated_by` int(10) UNSIGNED DEFAULT NULL,
  `students_id` int(10) UNSIGNED NOT NULL,
  `fee_masters_id` int(10) UNSIGNED NOT NULL,
  `date` datetime NOT NULL,
  `paid_amount` int(11) NOT NULL,
  `discount` int(11) DEFAULT NULL,
  `fine` int(11) DEFAULT NULL,
  `payment_mode` varchar(15) COLLATE utf8mb4_unicode_ci NOT NULL,
  `note` varchar(100) COLLATE utf8mb4_unicode_ci DEFAULT NULL,
  `response` text COLLATE utf8mb4_unicode_ci,
  `status` tinyint(1) NOT NULL DEFAULT '1',
  `onlinepayment_id` int(121) DEFAULT NULL
) ENGINE=InnoDB DEFAULT CHARSET=utf8mb4 COLLATE=utf8mb4_unicode_ci;

-- --------------------------------------------------------

--
-- Table structure for table `fee_heads`
--

CREATE TABLE `fee_heads` (
  `id` int(10) UNSIGNED NOT NULL,
  `parent_id` int(11) NOT NULL DEFAULT '0',
  `created_at` timestamp NULL DEFAULT NULL,
  `updated_at` timestamp NULL DEFAULT NULL,
  `created_by` int(10) UNSIGNED NOT NULL,
  `last_updated_by` int(10) UNSIGNED DEFAULT NULL,
  `fee_head_title` varchar(100) COLLATE utf8mb4_unicode_ci NOT NULL,
  `slug` varchar(100) COLLATE utf8mb4_unicode_ci NOT NULL,
  `status` tinyint(1) NOT NULL DEFAULT '1'
) ENGINE=InnoDB DEFAULT CHARSET=utf8mb4 COLLATE=utf8mb4_unicode_ci;

--
-- Dumping data for table `fee_heads`
--

INSERT INTO `fee_heads` (`id`, `parent_id`, `created_at`, `updated_at`, `created_by`, `last_updated_by`, `fee_head_title`, `slug`, `status`) VALUES
(1, 0, '2020-07-24 16:14:20', '2020-07-24 16:14:44', 1, 1, 'TUITION FEE', 'TUITION-FEE', 1);

-- --------------------------------------------------------

--
-- Table structure for table `fee_masters`
--

CREATE TABLE `fee_masters` (
  `id` int(10) UNSIGNED NOT NULL,
  `created_at` timestamp NULL DEFAULT NULL,
  `updated_at` timestamp NULL DEFAULT NULL,
  `created_by` int(10) UNSIGNED NOT NULL,
  `last_updated_by` int(10) UNSIGNED DEFAULT NULL,
  `students_id` int(10) UNSIGNED NOT NULL,
  `semester` varchar(100) COLLATE utf8mb4_unicode_ci NOT NULL,
  `fee_head` varchar(100) COLLATE utf8mb4_unicode_ci NOT NULL,
  `fee_due_date` datetime NOT NULL,
  `fee_amount` int(11) NOT NULL,
  `status` tinyint(1) NOT NULL DEFAULT '1'
) ENGINE=InnoDB DEFAULT CHARSET=utf8mb4 COLLATE=utf8mb4_unicode_ci;

-- --------------------------------------------------------

--
-- Table structure for table `follow_up_history`
--

CREATE TABLE `follow_up_history` (
  `id` int(50) NOT NULL,
  `created_at` timestamp NULL DEFAULT NULL,
  `created_by` int(40) DEFAULT NULL,
  `updated_at` timestamp NULL DEFAULT NULL,
  `updated_by` int(40) DEFAULT NULL,
  `call_log_id` int(15) DEFAULT NULL,
  `date` date NOT NULL,
  `note` varchar(100) DEFAULT NULL,
  `response` varchar(255) DEFAULT NULL,
  `call_duration` varchar(50) DEFAULT NULL,
  `next_follow_up` date DEFAULT NULL,
  `follow_up_status` int(10) DEFAULT NULL COMMENT '1=open,2=closed',
  `record_status` int(20) DEFAULT '1'
) ENGINE=InnoDB DEFAULT CHARSET=latin1;

-- --------------------------------------------------------

--
-- Table structure for table `food_categories`
--

CREATE TABLE `food_categories` (
  `id` int(10) UNSIGNED NOT NULL,
  `created_at` timestamp NULL DEFAULT NULL,
  `updated_at` timestamp NULL DEFAULT NULL,
  `created_by` int(10) UNSIGNED NOT NULL,
  `last_updated_by` int(10) UNSIGNED DEFAULT NULL,
  `title` varchar(50) COLLATE utf8mb4_unicode_ci NOT NULL,
  `status` tinyint(1) NOT NULL DEFAULT '1'
) ENGINE=InnoDB DEFAULT CHARSET=utf8mb4 COLLATE=utf8mb4_unicode_ci;

--
-- Dumping data for table `food_categories`
--

INSERT INTO `food_categories` (`id`, `created_at`, `updated_at`, `created_by`, `last_updated_by`, `title`, `status`) VALUES
(1, '2019-10-11 16:18:38', '2019-10-11 16:20:09', 1, 1, 'VEG', 1),
(2, '2019-10-11 16:18:45', '2019-10-11 16:18:45', 1, NULL, 'NON. VEG.', 1);

-- --------------------------------------------------------

--
-- Table structure for table `food_items`
--

CREATE TABLE `food_items` (
  `id` int(10) UNSIGNED NOT NULL,
  `created_at` timestamp NULL DEFAULT NULL,
  `updated_at` timestamp NULL DEFAULT NULL,
  `created_by` int(10) UNSIGNED NOT NULL,
  `last_updated_by` int(10) UNSIGNED DEFAULT NULL,
  `foodCategories_id` int(10) UNSIGNED NOT NULL,
  `title` varchar(50) COLLATE utf8mb4_unicode_ci NOT NULL,
  `price` int(11) DEFAULT NULL,
  `image` text COLLATE utf8mb4_unicode_ci,
  `description` varchar(100) COLLATE utf8mb4_unicode_ci DEFAULT NULL,
  `status` tinyint(1) NOT NULL DEFAULT '1'
) ENGINE=InnoDB DEFAULT CHARSET=utf8mb4 COLLATE=utf8mb4_unicode_ci;

--
-- Dumping data for table `food_items`
--

INSERT INTO `food_items` (`id`, `created_at`, `updated_at`, `created_by`, `last_updated_by`, `foodCategories_id`, `title`, `price`, `image`, `description`, `status`) VALUES
(1, '2019-10-11 16:20:41', '2019-10-11 16:20:41', 1, NULL, 1, 'Bread', 10, '', '10 Per Pcs', 1);

-- --------------------------------------------------------

--
-- Table structure for table `food_item_food_schedule`
--

CREATE TABLE `food_item_food_schedule` (
  `id` int(10) UNSIGNED NOT NULL,
  `created_at` timestamp NULL DEFAULT NULL,
  `updated_at` timestamp NULL DEFAULT NULL,
  `food_schedule_id` int(10) UNSIGNED NOT NULL,
  `food_item_id` int(10) UNSIGNED NOT NULL,
  `status` tinyint(1) NOT NULL DEFAULT '1'
) ENGINE=InnoDB DEFAULT CHARSET=utf8mb4 COLLATE=utf8mb4_unicode_ci;

--
-- Dumping data for table `food_item_food_schedule`
--

INSERT INTO `food_item_food_schedule` (`id`, `created_at`, `updated_at`, `food_schedule_id`, `food_item_id`, `status`) VALUES
(1, NULL, NULL, 1, 1, 1);

-- --------------------------------------------------------

--
-- Table structure for table `food_schedules`
--

CREATE TABLE `food_schedules` (
  `id` int(10) UNSIGNED NOT NULL,
  `created_at` timestamp NULL DEFAULT NULL,
  `updated_at` timestamp NULL DEFAULT NULL,
  `created_by` int(10) UNSIGNED NOT NULL,
  `last_updated_by` int(10) UNSIGNED DEFAULT NULL,
  `hostels_id` int(10) UNSIGNED NOT NULL,
  `days_id` int(10) UNSIGNED NOT NULL,
  `eating_times_id` int(10) UNSIGNED NOT NULL,
  `status` tinyint(1) NOT NULL DEFAULT '1'
) ENGINE=InnoDB DEFAULT CHARSET=utf8mb4 COLLATE=utf8mb4_unicode_ci;

--
-- Dumping data for table `food_schedules`
--

INSERT INTO `food_schedules` (`id`, `created_at`, `updated_at`, `created_by`, `last_updated_by`, `hostels_id`, `days_id`, `eating_times_id`, `status`) VALUES
(1, '2019-10-11 16:22:17', '2019-10-11 16:22:17', 1, NULL, 1, 2, 1, 1);

-- --------------------------------------------------------

--
-- Table structure for table `general_settings`
--

CREATE TABLE `general_settings` (
  `id` int(10) UNSIGNED NOT NULL,
  `created_at` timestamp NULL DEFAULT NULL,
  `updated_at` timestamp NULL DEFAULT NULL,
  `created_by` int(10) UNSIGNED NOT NULL,
  `last_updated_by` int(10) UNSIGNED DEFAULT NULL,
  `institute` varchar(100) COLLATE utf8mb4_unicode_ci NOT NULL,
  `salogan` varchar(100) COLLATE utf8mb4_unicode_ci DEFAULT NULL,
  `address` text COLLATE utf8mb4_unicode_ci NOT NULL,
  `phone` varchar(100) COLLATE utf8mb4_unicode_ci DEFAULT NULL,
  `email` varchar(100) COLLATE utf8mb4_unicode_ci DEFAULT NULL,
  `website` varchar(100) COLLATE utf8mb4_unicode_ci DEFAULT NULL,
  `favicon` text COLLATE utf8mb4_unicode_ci,
  `logo` text COLLATE utf8mb4_unicode_ci,
  `print_header` text COLLATE utf8mb4_unicode_ci,
  `print_footer` text COLLATE utf8mb4_unicode_ci,
  `receipt_footer` text COLLATE utf8mb4_unicode_ci,
  `facebook` varchar(100) COLLATE utf8mb4_unicode_ci DEFAULT NULL,
  `twitter` varchar(100) COLLATE utf8mb4_unicode_ci DEFAULT NULL,
  `linkedIn` varchar(100) COLLATE utf8mb4_unicode_ci DEFAULT NULL,
  `youtube` varchar(100) COLLATE utf8mb4_unicode_ci DEFAULT NULL,
  `googlePlus` varchar(100) COLLATE utf8mb4_unicode_ci DEFAULT NULL,
  `instagram` varchar(100) COLLATE utf8mb4_unicode_ci DEFAULT NULL,
  `whatsApp` varchar(100) COLLATE utf8mb4_unicode_ci DEFAULT NULL,
  `skype` varchar(100) COLLATE utf8mb4_unicode_ci DEFAULT NULL,
  `pinterest` varchar(100) COLLATE utf8mb4_unicode_ci DEFAULT NULL,
  `wordpress` varchar(100) COLLATE utf8mb4_unicode_ci DEFAULT NULL,
  `online_admission_session` varchar(100) COLLATE utf8mb4_unicode_ci DEFAULT NULL,
  `online_admission_min_pay` int(11) DEFAULT NULL,
  `status` tinyint(1) NOT NULL DEFAULT '1'
) ENGINE=InnoDB DEFAULT CHARSET=utf8mb4 COLLATE=utf8mb4_unicode_ci;

--
-- Dumping data for table `general_settings`
--

INSERT INTO `general_settings` (`id`, `created_at`, `updated_at`, `created_by`, `last_updated_by`, `institute`, `salogan`, `address`, `phone`, `email`, `website`, `favicon`, `logo`, `print_header`, `print_footer`, `receipt_footer`, `facebook`, `twitter`, `linkedIn`, `youtube`, `googlePlus`, `instagram`, `whatsApp`, `skype`, `pinterest`, `wordpress`, `online_admission_session`, `online_admission_min_pay`, `status`) VALUES
(1, '2020-06-20 11:39:05', '2020-07-22 02:25:25', 1, 1, 'Swami Atulanand College', 'Swami Atulanand College', '15 km Milestone NH-56 Airport Road, Babatpur, Varanasi (U.P.)', '0542-2623018', 'info@sheatcollege.com', 'https://www.sheatcollege.com/', '', '', '<h3 style=\"color: rgb(0, 0, 0); text-align: right;\"><span style=\"font-weight: 700;\">SHEAT College of Institutions</span><br></h3><h3 style=\"text-align: right;\"><p style=\"font-family: \"Open Sans\"; font-size: 13px;\"></p><div style=\"font-family: \"Open Sans\"; font-size: 13px;\"><span style=\"color: rgb(136, 136, 136); font-family: Verdana, Geneva, sans-serif; font-size: 19px; text-align: justify;\">CITY OFFICE </span></div><span style=\"font-family: \"Open Sans\"; font-size: 13px; text-align: justify;\"><div style=\"text-align: right;\"><span style=\"font-size: 14px; color: rgb(136, 136, 136); font-family: Verdana, Geneva, sans-serif;\">Bhojuveer </span></div></span><p style=\"font-family: \"Open Sans\"; font-size: 13px; text-align: start;\"></p><div style=\"font-family: \"Open Sans\"; font-size: 13px;\"><font color=\"#888888\" face=\"Verdana, Geneva, sans-serif\"><span style=\"font-size: 14px;\">Varanasi</span></font></div><span style=\"color: rgb(136, 136, 136); font-family: Verdana, Geneva, sans-serif; font-size: 14px; text-align: justify;\"><div style=\"text-align: right;\">Telephone : 0542-2623018</div></span><span style=\"color: rgb(136, 136, 136); font-family: Verdana, Geneva, sans-serif; font-size: 14px; text-align: justify;\"><div style=\"text-align: right;\">E-mail : info@sheatcollege.com</div></span></h3><h3 style=\"text-align: right;\"><br></h3><p></p>', NULL, NULL, NULL, NULL, NULL, NULL, NULL, NULL, NULL, NULL, NULL, NULL, '5', 10, 1);

-- --------------------------------------------------------

--
-- Table structure for table `grading_scales`
--

CREATE TABLE `grading_scales` (
  `id` int(10) UNSIGNED NOT NULL,
  `created_at` timestamp NULL DEFAULT NULL,
  `updated_at` timestamp NULL DEFAULT NULL,
  `created_by` int(10) UNSIGNED NOT NULL,
  `last_updated_by` int(10) UNSIGNED DEFAULT NULL,
  `gradingType_id` int(10) UNSIGNED NOT NULL,
  `name` varchar(2) COLLATE utf8mb4_unicode_ci NOT NULL,
  `percentage_from` int(11) NOT NULL,
  `percentage_to` int(11) NOT NULL,
  `grade_point` int(11) DEFAULT NULL,
  `description` varchar(100) COLLATE utf8mb4_unicode_ci DEFAULT NULL,
  `status` tinyint(1) NOT NULL DEFAULT '1'
) ENGINE=InnoDB DEFAULT CHARSET=utf8mb4 COLLATE=utf8mb4_unicode_ci;

--
-- Dumping data for table `grading_scales`
--

INSERT INTO `grading_scales` (`id`, `created_at`, `updated_at`, `created_by`, `last_updated_by`, `gradingType_id`, `name`, `percentage_from`, `percentage_to`, `grade_point`, `description`, `status`) VALUES
(1, '2018-08-28 22:25:39', '2018-08-28 22:25:39', 1, NULL, 1, 'A+', 81, 100, 7, NULL, 1),
(2, '2018-08-28 22:25:39', '2018-08-28 22:25:39', 1, NULL, 1, 'A', 61, 80, 5, NULL, 1),
(3, '2018-08-28 22:25:39', '2018-08-28 22:25:39', 1, NULL, 1, 'B+', 41, 60, 4, NULL, 1),
(4, '2018-08-28 22:25:39', '2018-08-28 22:25:39', 1, NULL, 1, 'B', 31, 40, 3, NULL, 1),
(5, '2018-08-28 22:25:39', '2018-08-28 22:25:39', 1, NULL, 1, 'C', 21, 30, 2, NULL, 1),
(6, '2018-08-28 22:25:39', '2018-08-28 22:25:39', 1, NULL, 1, 'D', 1, 20, 1, NULL, 1);

-- --------------------------------------------------------

--
-- Table structure for table `grading_types`
--

CREATE TABLE `grading_types` (
  `id` int(10) UNSIGNED NOT NULL,
  `created_at` timestamp NULL DEFAULT NULL,
  `updated_at` timestamp NULL DEFAULT NULL,
  `created_by` int(10) UNSIGNED NOT NULL,
  `last_updated_by` int(10) UNSIGNED DEFAULT NULL,
  `title` varchar(50) COLLATE utf8mb4_unicode_ci NOT NULL,
  `slug` varchar(50) COLLATE utf8mb4_unicode_ci NOT NULL,
  `status` tinyint(1) NOT NULL DEFAULT '1'
) ENGINE=InnoDB DEFAULT CHARSET=utf8mb4 COLLATE=utf8mb4_unicode_ci;

--
-- Dumping data for table `grading_types`
--

INSERT INTO `grading_types` (`id`, `created_at`, `updated_at`, `created_by`, `last_updated_by`, `title`, `slug`, `status`) VALUES
(1, '2018-08-28 22:25:39', '2018-08-28 22:25:39', 1, NULL, 'University Level', 'University-Level', 1);

-- --------------------------------------------------------

--
-- Table structure for table `guardian_details`
--

CREATE TABLE `guardian_details` (
  `id` int(10) UNSIGNED NOT NULL,
  `created_at` timestamp NULL DEFAULT NULL,
  `updated_at` timestamp NULL DEFAULT NULL,
  `created_by` int(10) UNSIGNED NOT NULL,
  `last_updated_by` int(10) UNSIGNED DEFAULT NULL,
  `guardian_first_name` varchar(151) COLLATE utf8mb4_unicode_ci DEFAULT NULL,
  `guardian_middle_name` varchar(15) COLLATE utf8mb4_unicode_ci DEFAULT NULL,
  `guardian_last_name` varchar(15) COLLATE utf8mb4_unicode_ci DEFAULT NULL,
  `guardian_eligibility` varchar(50) COLLATE utf8mb4_unicode_ci DEFAULT NULL,
  `guardian_occupation` varchar(50) COLLATE utf8mb4_unicode_ci DEFAULT NULL,
  `guardian_office` varchar(100) COLLATE utf8mb4_unicode_ci DEFAULT NULL,
  `guardian_office_number` varchar(15) COLLATE utf8mb4_unicode_ci DEFAULT NULL,
  `guardian_residence_number` varchar(15) COLLATE utf8mb4_unicode_ci DEFAULT NULL,
  `guardian_mobile_1` varchar(15) COLLATE utf8mb4_unicode_ci DEFAULT NULL,
  `guardian_mobile_2` varchar(15) COLLATE utf8mb4_unicode_ci DEFAULT NULL,
  `guardian_email` varchar(100) COLLATE utf8mb4_unicode_ci DEFAULT NULL,
  `guardian_relation` varchar(100) COLLATE utf8mb4_unicode_ci DEFAULT NULL,
  `guardian_address` varchar(100) COLLATE utf8mb4_unicode_ci DEFAULT NULL,
  `guardian_image` text COLLATE utf8mb4_unicode_ci,
  `status` tinyint(1) NOT NULL DEFAULT '1'
) ENGINE=InnoDB DEFAULT CHARSET=utf8mb4 COLLATE=utf8mb4_unicode_ci;

-- --------------------------------------------------------

--
-- Table structure for table `handicaps`
--

CREATE TABLE `handicaps` (
  `id` int(20) NOT NULL,
  `created_at` timestamp NULL DEFAULT NULL,
  `created_by` int(20) DEFAULT NULL,
  `updated_at` timestamp NULL DEFAULT NULL,
  `updated_by` int(20) DEFAULT NULL,
  `amount` int(20) DEFAULT NULL,
  `title` varchar(100) DEFAULT NULL,
  `record_status` int(20) NOT NULL DEFAULT '1'
) ENGINE=InnoDB DEFAULT CHARSET=latin1;

-- --------------------------------------------------------

--
-- Table structure for table `hostels`
--

CREATE TABLE `hostels` (
  `id` int(10) UNSIGNED NOT NULL,
  `created_at` timestamp NULL DEFAULT NULL,
  `updated_at` timestamp NULL DEFAULT NULL,
  `created_by` int(10) UNSIGNED NOT NULL,
  `last_updated_by` int(10) UNSIGNED DEFAULT NULL,
  `name` varchar(50) COLLATE utf8mb4_unicode_ci NOT NULL,
  `type` varchar(10) COLLATE utf8mb4_unicode_ci NOT NULL,
  `address` varchar(50) COLLATE utf8mb4_unicode_ci DEFAULT NULL,
  `contact_detail` text COLLATE utf8mb4_unicode_ci,
  `warden` varchar(50) COLLATE utf8mb4_unicode_ci DEFAULT NULL,
  `warden_contact` varchar(15) COLLATE utf8mb4_unicode_ci DEFAULT NULL,
  `description` text COLLATE utf8mb4_unicode_ci,
  `status` tinyint(1) NOT NULL DEFAULT '1',
  `branch_id` bigint(50) UNSIGNED NOT NULL
) ENGINE=InnoDB DEFAULT CHARSET=utf8mb4 COLLATE=utf8mb4_unicode_ci;

-- --------------------------------------------------------

--
-- Table structure for table `hostel_blocks`
--

CREATE TABLE `hostel_blocks` (
  `id` int(10) UNSIGNED NOT NULL,
  `created_at` timestamp NOT NULL DEFAULT CURRENT_TIMESTAMP ON UPDATE CURRENT_TIMESTAMP,
  `updated_at` timestamp NULL DEFAULT NULL,
  `created_by` int(10) UNSIGNED NOT NULL,
  `last_updated_by` int(10) UNSIGNED DEFAULT NULL,
  `hostel_id` int(25) DEFAULT NULL,
  `title` varchar(255) COLLATE utf8mb4_unicode_ci NOT NULL,
  `status` tinyint(1) NOT NULL DEFAULT '1'
) ENGINE=InnoDB DEFAULT CHARSET=utf8mb4 COLLATE=utf8mb4_unicode_ci;

-- --------------------------------------------------------

--
-- Table structure for table `hostel_floors`
--

CREATE TABLE `hostel_floors` (
  `id` int(10) UNSIGNED NOT NULL,
  `created_at` timestamp NOT NULL DEFAULT CURRENT_TIMESTAMP,
  `updated_at` timestamp NULL DEFAULT NULL,
  `created_by` int(10) UNSIGNED NOT NULL,
  `last_updated_by` int(10) UNSIGNED DEFAULT NULL,
  `hostel_id` int(25) DEFAULT NULL,
  `block_id` int(25) DEFAULT NULL,
  `title` varchar(10) COLLATE utf8mb4_unicode_ci NOT NULL,
  `status` tinyint(1) NOT NULL DEFAULT '1'
) ENGINE=InnoDB DEFAULT CHARSET=utf8mb4 COLLATE=utf8mb4_unicode_ci;

-- --------------------------------------------------------

--
-- Table structure for table `hostel_meals`
--

CREATE TABLE `hostel_meals` (
  `id` int(10) UNSIGNED NOT NULL,
  `created_at` timestamp NULL DEFAULT NULL,
  `updated_at` timestamp NULL DEFAULT NULL,
  `created_by` int(10) UNSIGNED NOT NULL,
  `last_updated_by` int(10) UNSIGNED DEFAULT NULL,
  `hostels_id` int(10) UNSIGNED NOT NULL,
  `days_id` int(10) UNSIGNED NOT NULL,
  `foods_id` int(10) UNSIGNED NOT NULL,
  `status` tinyint(1) NOT NULL DEFAULT '1'
) ENGINE=InnoDB DEFAULT CHARSET=utf8mb4 COLLATE=utf8mb4_unicode_ci;

-- --------------------------------------------------------

--
-- Table structure for table `inventory_brands`
--

CREATE TABLE `inventory_brands` (
  `id` int(11) NOT NULL,
  `created_at` timestamp NULL DEFAULT NULL,
  `created_by` int(11) DEFAULT NULL,
  `updated_at` timestamp NULL DEFAULT NULL,
  `updated_by` int(11) DEFAULT NULL,
  `title` varchar(200) DEFAULT NULL,
  `description` varchar(200) DEFAULT NULL,
  `record_status` int(11) NOT NULL DEFAULT '1'
) ENGINE=InnoDB DEFAULT CHARSET=latin1;

--
-- Dumping data for table `inventory_brands`
--

INSERT INTO `inventory_brands` (`id`, `created_at`, `created_by`, `updated_at`, `updated_by`, `title`, `description`, `record_status`) VALUES
(1, '2020-05-07 22:26:25', 21, '2020-05-07 22:26:25', NULL, 'HP', NULL, 1),
(2, '2020-05-18 21:58:57', 21, '2020-05-18 21:58:57', NULL, 'polycab', 'POLY CAB', 1),
(3, '2020-05-23 23:26:03', 21, '2020-05-23 23:26:03', NULL, 'NEERON', NULL, 1);

-- --------------------------------------------------------

--
-- Table structure for table `inventory_categories`
--

CREATE TABLE `inventory_categories` (
  `id` int(11) NOT NULL,
  `created_by` int(11) DEFAULT NULL,
  `created_at` timestamp NULL DEFAULT NULL,
  `updated_by` int(11) DEFAULT NULL,
  `updated_at` timestamp NULL DEFAULT NULL,
  `title` varchar(200) DEFAULT NULL,
  `parent_id` int(11) DEFAULT NULL,
  `description` varchar(200) DEFAULT NULL,
  `record_status` int(11) NOT NULL DEFAULT '1'
) ENGINE=InnoDB DEFAULT CHARSET=latin1;

--
-- Dumping data for table `inventory_categories`
--

INSERT INTO `inventory_categories` (`id`, `created_by`, `created_at`, `updated_by`, `updated_at`, `title`, `parent_id`, `description`, `record_status`) VALUES
(1, 21, '2020-05-18 21:59:22', NULL, '2020-05-18 21:59:22', 'FARRATA FAN', 0, NULL, 1),
(2, 21, '2020-05-23 23:27:07', NULL, '2020-05-23 23:27:07', 'CLEANING GOODS', 0, NULL, 1);

-- --------------------------------------------------------

--
-- Table structure for table `inventory_gst`
--

CREATE TABLE `inventory_gst` (
  `id` int(11) NOT NULL,
  `created_by` int(11) DEFAULT NULL,
  `created_at` timestamp NULL DEFAULT NULL,
  `updated_by` int(11) DEFAULT NULL,
  `updated_at` timestamp NULL DEFAULT NULL,
  `title` varchar(200) DEFAULT NULL,
  `value` int(11) DEFAULT NULL,
  `record_status` int(11) NOT NULL DEFAULT '1'
) ENGINE=InnoDB DEFAULT CHARSET=latin1;

-- --------------------------------------------------------

--
-- Table structure for table `inventory_labels`
--

CREATE TABLE `inventory_labels` (
  `id` int(11) NOT NULL,
  `created_by` int(11) DEFAULT NULL,
  `created_at` timestamp NULL DEFAULT NULL,
  `updated_by` int(11) DEFAULT NULL,
  `updated_at` timestamp NULL DEFAULT NULL,
  `title` varchar(200) DEFAULT NULL,
  `description` varchar(200) DEFAULT NULL,
  `record_status` int(11) NOT NULL DEFAULT '1'
) ENGINE=InnoDB DEFAULT CHARSET=latin1;

--
-- Dumping data for table `inventory_labels`
--

INSERT INTO `inventory_labels` (`id`, `created_by`, `created_at`, `updated_by`, `updated_at`, `title`, `description`, `record_status`) VALUES
(1, 21, '2020-05-23 23:32:50', NULL, '2020-05-23 23:32:50', 'NONE', NULL, 1);

-- --------------------------------------------------------

--
-- Table structure for table `inventory_products`
--

CREATE TABLE `inventory_products` (
  `id` int(11) NOT NULL,
  `created_by` int(11) DEFAULT NULL,
  `created_at` timestamp NULL DEFAULT NULL,
  `updated_by` int(11) DEFAULT NULL,
  `updated_at` timestamp NULL DEFAULT NULL,
  `title` varchar(200) DEFAULT NULL,
  `brand_id` int(11) DEFAULT NULL,
  `unit_id` int(11) DEFAULT NULL,
  `category_id` int(11) DEFAULT NULL,
  `sku` varchar(150) DEFAULT NULL,
  `isbn` varchar(200) DEFAULT NULL,
  `alert_quantity` varchar(200) DEFAULT NULL,
  `sub_category` int(11) DEFAULT NULL,
  `price` varchar(200) DEFAULT NULL,
  `gst` varchar(200) DEFAULT NULL,
  `amount` varchar(200) DEFAULT NULL,
  `record_status` int(11) NOT NULL DEFAULT '1'
) ENGINE=InnoDB DEFAULT CHARSET=latin1;

--
-- Dumping data for table `inventory_products`
--

INSERT INTO `inventory_products` (`id`, `created_by`, `created_at`, `updated_by`, `updated_at`, `title`, `brand_id`, `unit_id`, `category_id`, `sku`, `isbn`, `alert_quantity`, `sub_category`, `price`, `gst`, `amount`, `record_status`) VALUES
(1, 21, '2020-05-18 22:00:11', 21, '2020-05-18 22:03:32', 'FARRATA FAN & WIRE', 2, 1, 1, NULL, NULL, '1', NULL, '3700', NULL, '3700', 1),
(2, 21, '2020-05-23 23:33:53', 21, '2020-05-24 00:02:53', 'WHITE FENIAL', 3, 2, 2, NULL, NULL, '50', NULL, '2725', NULL, '2725', 1),
(3, 21, '2020-05-23 23:39:22', 21, '2020-05-24 00:03:07', 'FLOOR CLEANEAR', 3, 2, 2, NULL, NULL, '40', NULL, '4720', NULL, '4720', 1),
(4, 21, '2020-05-23 23:50:11', 21, '2020-05-24 00:03:22', 'HARPIC BLUE', 3, 2, 2, NULL, NULL, '15', NULL, '1700', NULL, '1700', 1),
(5, 21, '2020-05-23 23:51:18', 21, '2020-05-24 00:03:37', 'ACID', 3, 2, 2, NULL, NULL, '10', NULL, '400', NULL, '400', 1),
(6, 21, '2020-05-23 23:52:27', 21, '2020-05-24 00:05:13', 'ODONILE', 3, 1, 2, NULL, NULL, '9', NULL, '450', NULL, '450', 1),
(7, 21, '2020-05-23 23:53:32', 21, '2020-05-24 00:05:26', 'VIM BAR', 3, 1, 2, NULL, NULL, '10', NULL, '150', NULL, '150', 1),
(8, 21, '2020-05-23 23:54:57', 21, '2020-05-24 00:05:01', 'FULL  BROOM', 3, 1, 2, NULL, NULL, '5', NULL, '450', NULL, '450', 1),
(9, 21, '2020-05-23 23:56:17', 21, '2020-05-24 00:04:44', 'CLOTH VIPER', 3, 1, 2, NULL, NULL, '12', NULL, '300', NULL, '300', 1),
(10, 21, '2020-05-23 23:57:28', 21, '2020-05-24 00:04:27', 'RUBBER VIPER', 3, 1, 2, NULL, NULL, '10', NULL, '1700', NULL, '1700', 1),
(11, 21, '2020-05-23 23:58:54', 21, '2020-05-24 00:04:12', 'HAND WASH', 3, 2, 2, NULL, NULL, '5', NULL, '550', NULL, '550', 1);

-- --------------------------------------------------------

--
-- Table structure for table `inventory_purchase`
--

CREATE TABLE `inventory_purchase` (
  `id` int(11) NOT NULL,
  `created_at` timestamp NULL DEFAULT NULL,
  `created_by` int(11) DEFAULT NULL,
  `updated_at` timestamp NULL DEFAULT NULL,
  `updated_by` int(11) DEFAULT NULL,
  `product_id` int(11) DEFAULT NULL,
  `supplier_id` int(11) DEFAULT NULL,
  `reference` varchar(200) DEFAULT NULL,
  `purchase_date` date DEFAULT NULL,
  `purchase_status` int(11) DEFAULT NULL,
  `quantity` varchar(150) DEFAULT NULL,
  `unit_price` bigint(11) DEFAULT NULL,
  `record_status` int(11) NOT NULL DEFAULT '1'
) ENGINE=InnoDB DEFAULT CHARSET=latin1;

-- --------------------------------------------------------

--
-- Table structure for table `inventory_purchase_status`
--

CREATE TABLE `inventory_purchase_status` (
  `id` int(11) NOT NULL,
  `created_by` int(11) DEFAULT NULL,
  `created_at` timestamp NULL DEFAULT NULL,
  `updated_by` int(11) DEFAULT NULL,
  `updated_at` timestamp NULL DEFAULT NULL,
  `title` varchar(200) DEFAULT NULL,
  `description` varchar(200) DEFAULT NULL,
  `record_status` int(11) NOT NULL DEFAULT '1'
) ENGINE=InnoDB DEFAULT CHARSET=latin1;

-- --------------------------------------------------------

--
-- Table structure for table `inventory_suppliers`
--

CREATE TABLE `inventory_suppliers` (
  `id` int(11) NOT NULL,
  `created_at` timestamp NULL DEFAULT NULL,
  `created_by` int(11) DEFAULT NULL,
  `updated_at` timestamp NULL DEFAULT NULL,
  `updated_by` int(11) DEFAULT NULL,
  `gstin` varchar(150) DEFAULT NULL,
  `name` varchar(250) DEFAULT NULL,
  `email` varchar(250) DEFAULT NULL,
  `mobile` varchar(200) DEFAULT NULL,
  `address` varchar(250) DEFAULT NULL,
  `alternate_mobile` varchar(200) DEFAULT NULL,
  `record_status` int(11) DEFAULT '1'
) ENGINE=InnoDB DEFAULT CHARSET=latin1;

--
-- Dumping data for table `inventory_suppliers`
--

INSERT INTO `inventory_suppliers` (`id`, `created_at`, `created_by`, `updated_at`, `updated_by`, `gstin`, `name`, `email`, `mobile`, `address`, `alternate_mobile`, `record_status`) VALUES
(1, '2020-05-18 21:57:19', 21, '2020-05-18 21:57:19', NULL, NULL, 'TARNA ENTERPRISE', 'test@test.com', '0542221003', 'TARNA ENTERPRISE', '0542221003', 1),
(2, '2020-05-23 23:14:02', 21, '2020-05-23 23:14:02', NULL, NULL, 'NEERON', NULL, '9598072849', 'VARANASI', '9598072849', 1);

-- --------------------------------------------------------

--
-- Table structure for table `inventory_units`
--

CREATE TABLE `inventory_units` (
  `id` int(11) NOT NULL,
  `created_by` int(11) DEFAULT NULL,
  `created_at` timestamp NULL DEFAULT NULL,
  `updated_by` int(11) DEFAULT NULL,
  `updated_at` timestamp NULL DEFAULT NULL,
  `title` varchar(200) DEFAULT NULL,
  `description` varchar(200) DEFAULT NULL,
  `record_status` int(11) NOT NULL DEFAULT '1'
) ENGINE=InnoDB DEFAULT CHARSET=latin1;

--
-- Dumping data for table `inventory_units`
--

INSERT INTO `inventory_units` (`id`, `created_by`, `created_at`, `updated_by`, `updated_at`, `title`, `description`, `record_status`) VALUES
(1, 21, '2020-05-07 22:27:24', NULL, '2020-05-07 22:27:24', 'PCS', NULL, 1),
(2, 21, '2020-05-23 23:26:22', NULL, '2020-05-23 23:26:22', 'LTR', NULL, 1);

-- --------------------------------------------------------

--
-- Table structure for table `library_circulations`
--

CREATE TABLE `library_circulations` (
  `id` int(10) UNSIGNED NOT NULL,
  `created_at` timestamp NULL DEFAULT NULL,
  `updated_at` timestamp NULL DEFAULT NULL,
  `created_by` int(10) UNSIGNED NOT NULL,
  `last_updated_by` int(10) UNSIGNED DEFAULT NULL,
  `user_type` varchar(100) COLLATE utf8mb4_unicode_ci NOT NULL,
  `slug` varchar(100) COLLATE utf8mb4_unicode_ci NOT NULL,
  `code_prefix` varchar(50) COLLATE utf8mb4_unicode_ci NOT NULL,
  `issue_limit_days` int(10) UNSIGNED DEFAULT NULL,
  `issue_limit_books` int(10) UNSIGNED DEFAULT NULL,
  `fine_per_day` int(10) UNSIGNED DEFAULT NULL,
  `status` tinyint(1) NOT NULL DEFAULT '1'
) ENGINE=InnoDB DEFAULT CHARSET=utf8mb4 COLLATE=utf8mb4_unicode_ci;

-- --------------------------------------------------------

--
-- Table structure for table `library_members`
--

CREATE TABLE `library_members` (
  `id` int(10) UNSIGNED NOT NULL,
  `created_at` timestamp NULL DEFAULT NULL,
  `updated_at` timestamp NULL DEFAULT NULL,
  `created_by` int(10) UNSIGNED NOT NULL,
  `last_updated_by` int(10) UNSIGNED DEFAULT NULL,
  `user_type` int(10) UNSIGNED NOT NULL,
  `member_id` int(10) UNSIGNED NOT NULL,
  `status` tinyint(1) NOT NULL DEFAULT '1'
) ENGINE=InnoDB DEFAULT CHARSET=utf8mb4 COLLATE=utf8mb4_unicode_ci;

-- --------------------------------------------------------

--
-- Table structure for table `live_class_attendance`
--

CREATE TABLE `live_class_attendance` (
  `id` bigint(20) NOT NULL,
  `created_at` timestamp NULL DEFAULT NULL,
  `attendance_date` date DEFAULT NULL,
  `meeting_id` bigint(20) DEFAULT NULL,
  `student_id` bigint(20) DEFAULT NULL,
  `attendance_status` int(20) DEFAULT NULL
) ENGINE=InnoDB DEFAULT CHARSET=latin1;

-- --------------------------------------------------------

--
-- Table structure for table `migrations`
--

CREATE TABLE `migrations` (
  `id` int(10) UNSIGNED NOT NULL,
  `migration` varchar(191) COLLATE utf8mb4_unicode_ci NOT NULL,
  `batch` int(11) NOT NULL
) ENGINE=InnoDB DEFAULT CHARSET=utf8mb4 COLLATE=utf8mb4_unicode_ci;

-- --------------------------------------------------------

--
-- Table structure for table `miscellaneous_collect_fee`
--

CREATE TABLE `miscellaneous_collect_fee` (
  `id` bigint(20) NOT NULL,
  `reciept_no` varchar(22) NOT NULL,
  `student_id` bigint(25) DEFAULT NULL,
  `assign_fee_id` int(11) DEFAULT NULL,
  `amount_paid` varchar(11) NOT NULL,
  `discount` varchar(11) DEFAULT NULL,
  `discount_status` varchar(20) DEFAULT NULL,
  `discount_comment` varchar(250) DEFAULT NULL,
  `approve_reject_at` timestamp NULL DEFAULT NULL,
  `approve_reject_by` int(15) DEFAULT NULL,
  `old_discount_data` text,
  `fine` bigint(20) NOT NULL DEFAULT '0',
  `remarks` varchar(111) DEFAULT NULL,
  `created_at` timestamp NOT NULL DEFAULT CURRENT_TIMESTAMP ON UPDATE CURRENT_TIMESTAMP,
  `reciept_date` timestamp NULL DEFAULT NULL,
  `updated_at` timestamp NULL DEFAULT CURRENT_TIMESTAMP,
  `payment_type` varchar(55) DEFAULT NULL,
  `reference` varchar(55) DEFAULT NULL,
  `created_by` int(11) DEFAULT NULL,
  `status` tinyint(4) DEFAULT '1'
) ENGINE=InnoDB DEFAULT CHARSET=utf8;

-- --------------------------------------------------------

--
-- Table structure for table `miscellaneous_collect_fee_log`
--

CREATE TABLE `miscellaneous_collect_fee_log` (
  `id` bigint(50) NOT NULL,
  `collect_fee_id` bigint(20) NOT NULL,
  `reciept_no` varchar(22) NOT NULL,
  `student_id` bigint(25) DEFAULT NULL,
  `assign_fee_id` int(11) DEFAULT NULL,
  `amount_paid` varchar(11) NOT NULL,
  `discount` varchar(11) DEFAULT NULL,
  `discount_status` varchar(20) DEFAULT NULL,
  `discount_comment` varchar(20) DEFAULT NULL,
  `approve_reject_at` timestamp NULL DEFAULT NULL,
  `approve_reject_by` int(20) DEFAULT NULL,
  `old_discount_data` text,
  `fine` bigint(20) NOT NULL DEFAULT '0',
  `remarks` varchar(111) DEFAULT NULL,
  `created_at` timestamp NOT NULL DEFAULT CURRENT_TIMESTAMP ON UPDATE CURRENT_TIMESTAMP,
  `reciept_date` timestamp NULL DEFAULT NULL,
  `updated_at` timestamp NULL DEFAULT CURRENT_TIMESTAMP,
  `payment_type` varchar(55) DEFAULT NULL,
  `reference` varchar(55) DEFAULT NULL,
  `created_by` int(11) DEFAULT NULL,
  `status` tinyint(4) DEFAULT '1',
  `log_created_at` timestamp NULL DEFAULT NULL,
  `log_created_by` int(50) DEFAULT NULL,
  `log_status` int(50) DEFAULT NULL COMMENT '1=edited,2=deleted'
) ENGINE=InnoDB DEFAULT CHARSET=utf8;

-- --------------------------------------------------------

--
-- Table structure for table `miscellaneous_heads`
--

CREATE TABLE `miscellaneous_heads` (
  `id` int(10) UNSIGNED NOT NULL,
  `parent_id` int(11) NOT NULL DEFAULT '0',
  `created_at` timestamp NULL DEFAULT NULL,
  `updated_at` timestamp NULL DEFAULT NULL,
  `created_by` int(10) UNSIGNED NOT NULL,
  `last_updated_by` int(10) UNSIGNED DEFAULT NULL,
  `fee_head_title` varchar(100) COLLATE utf8mb4_unicode_ci NOT NULL,
  `slug` varchar(100) COLLATE utf8mb4_unicode_ci NOT NULL,
  `status` tinyint(1) NOT NULL DEFAULT '1'
) ENGINE=InnoDB DEFAULT CHARSET=utf8mb4 COLLATE=utf8mb4_unicode_ci;

--
-- Dumping data for table `miscellaneous_heads`
--

INSERT INTO `miscellaneous_heads` (`id`, `parent_id`, `created_at`, `updated_at`, `created_by`, `last_updated_by`, `fee_head_title`, `slug`, `status`) VALUES
(1, 0, '2020-07-24 18:06:31', '2020-07-24 18:06:31', 1, NULL, 'FINE', 'FINE', 1);

-- --------------------------------------------------------

--
-- Table structure for table `months`
--

CREATE TABLE `months` (
  `id` int(10) UNSIGNED NOT NULL,
  `created_at` timestamp NULL DEFAULT NULL,
  `updated_at` timestamp NULL DEFAULT NULL,
  `created_by` int(10) UNSIGNED NOT NULL,
  `last_updated_by` int(10) UNSIGNED DEFAULT NULL,
  `title` varchar(10) COLLATE utf8mb4_unicode_ci NOT NULL,
  `status` tinyint(1) NOT NULL DEFAULT '1'
) ENGINE=InnoDB DEFAULT CHARSET=utf8mb4 COLLATE=utf8mb4_unicode_ci;

--
-- Dumping data for table `months`
--

INSERT INTO `months` (`id`, `created_at`, `updated_at`, `created_by`, `last_updated_by`, `title`, `status`) VALUES
(1, '2018-08-28 21:24:54', '2018-08-28 21:24:54', 1, NULL, 'January', 1),
(2, '2018-08-28 21:24:54', '2018-08-28 21:24:54', 1, NULL, 'February', 1),
(3, '2018-08-28 21:24:54', '2018-08-28 21:24:54', 1, NULL, 'March', 1),
(4, '2018-08-28 21:24:54', '2018-08-28 21:24:54', 1, NULL, 'April', 1),
(5, '2018-08-28 21:24:54', '2018-08-28 21:24:54', 1, NULL, 'May', 1),
(6, '2018-08-28 21:24:54', '2018-08-28 21:24:54', 1, NULL, 'June', 1),
(7, '2018-08-28 21:24:54', '2018-08-28 21:24:54', 1, NULL, 'July', 1),
(8, '2018-08-28 21:24:54', '2018-08-28 21:24:54', 1, NULL, 'August', 1),
(9, '2018-08-28 21:24:54', '2018-08-28 21:24:54', 1, NULL, 'September', 1),
(10, '2018-08-28 21:24:54', '2018-08-28 21:24:54', 1, NULL, 'October', 1),
(11, '2018-08-28 21:24:54', '2018-08-28 21:24:54', 1, NULL, 'November', 1),
(12, '2018-08-28 21:24:54', '2018-08-28 21:24:54', 1, NULL, 'December', 1);

-- --------------------------------------------------------

--
-- Table structure for table `nodue_faculty`
--

CREATE TABLE `nodue_faculty` (
  `id` int(11) NOT NULL,
  `faculty_name` varchar(251) NOT NULL,
  `status` int(11) NOT NULL DEFAULT '1',
  `branches_id` int(11) NOT NULL DEFAULT '0'
) ENGINE=MyISAM DEFAULT CHARSET=latin1;

-- --------------------------------------------------------

--
-- Table structure for table `notes`
--

CREATE TABLE `notes` (
  `id` int(10) UNSIGNED NOT NULL,
  `created_at` timestamp NULL DEFAULT NULL,
  `updated_at` timestamp NULL DEFAULT NULL,
  `created_by` int(10) UNSIGNED NOT NULL,
  `last_updated_by` int(10) UNSIGNED DEFAULT NULL,
  `member_type` varchar(8) COLLATE utf8mb4_unicode_ci NOT NULL,
  `member_id` int(10) UNSIGNED NOT NULL,
  `subject` varchar(100) COLLATE utf8mb4_unicode_ci NOT NULL,
  `note` text COLLATE utf8mb4_unicode_ci,
  `status` tinyint(1) NOT NULL DEFAULT '1'
) ENGINE=InnoDB DEFAULT CHARSET=utf8mb4 COLLATE=utf8mb4_unicode_ci;

-- --------------------------------------------------------

--
-- Table structure for table `notices`
--

CREATE TABLE `notices` (
  `id` int(10) UNSIGNED NOT NULL,
  `created_at` timestamp NULL DEFAULT NULL,
  `updated_at` timestamp NULL DEFAULT NULL,
  `created_by` int(10) UNSIGNED NOT NULL,
  `last_updated_by` int(10) UNSIGNED DEFAULT NULL,
  `title` varchar(100) COLLATE utf8mb4_unicode_ci NOT NULL,
  `message` text COLLATE utf8mb4_unicode_ci NOT NULL,
  `publish_date` datetime NOT NULL,
  `end_date` datetime NOT NULL,
  `display_group` text COLLATE utf8mb4_unicode_ci,
  `status` tinyint(1) NOT NULL DEFAULT '1'
) ENGINE=InnoDB DEFAULT CHARSET=utf8mb4 COLLATE=utf8mb4_unicode_ci;

-- --------------------------------------------------------

--
-- Table structure for table `online_admission_payments`
--

CREATE TABLE `online_admission_payments` (
  `id` int(10) UNSIGNED NOT NULL,
  `account` varchar(191) COLLATE utf8mb4_unicode_ci NOT NULL,
  `payable_id` int(10) UNSIGNED DEFAULT NULL,
  `payable_type` varchar(191) COLLATE utf8mb4_unicode_ci DEFAULT NULL,
  `txnid` varchar(191) COLLATE utf8mb4_unicode_ci NOT NULL,
  `mihpayid` varchar(191) COLLATE utf8mb4_unicode_ci NOT NULL,
  `firstname` varchar(191) COLLATE utf8mb4_unicode_ci NOT NULL,
  `lastname` varchar(191) COLLATE utf8mb4_unicode_ci DEFAULT NULL,
  `email` varchar(191) COLLATE utf8mb4_unicode_ci NOT NULL,
  `phone` varchar(191) COLLATE utf8mb4_unicode_ci NOT NULL,
  `amount` double NOT NULL,
  `discount` double NOT NULL DEFAULT '0',
  `net_amount_debit` double NOT NULL DEFAULT '0',
  `data` text COLLATE utf8mb4_unicode_ci NOT NULL,
  `status` varchar(191) COLLATE utf8mb4_unicode_ci NOT NULL,
  `unmappedstatus` varchar(191) COLLATE utf8mb4_unicode_ci NOT NULL,
  `mode` varchar(191) COLLATE utf8mb4_unicode_ci DEFAULT NULL,
  `bank_ref_num` varchar(191) COLLATE utf8mb4_unicode_ci DEFAULT NULL,
  `bankcode` varchar(191) COLLATE utf8mb4_unicode_ci DEFAULT NULL,
  `cardnum` varchar(191) COLLATE utf8mb4_unicode_ci DEFAULT NULL,
  `name_on_card` varchar(191) COLLATE utf8mb4_unicode_ci DEFAULT NULL,
  `issuing_bank` varchar(191) COLLATE utf8mb4_unicode_ci DEFAULT NULL,
  `card_type` varchar(191) COLLATE utf8mb4_unicode_ci DEFAULT NULL,
  `feeamount` varchar(145) COLLATE utf8mb4_unicode_ci DEFAULT NULL,
  `feehead` varchar(129) COLLATE utf8mb4_unicode_ci DEFAULT NULL,
  `fee_masters_id` int(121) DEFAULT NULL,
  `student_id` int(121) DEFAULT NULL,
  `branch_id` int(11) NOT NULL,
  `org_id` int(11) NOT NULL,
  `txn_response_data` text COLLATE utf8mb4_unicode_ci,
  `updated_status` varchar(512) COLLATE utf8mb4_unicode_ci DEFAULT NULL,
  `created_at` timestamp NULL DEFAULT CURRENT_TIMESTAMP,
  `updated_at` timestamp NULL DEFAULT NULL
) ENGINE=InnoDB DEFAULT CHARSET=utf8mb4 COLLATE=utf8mb4_unicode_ci;

-- --------------------------------------------------------

--
-- Table structure for table `organisations`
--

CREATE TABLE `organisations` (
  `id` int(10) UNSIGNED NOT NULL,
  `organisation_name` varchar(151) COLLATE utf8mb4_unicode_ci NOT NULL,
  `organisation_title` varchar(151) COLLATE utf8mb4_unicode_ci NOT NULL,
  `organisation_email` varchar(151) COLLATE utf8mb4_unicode_ci DEFAULT NULL,
  `organisation_mobile` varchar(115) COLLATE utf8mb4_unicode_ci DEFAULT NULL,
  `organisation_logo` varchar(151) COLLATE utf8mb4_unicode_ci DEFAULT NULL,
  `organisation_descriptiojn` varchar(151) COLLATE utf8mb4_unicode_ci DEFAULT NULL,
  `created_at` timestamp NULL DEFAULT NULL,
  `updated_at` timestamp NULL DEFAULT NULL
) ENGINE=InnoDB DEFAULT CHARSET=utf8mb4 COLLATE=utf8mb4_unicode_ci;

--
-- Dumping data for table `organisations`
--

INSERT INTO `organisations` (`id`, `organisation_name`, `organisation_title`, `organisation_email`, `organisation_mobile`, `organisation_logo`, `organisation_descriptiojn`, `created_at`, `updated_at`) VALUES
(1, 'ASHA GROUP', 'ASHA GROUP', 'creataum@gmail.com', '987654321', 'creataum.jpg', 't is a long established fact that a reader will be distracted by the readable content of a page when looking ', NULL, NULL),
(2, 'patliputra central public school', 'patliputra central public school', 'patliputra@gmail.com', '9876543216', 'patliputra.jpg', 'patliputra central public schoolpatliputra central public school', NULL, NULL);

-- --------------------------------------------------------

--
-- Table structure for table `parent_details`
--

CREATE TABLE `parent_details` (
  `id` int(10) UNSIGNED NOT NULL,
  `created_at` timestamp NULL DEFAULT NULL,
  `updated_at` timestamp NULL DEFAULT NULL,
  `created_by` int(10) UNSIGNED NOT NULL,
  `last_updated_by` int(10) UNSIGNED DEFAULT NULL,
  `students_id` int(10) UNSIGNED NOT NULL,
  `grandfather_first_name` varchar(150) COLLATE utf8mb4_unicode_ci DEFAULT NULL,
  `grandfather_middle_name` varchar(150) COLLATE utf8mb4_unicode_ci DEFAULT NULL,
  `grandfather_last_name` varchar(150) COLLATE utf8mb4_unicode_ci DEFAULT NULL,
  `father_first_name` varchar(150) COLLATE utf8mb4_unicode_ci DEFAULT NULL,
  `father_middle_name` varchar(150) COLLATE utf8mb4_unicode_ci DEFAULT NULL,
  `father_last_name` varchar(150) COLLATE utf8mb4_unicode_ci DEFAULT NULL,
  `father_eligibility` varchar(500) COLLATE utf8mb4_unicode_ci DEFAULT NULL,
  `father_occupation` varchar(500) COLLATE utf8mb4_unicode_ci DEFAULT NULL,
  `father_office` varchar(100) COLLATE utf8mb4_unicode_ci DEFAULT NULL,
  `father_office_number` varchar(150) COLLATE utf8mb4_unicode_ci DEFAULT NULL,
  `father_residence_number` varchar(150) COLLATE utf8mb4_unicode_ci DEFAULT NULL,
  `father_mobile_1` varchar(150) COLLATE utf8mb4_unicode_ci DEFAULT NULL,
  `father_mobile_2` varchar(150) COLLATE utf8mb4_unicode_ci DEFAULT NULL,
  `father_email` varchar(100) COLLATE utf8mb4_unicode_ci DEFAULT NULL,
  `mother_first_name` varchar(150) COLLATE utf8mb4_unicode_ci DEFAULT NULL,
  `mother_middle_name` varchar(150) COLLATE utf8mb4_unicode_ci DEFAULT NULL,
  `mother_last_name` varchar(150) COLLATE utf8mb4_unicode_ci DEFAULT NULL,
  `mother_eligibility` varchar(500) COLLATE utf8mb4_unicode_ci DEFAULT NULL,
  `mother_occupation` varchar(500) COLLATE utf8mb4_unicode_ci DEFAULT NULL,
  `mother_office` varchar(100) COLLATE utf8mb4_unicode_ci DEFAULT NULL,
  `mother_office_number` varchar(15) COLLATE utf8mb4_unicode_ci DEFAULT NULL,
  `mother_residence_number` varchar(15) COLLATE utf8mb4_unicode_ci DEFAULT NULL,
  `mother_mobile_1` varchar(15) COLLATE utf8mb4_unicode_ci DEFAULT NULL,
  `mother_mobile_2` varchar(15) COLLATE utf8mb4_unicode_ci DEFAULT NULL,
  `mother_email` varchar(500) COLLATE utf8mb4_unicode_ci DEFAULT NULL,
  `father_image` text COLLATE utf8mb4_unicode_ci,
  `mother_image` text COLLATE utf8mb4_unicode_ci,
  `status` tinyint(1) NOT NULL DEFAULT '1'
) ENGINE=InnoDB DEFAULT CHARSET=utf8mb4 COLLATE=utf8mb4_unicode_ci;

--
-- Dumping data for table `parent_details`
--

INSERT INTO `parent_details` (`id`, `created_at`, `updated_at`, `created_by`, `last_updated_by`, `students_id`, `grandfather_first_name`, `grandfather_middle_name`, `grandfather_last_name`, `father_first_name`, `father_middle_name`, `father_last_name`, `father_eligibility`, `father_occupation`, `father_office`, `father_office_number`, `father_residence_number`, `father_mobile_1`, `father_mobile_2`, `father_email`, `mother_first_name`, `mother_middle_name`, `mother_last_name`, `mother_eligibility`, `mother_occupation`, `mother_office`, `mother_office_number`, `mother_residence_number`, `mother_mobile_1`, `mother_mobile_2`, `mother_email`, `father_image`, `mother_image`, `status`) VALUES
(1, '2020-07-24 17:54:00', '2020-07-24 17:54:00', 1, NULL, 1, NULL, NULL, NULL, '..', NULL, NULL, NULL, NULL, NULL, NULL, NULL, NULL, NULL, NULL, '', NULL, NULL, NULL, NULL, NULL, NULL, NULL, NULL, NULL, NULL, NULL, NULL, 1),
(2, '2020-07-24 17:54:00', '2020-07-24 17:54:00', 1, NULL, 2, NULL, NULL, NULL, '..', NULL, NULL, NULL, NULL, NULL, NULL, NULL, NULL, NULL, NULL, '', NULL, NULL, NULL, NULL, NULL, NULL, NULL, NULL, NULL, NULL, NULL, NULL, 1),
(3, '2020-07-24 17:54:00', '2020-07-24 17:54:00', 1, NULL, 3, NULL, NULL, NULL, '..', NULL, NULL, NULL, NULL, NULL, NULL, NULL, NULL, NULL, NULL, '', NULL, NULL, NULL, NULL, NULL, NULL, NULL, NULL, NULL, NULL, NULL, NULL, 1),
(4, '2020-07-24 17:54:00', '2020-07-24 17:54:00', 1, NULL, 4, NULL, NULL, NULL, '..', NULL, NULL, NULL, NULL, NULL, NULL, NULL, NULL, NULL, NULL, '', NULL, NULL, NULL, NULL, NULL, NULL, NULL, NULL, NULL, NULL, NULL, NULL, 1),
(5, '2020-07-24 17:54:00', '2020-07-24 17:54:00', 1, NULL, 5, NULL, NULL, NULL, '..', NULL, NULL, NULL, NULL, NULL, NULL, NULL, NULL, NULL, NULL, '', NULL, NULL, NULL, NULL, NULL, NULL, NULL, NULL, NULL, NULL, NULL, NULL, 1),
(6, '2020-07-24 17:54:00', '2020-07-24 17:54:00', 1, NULL, 6, NULL, NULL, NULL, '..', NULL, NULL, NULL, NULL, NULL, NULL, NULL, NULL, NULL, NULL, '', NULL, NULL, NULL, NULL, NULL, NULL, NULL, NULL, NULL, NULL, NULL, NULL, 1),
(7, '2020-07-24 17:54:00', '2020-07-24 17:54:00', 1, NULL, 7, NULL, NULL, NULL, '..', NULL, NULL, NULL, NULL, NULL, NULL, NULL, NULL, NULL, NULL, '', NULL, NULL, NULL, NULL, NULL, NULL, NULL, NULL, NULL, NULL, NULL, NULL, 1),
(8, '2020-07-24 17:54:00', '2020-07-24 17:54:00', 1, NULL, 8, NULL, NULL, NULL, '..', NULL, NULL, NULL, NULL, NULL, NULL, NULL, NULL, NULL, NULL, '', NULL, NULL, NULL, NULL, NULL, NULL, NULL, NULL, NULL, NULL, NULL, NULL, 1),
(9, '2020-07-24 17:54:00', '2020-07-24 17:54:00', 1, NULL, 9, NULL, NULL, NULL, '..', NULL, NULL, NULL, NULL, NULL, NULL, NULL, NULL, NULL, NULL, '', NULL, NULL, NULL, NULL, NULL, NULL, NULL, NULL, NULL, NULL, NULL, NULL, 1),
(10, '2020-07-24 17:54:00', '2020-07-24 17:54:00', 1, NULL, 10, NULL, NULL, NULL, '..', NULL, NULL, NULL, NULL, NULL, NULL, NULL, NULL, NULL, NULL, '', NULL, NULL, NULL, NULL, NULL, NULL, NULL, NULL, NULL, NULL, NULL, NULL, 1),
(11, '2020-07-24 17:54:00', '2020-07-24 17:54:00', 1, NULL, 11, NULL, NULL, NULL, '..', NULL, NULL, NULL, NULL, NULL, NULL, NULL, NULL, NULL, NULL, '', NULL, NULL, NULL, NULL, NULL, NULL, NULL, NULL, NULL, NULL, NULL, NULL, 1),
(12, '2020-07-24 17:54:00', '2020-07-24 17:54:00', 1, NULL, 12, NULL, NULL, NULL, '..', NULL, NULL, NULL, NULL, NULL, NULL, NULL, NULL, NULL, NULL, '', NULL, NULL, NULL, NULL, NULL, NULL, NULL, NULL, NULL, NULL, NULL, NULL, 1),
(13, '2020-07-24 17:54:00', '2020-07-24 17:54:00', 1, NULL, 13, NULL, NULL, NULL, '..', NULL, NULL, NULL, NULL, NULL, NULL, NULL, NULL, NULL, NULL, '', NULL, NULL, NULL, NULL, NULL, NULL, NULL, NULL, NULL, NULL, NULL, NULL, 1),
(14, '2020-07-24 17:54:00', '2020-07-24 17:54:00', 1, NULL, 14, NULL, NULL, NULL, '..', NULL, NULL, NULL, NULL, NULL, NULL, NULL, NULL, NULL, NULL, '', NULL, NULL, NULL, NULL, NULL, NULL, NULL, NULL, NULL, NULL, NULL, NULL, 1),
(15, '2020-07-24 17:54:00', '2020-07-24 17:54:00', 1, NULL, 15, NULL, NULL, NULL, '..', NULL, NULL, NULL, NULL, NULL, NULL, NULL, NULL, NULL, NULL, '', NULL, NULL, NULL, NULL, NULL, NULL, NULL, NULL, NULL, NULL, NULL, NULL, 1),
(16, '2020-07-24 17:54:00', '2020-07-24 17:54:00', 1, NULL, 16, NULL, NULL, NULL, '..', NULL, NULL, NULL, NULL, NULL, NULL, NULL, NULL, NULL, NULL, '', NULL, NULL, NULL, NULL, NULL, NULL, NULL, NULL, NULL, NULL, NULL, NULL, 1);

-- --------------------------------------------------------

--
-- Table structure for table `payment_gateway`
--

CREATE TABLE `payment_gateway` (
  `id` int(15) NOT NULL,
  `gateway_name` varchar(200) DEFAULT NULL,
  `gateway_url` text,
  `record_status` int(11) NOT NULL DEFAULT '1',
  `created_at` timestamp NULL DEFAULT NULL,
  `created_by` int(11) DEFAULT NULL,
  `reference_comment` text
) ENGINE=InnoDB DEFAULT CHARSET=latin1;

--
-- Dumping data for table `payment_gateway`
--

INSERT INTO `payment_gateway` (`id`, `gateway_name`, `gateway_url`, `record_status`, `created_at`, `created_by`, `reference_comment`) VALUES
(1, 'PAYU BIZZ (HDFC)', NULL, 1, '2020-07-06 18:30:00', 1, NULL),
(2, 'EASY PAY (ICICI)', NULL, 1, '2020-07-06 18:30:00', 1, NULL);

-- --------------------------------------------------------

--
-- Table structure for table `payment_settings`
--

CREATE TABLE `payment_settings` (
  `id` int(10) UNSIGNED NOT NULL,
  `created_at` timestamp NULL DEFAULT NULL,
  `updated_at` timestamp NULL DEFAULT NULL,
  `identity` varchar(15) COLLATE utf8mb4_unicode_ci NOT NULL,
  `logo` varchar(15) COLLATE utf8mb4_unicode_ci NOT NULL,
  `link` varchar(100) COLLATE utf8mb4_unicode_ci NOT NULL,
  `config` text COLLATE utf8mb4_unicode_ci NOT NULL,
  `status` tinyint(1) NOT NULL DEFAULT '1'
) ENGINE=InnoDB DEFAULT CHARSET=utf8mb4 COLLATE=utf8mb4_unicode_ci;

--
-- Dumping data for table `payment_settings`
--

INSERT INTO `payment_settings` (`id`, `created_at`, `updated_at`, `identity`, `logo`, `link`, `config`, `status`) VALUES
(1, NULL, '2019-07-22 01:05:08', 'Stripe', 'stripe', 'https://stripe.com', '{\"Publishable_Key\":\"dfgdfg\",\"Secret_Key\":\"dfgdfgdfgfdgdfg\"}', 1),
(2, NULL, '2019-07-22 01:05:14', 'PayUMoney', 'payumoney', 'https://www.payumoney.com', '{\"Merchant_Key\":\"dfgdfgfd\",\"Merchant_Salt\":\"gfdgdfgdfgdfg\",\"Auth_Header\":\"fdgdfgdfgdfgdfg\"}', 1);

-- --------------------------------------------------------

--
-- Table structure for table `payment_type`
--

CREATE TABLE `payment_type` (
  `id` int(11) NOT NULL,
  `type_name` varchar(100) DEFAULT NULL,
  `created_at` timestamp NULL DEFAULT CURRENT_TIMESTAMP,
  `updated_at` timestamp NULL DEFAULT CURRENT_TIMESTAMP,
  `status` tinyint(4) DEFAULT '1'
) ENGINE=InnoDB DEFAULT CHARSET=utf8;

--
-- Dumping data for table `payment_type`
--

INSERT INTO `payment_type` (`id`, `type_name`, `created_at`, `updated_at`, `status`) VALUES
(1, 'Cash', '2019-09-06 12:21:09', '2019-09-06 12:21:09', 1),
(2, 'Net Banking', '2019-09-06 12:21:09', '2019-09-06 12:21:09', 1),
(3, 'Paytm', '2019-09-06 12:21:09', '2019-09-06 12:21:09', 1),
(4, 'UPI', '2019-09-06 12:21:09', '2019-09-06 12:21:09', 1),
(5, 'CARD', '2019-09-06 12:21:09', '2019-09-06 12:21:09', 1),
(6, 'Challan', '2019-09-06 12:21:09', '2019-09-06 12:21:09', 1),
(7, 'Other', '2019-09-06 19:28:46', '2019-09-06 19:28:46', 1),
(8, 'DC', '2019-09-25 19:54:59', '2019-09-25 19:54:59', 1),
(9, 'CC', '2019-09-25 19:55:20', '2019-09-25 19:55:20', 1),
(10, 'BANK', '2019-09-27 17:12:34', '2020-07-24 16:08:59', 1),
(11, 'Account', '2019-12-24 23:47:39', '2019-12-24 23:47:39', 1),
(12, 'cheque', '2020-05-14 23:02:29', '2020-05-14 23:02:29', 1),
(13, 'DD', '2020-06-02 22:13:07', '2020-06-02 22:13:07', 1);

-- --------------------------------------------------------

--
-- Table structure for table `payroll_heads`
--

CREATE TABLE `payroll_heads` (
  `id` int(10) UNSIGNED NOT NULL,
  `created_at` timestamp NULL DEFAULT NULL,
  `updated_at` timestamp NULL DEFAULT NULL,
  `created_by` int(10) UNSIGNED NOT NULL,
  `last_updated_by` int(10) UNSIGNED DEFAULT NULL,
  `title` varchar(100) COLLATE utf8mb4_unicode_ci NOT NULL,
  `slug` varchar(100) COLLATE utf8mb4_unicode_ci NOT NULL,
  `status` tinyint(1) NOT NULL DEFAULT '1'
) ENGINE=InnoDB DEFAULT CHARSET=utf8mb4 COLLATE=utf8mb4_unicode_ci;

--
-- Dumping data for table `payroll_heads`
--

INSERT INTO `payroll_heads` (`id`, `created_at`, `updated_at`, `created_by`, `last_updated_by`, `title`, `slug`, `status`) VALUES
(1, '2019-09-05 17:05:36', '2019-09-05 17:05:36', 1, NULL, 'Salary', 'Salary', 1);

-- --------------------------------------------------------

--
-- Table structure for table `payroll_masters`
--

CREATE TABLE `payroll_masters` (
  `id` int(10) UNSIGNED NOT NULL,
  `created_at` timestamp NULL DEFAULT NULL,
  `updated_at` timestamp NULL DEFAULT NULL,
  `created_by` int(10) UNSIGNED NOT NULL,
  `last_updated_by` int(10) UNSIGNED DEFAULT NULL,
  `staff_id` int(10) UNSIGNED NOT NULL,
  `tag_line` varchar(100) COLLATE utf8mb4_unicode_ci NOT NULL,
  `payroll_head` varchar(50) COLLATE utf8mb4_unicode_ci NOT NULL,
  `due_date` datetime NOT NULL,
  `amount` int(11) NOT NULL,
  `status` tinyint(1) NOT NULL DEFAULT '1'
) ENGINE=InnoDB DEFAULT CHARSET=utf8mb4 COLLATE=utf8mb4_unicode_ci;

--
-- Dumping data for table `payroll_masters`
--

INSERT INTO `payroll_masters` (`id`, `created_at`, `updated_at`, `created_by`, `last_updated_by`, `staff_id`, `tag_line`, `payroll_head`, `due_date`, `amount`, `status`) VALUES
(1, '2019-09-05 17:08:16', '2019-09-05 17:08:16', 1, NULL, 1, 'Sep-Salary', '1', '2019-09-05 00:00:00', 12000, 1);

-- --------------------------------------------------------

--
-- Table structure for table `payu_payments`
--

CREATE TABLE `payu_payments` (
  `id` int(10) UNSIGNED NOT NULL,
  `account` varchar(191) COLLATE utf8mb4_unicode_ci NOT NULL,
  `payable_id` int(10) UNSIGNED DEFAULT NULL,
  `payable_type` varchar(191) COLLATE utf8mb4_unicode_ci DEFAULT NULL,
  `txnid` varchar(191) COLLATE utf8mb4_unicode_ci NOT NULL,
  `mihpayid` varchar(191) COLLATE utf8mb4_unicode_ci NOT NULL,
  `firstname` varchar(191) COLLATE utf8mb4_unicode_ci NOT NULL,
  `lastname` varchar(191) COLLATE utf8mb4_unicode_ci DEFAULT NULL,
  `email` varchar(191) COLLATE utf8mb4_unicode_ci NOT NULL,
  `phone` varchar(191) COLLATE utf8mb4_unicode_ci NOT NULL,
  `amount` double NOT NULL,
  `discount` double NOT NULL DEFAULT '0',
  `net_amount_debit` double NOT NULL DEFAULT '0',
  `data` text COLLATE utf8mb4_unicode_ci NOT NULL,
  `status` varchar(191) COLLATE utf8mb4_unicode_ci NOT NULL,
  `unmappedstatus` varchar(191) COLLATE utf8mb4_unicode_ci NOT NULL,
  `mode` varchar(191) COLLATE utf8mb4_unicode_ci DEFAULT NULL,
  `bank_ref_num` varchar(191) COLLATE utf8mb4_unicode_ci DEFAULT NULL,
  `bankcode` varchar(191) COLLATE utf8mb4_unicode_ci DEFAULT NULL,
  `cardnum` varchar(191) COLLATE utf8mb4_unicode_ci DEFAULT NULL,
  `name_on_card` varchar(191) COLLATE utf8mb4_unicode_ci DEFAULT NULL,
  `issuing_bank` varchar(191) COLLATE utf8mb4_unicode_ci DEFAULT NULL,
  `card_type` varchar(191) COLLATE utf8mb4_unicode_ci DEFAULT NULL,
  `feeamount` varchar(145) COLLATE utf8mb4_unicode_ci DEFAULT NULL,
  `feehead` varchar(129) COLLATE utf8mb4_unicode_ci DEFAULT NULL,
  `fee_masters_id` int(121) DEFAULT NULL,
  `student_id` int(121) DEFAULT NULL,
  `branch_id` int(11) NOT NULL,
  `org_id` int(11) NOT NULL,
  `txn_response_data` text COLLATE utf8mb4_unicode_ci,
  `updated_status` varchar(512) COLLATE utf8mb4_unicode_ci DEFAULT NULL,
  `created_at` timestamp NULL DEFAULT CURRENT_TIMESTAMP,
  `updated_at` timestamp NULL DEFAULT NULL
) ENGINE=InnoDB DEFAULT CHARSET=utf8mb4 COLLATE=utf8mb4_unicode_ci;

-- --------------------------------------------------------

--
-- Table structure for table `permissions`
--

CREATE TABLE `permissions` (
  `id` int(10) UNSIGNED NOT NULL,
  `group` varchar(191) COLLATE utf8mb4_unicode_ci DEFAULT NULL,
  `name` varchar(191) COLLATE utf8mb4_unicode_ci NOT NULL,
  `display_name` varchar(191) COLLATE utf8mb4_unicode_ci DEFAULT NULL,
  `parent_id` int(14) NOT NULL DEFAULT '0',
  `route` varchar(255) COLLATE utf8mb4_unicode_ci DEFAULT NULL,
  `description` varchar(191) COLLATE utf8mb4_unicode_ci DEFAULT NULL,
  `created_at` timestamp NULL DEFAULT NULL,
  `updated_at` timestamp NULL DEFAULT NULL,
  `created_by` int(11) DEFAULT NULL,
  `updated_by` int(11) DEFAULT NULL
) ENGINE=InnoDB DEFAULT CHARSET=utf8mb4 COLLATE=utf8mb4_unicode_ci;

--
-- Dumping data for table `permissions`
--

INSERT INTO `permissions` (`id`, `group`, `name`, `display_name`, `parent_id`, `route`, `description`, `created_at`, `updated_at`, `created_by`, `updated_by`) VALUES
(1, 'Menu', 'expand-action-menu', 'Expand Nav Menu', 1, 'test', 'Expand Nav Menu', '2018-08-28 21:24:21', '2020-06-20 08:14:58', NULL, NULL),
(2, 'Menu', 'admin-control', 'Admin Control', 0, NULL, 'Admin Control Menu', '2018-08-28 21:24:21', '2018-08-28 21:24:21', NULL, NULL),
(3, 'Menu', 'dashboard', 'Dashboard', 0, NULL, 'Dashboard Menu', '2018-08-28 21:24:21', '2018-08-28 21:24:21', NULL, NULL),
(4, 'Menu', 'student-staff', 'Student-Staff', 0, NULL, 'Student-Staff Menu', '2018-08-28 21:24:21', '2018-08-28 21:24:21', NULL, NULL),
(5, 'Menu', 'account', 'Account', 0, NULL, 'Account Menu', '2018-08-28 21:24:21', '2018-08-28 21:24:21', NULL, NULL),
(6, 'Menu', 'library', 'Library', 0, NULL, 'Libaray Menu', '2018-08-28 21:24:21', '2018-08-28 21:24:21', NULL, NULL),
(7, 'Menu', 'attendance', 'Attendance', 0, NULL, 'Attendance Menu', '2018-08-28 21:24:21', '2018-08-28 21:24:21', NULL, NULL),
(8, 'Menu', 'examination', 'Examination', 0, NULL, 'Examination Menu', '2018-08-28 21:24:21', '2018-08-28 21:24:21', NULL, NULL),
(9, 'Menu', 'hostel', 'Hostel', 0, NULL, 'Hostel Menu', '2018-08-28 21:24:21', '2018-08-28 21:24:21', NULL, NULL),
(10, 'Menu', 'transport', 'Transport', 0, NULL, 'Transport Menu', '2018-08-28 21:24:21', '2018-08-28 21:24:21', NULL, NULL),
(11, 'Menu', 'assignment', 'Assignment', 0, NULL, 'Assignment Menu', '2018-08-28 21:24:22', '2018-08-28 21:24:22', NULL, NULL),
(12, 'Menu', 'download', 'Download', 0, NULL, 'Download Menu', '2018-08-28 21:24:22', '2018-08-28 21:24:22', NULL, NULL),
(13, 'Menu', 'report', 'Report', 0, NULL, 'Report Menu', '2018-08-28 21:24:22', '2018-08-28 21:24:22', NULL, NULL),
(14, 'Menu', 'alert-center', 'Alert Center', 0, NULL, 'Alert Center Menu', '2018-08-28 21:24:22', '2018-08-28 21:24:22', NULL, NULL),
(15, 'Menu', 'academic', 'Academic Setup', 0, NULL, 'Academic Setup Menu', '2018-08-28 21:24:22', '2018-08-28 21:24:22', NULL, NULL),
(16, 'Role', 'role-index', 'Index', 0, NULL, 'Role Index', '2018-08-28 21:24:22', '2018-08-28 21:24:22', NULL, NULL),
(17, 'Role', 'role-add', 'Add', 0, NULL, 'Role Add', '2018-08-28 21:24:22', '2018-08-28 21:24:22', NULL, NULL),
(18, 'Role', 'role-view', 'View', 0, NULL, 'View Role', '2018-08-28 21:24:22', '2018-08-28 21:24:22', NULL, NULL),
(19, 'Role', 'role-edit', 'Edit', 0, NULL, 'Edit Role', '2018-08-28 21:24:22', '2018-08-28 21:24:22', NULL, NULL),
(20, 'Role', 'role-delete', 'Delete', 0, NULL, 'Delete Role', '2018-08-28 21:24:22', '2018-08-28 21:24:22', NULL, NULL),
(21, 'User', 'user-index', 'Index', 0, NULL, 'User Index', '2018-08-28 21:24:22', '2018-08-28 21:24:22', NULL, NULL),
(22, 'User', 'user-add', 'Add', 0, NULL, 'User Add', '2018-08-28 21:24:22', '2018-08-28 21:24:22', NULL, NULL),
(23, 'User', 'user-edit', 'Edit', 0, NULL, 'Edit User', '2018-08-28 21:24:22', '2018-08-28 21:24:22', NULL, NULL),
(24, 'User', 'user-delete', 'Delete', 0, NULL, 'Delete User', '2018-08-28 21:24:22', '2018-08-28 21:24:22', NULL, NULL),
(25, 'User', 'user-active', 'Active', 0, NULL, 'Active User', '2018-08-28 21:24:22', '2018-08-28 21:24:22', NULL, NULL),
(26, 'User', 'user-in-active', 'In-Active', 0, NULL, 'In-Active User', '2018-08-28 21:24:22', '2018-08-28 21:24:22', NULL, NULL),
(27, 'User', 'user-bulk-action', 'Bulk(Active,InActive,Delete)', 0, NULL, 'User Bulk Action', '2018-08-28 21:24:22', '2018-08-28 21:24:22', NULL, NULL),
(28, 'General Setting', 'general-setting-index', 'Index', 0, NULL, 'General Setting Index', '2018-08-28 21:24:22', '2018-08-28 21:24:22', NULL, NULL),
(29, 'General Setting', 'general-setting-add', 'Add', 0, NULL, 'General Setting Add', '2018-08-28 21:24:22', '2018-08-28 21:24:22', NULL, NULL),
(30, 'General Setting', 'general-setting-edit', 'Edit', 0, NULL, 'Edit General Setting', '2018-08-28 21:24:22', '2018-08-28 21:24:22', NULL, NULL),
(31, 'Alert Setting', 'alert-setting-index', 'Index', 0, NULL, 'Alert Setting Index', '2018-08-28 21:24:22', '2018-08-28 21:24:22', NULL, NULL),
(32, 'Alert Setting', 'alert-setting-add', 'Add', 0, NULL, 'Alert Setting Add', '2018-08-28 21:24:22', '2018-08-28 21:24:22', NULL, NULL),
(33, 'Alert Setting', 'alert-setting-edit', 'Edit', 0, NULL, 'Edit Alert Setting', '2018-08-28 21:24:22', '2018-08-28 21:24:22', NULL, NULL),
(34, 'SMS Setting', 'sms-setting-index', 'Index', 0, NULL, 'SMS Setting Index', '2018-08-28 21:24:22', '2018-08-28 21:24:22', NULL, NULL),
(35, 'SMS Setting', 'sms-setting-add', 'Add', 0, NULL, 'SMS Setting Add', '2018-08-28 21:24:22', '2018-08-28 21:24:22', NULL, NULL),
(36, 'SMS Setting', 'sms-setting-edit', 'Edit', 0, NULL, 'Edit SMS Setting', '2018-08-28 21:24:22', '2018-08-28 21:24:22', NULL, NULL),
(37, 'SMS Setting', 'sms-setting-active', 'Active', 0, NULL, 'Active SMS', '2018-08-28 21:24:22', '2018-08-28 21:24:22', NULL, NULL),
(38, 'SMS Setting', 'sms-setting-in-active', 'In-Active', 0, NULL, 'In-Active SMS', '2018-08-28 21:24:22', '2018-08-28 21:24:22', NULL, NULL),
(39, 'Email Setting', 'email-setting-index', 'Index', 0, NULL, 'Email Setting Index', '2018-08-28 21:24:23', '2018-08-28 21:24:23', NULL, NULL),
(40, 'Email Setting', 'email-setting-add', 'Add', 0, NULL, 'Email Setting Add', '2018-08-28 21:24:23', '2018-08-28 21:24:23', NULL, NULL),
(41, 'Email Setting', 'email-setting-edit', 'Edit', 0, NULL, 'Edit Email Setting', '2018-08-28 21:24:23', '2018-08-28 21:24:23', NULL, NULL),
(42, 'Email Setting', 'email-setting-status-change', 'Status', 0, NULL, 'Change Status', '2018-08-28 21:24:23', '2018-08-28 21:24:23', NULL, NULL),
(43, 'Payment Gateway Setting', 'payment-gateway-setting-index', 'Index', 0, NULL, 'Payment Gateway Setting Index', '2018-08-28 21:24:23', '2018-08-28 21:24:23', NULL, NULL),
(44, 'Payment Gateway Setting', 'payment-gateway-setting-add', 'Add', 0, NULL, 'Payment Gateway Setting Add', '2018-08-28 21:24:23', '2018-08-28 21:24:23', NULL, NULL),
(45, 'Payment Gateway Setting', 'payment-gateway-setting-edit', 'Edit', 0, NULL, 'Edit Payment Gateway Setting', '2018-08-28 21:24:23', '2018-08-28 21:24:23', NULL, NULL),
(46, 'Payment Gateway Setting', 'payment-gateway-active', 'Active', 0, NULL, 'Active Payment Gateway', '2018-08-28 21:24:23', '2018-08-28 21:24:23', NULL, NULL),
(47, 'Payment Gateway Setting', 'payment-gateway-in-active', 'In-Active', 0, NULL, 'In-Active Payment Gateway', '2018-08-28 21:24:23', '2018-08-28 21:24:23', NULL, NULL),
(48, 'Student', 'student-index', 'Index', 0, NULL, 'Student Index', '2018-08-28 21:24:23', '2018-08-28 21:24:23', NULL, NULL),
(49, 'Student', 'student-registration', 'Registration', 0, NULL, 'Student Registration', '2018-08-28 21:24:23', '2018-08-28 21:24:23', NULL, NULL),
(50, 'Student', 'student-view', 'View', 0, NULL, 'View Student', '2018-08-28 21:24:23', '2018-08-28 21:24:23', NULL, NULL),
(51, 'Student', 'student-edit', 'Edit', 0, NULL, 'Edit Student', '2018-08-28 21:24:23', '2018-08-28 21:24:23', NULL, NULL),
(52, 'Student', 'student-delete', 'Delete', 0, NULL, 'Delete Student', '2018-08-28 21:24:23', '2018-08-28 21:24:23', NULL, NULL),
(53, 'Student', 'student-active', 'Active', 0, NULL, 'Active Student', '2018-08-28 21:24:23', '2018-08-28 21:24:23', NULL, NULL),
(54, 'Student', 'student-in-active', 'In-Active', 0, NULL, 'In-Active Student', '2018-08-28 21:24:23', '2018-08-28 21:24:23', NULL, NULL),
(55, 'Student', 'student-bulk-action', 'Bulk(Active,InActive,Delete)', 0, NULL, 'Student Bulk Action', '2018-08-28 21:24:23', '2018-08-28 21:24:23', NULL, NULL),
(56, 'Student', 'student-delete-academic-info', 'Delete Academic Info', 0, NULL, 'Student Delete Academic Info', '2018-08-28 21:24:23', '2018-08-28 21:24:23', NULL, NULL),
(57, 'Student', 'student-transfer', 'Transfer', 0, NULL, 'Transfer Student', '2018-08-28 21:24:23', '2018-08-28 21:24:23', NULL, NULL),
(58, 'Student Document', 'student-document-index', 'Index', 0, NULL, 'Student Document Index', '2018-08-28 21:24:23', '2018-08-28 21:24:23', NULL, NULL),
(59, 'Student Document', 'student-document-add', 'Add', 0, NULL, 'Student Document Add', '2018-08-28 21:24:23', '2018-08-28 21:24:23', NULL, NULL),
(60, 'Student Document', 'student-document-edit', 'Edit', 0, NULL, 'Edit Student Document', '2018-08-28 21:24:23', '2018-08-28 21:24:23', NULL, NULL),
(61, 'Student Document', 'student-document-delete', 'Delete', 0, NULL, 'Delete Student Document', '2018-08-28 21:24:23', '2018-08-28 21:24:23', NULL, NULL),
(62, 'Student Document', 'student-document-active', 'Active', 0, NULL, 'Active Student Document', '2018-08-28 21:24:23', '2018-08-28 21:24:23', NULL, NULL),
(63, 'Student Document', 'student-document-in-active', 'In-Active', 0, NULL, 'In-Active Student Document', '2018-08-28 21:24:23', '2018-08-28 21:24:23', NULL, NULL),
(64, 'Student Document', 'student-document-bulk-action', 'Bulk(Active,InActive,Delete)', 0, NULL, 'Student Document Bulk Action', '2018-08-28 21:24:23', '2018-08-28 21:24:23', NULL, NULL),
(65, 'Student Note', 'student-note-index', 'Index', 0, NULL, 'Student Note Index', '2018-08-28 21:24:23', '2018-08-28 21:24:23', NULL, NULL),
(66, 'Student Note', 'student-note-add', 'Add', 0, NULL, 'Student Note Add', '2018-08-28 21:24:23', '2018-08-28 21:24:23', NULL, NULL),
(67, 'Student Note', 'student-note-edit', 'Edit', 0, NULL, 'Edit Student Note', '2018-08-28 21:24:23', '2018-08-28 21:24:23', NULL, NULL),
(68, 'Student Note', 'student-note-delete', 'Delete', 0, NULL, 'Delete Student Note', '2018-08-28 21:24:23', '2018-08-28 21:24:23', NULL, NULL),
(69, 'Student Note', 'student-note-active', 'Active', 0, NULL, 'Active Student Note', '2018-08-28 21:24:23', '2018-08-28 21:24:23', NULL, NULL),
(70, 'Student Note', 'student-note-in-active', 'In-Active', 0, NULL, 'In-Active Student Note', '2018-08-28 21:24:23', '2018-08-28 21:24:23', NULL, NULL),
(71, 'Student Note', 'student-note-bulk-action', 'Bulk(Active,InActive,Delete)', 0, NULL, 'Student Note Bulk Action', '2018-08-28 21:24:23', '2018-08-28 21:24:23', NULL, NULL),
(72, 'Staff', 'staff-index', 'Index', 0, NULL, 'Staff Index', '2018-08-28 21:24:23', '2018-08-28 21:24:23', NULL, NULL),
(73, 'Staff', 'staff-add', 'Add', 0, NULL, 'Staff Registration', '2018-08-28 21:24:23', '2018-08-28 21:24:23', NULL, NULL),
(74, 'Staff', 'staff-view', 'View', 0, NULL, 'View Staff', '2018-08-28 21:24:24', '2018-08-28 21:24:24', NULL, NULL),
(75, 'Staff', 'staff-edit', 'Edit', 0, NULL, 'Edit Staff', '2018-08-28 21:24:24', '2018-08-28 21:24:24', NULL, NULL),
(76, 'Staff', 'staff-delete', 'Delete', 0, NULL, 'Delete Staff', '2018-08-28 21:24:24', '2018-08-28 21:24:24', NULL, NULL),
(77, 'Staff', 'staff-active', 'Active', 0, NULL, 'Active Staff', '2018-08-28 21:24:24', '2018-08-28 21:24:24', NULL, NULL),
(78, 'Staff', 'staff-in-active', 'In-Active', 0, NULL, 'In-Active Staff', '2018-08-28 21:24:24', '2018-08-28 21:24:24', NULL, NULL),
(79, 'Staff', 'staff-bulk-action', 'Bulk(Active,InActive,Delete)', 0, NULL, 'Staff Bulk Action', '2018-08-28 21:24:24', '2018-08-28 21:24:24', NULL, NULL),
(80, 'Staff Document', 'staff-document-index', 'Index', 0, NULL, 'Staff Document Index', '2018-08-28 21:24:24', '2018-08-28 21:24:24', NULL, NULL),
(81, 'Staff Document', 'staff-document-add', 'Add', 0, NULL, 'Staff Document Add', '2018-08-28 21:24:24', '2018-08-28 21:24:24', NULL, NULL),
(82, 'Staff Document', 'staff-document-edit', 'Edit', 0, NULL, 'Edit Staff Document', '2018-08-28 21:24:24', '2018-08-28 21:24:24', NULL, NULL),
(83, 'Staff Document', 'staff-document-delete', 'Delete', 0, NULL, 'Delete Staff Document', '2018-08-28 21:24:24', '2018-08-28 21:24:24', NULL, NULL),
(84, 'Staff Document', 'staff-document-active', 'Active', 0, NULL, 'Active Staff Document', '2018-08-28 21:24:24', '2018-08-28 21:24:24', NULL, NULL),
(85, 'Staff Document', 'staff-document-in-active', 'In-Active', 0, NULL, 'In-Active Staff Document', '2018-08-28 21:24:24', '2018-08-28 21:24:24', NULL, NULL),
(86, 'Staff Document', 'staff-document-bulk-action', 'Bulk(Active,InActive,Delete)', 0, NULL, 'Staff Document Bulk Action', '2018-08-28 21:24:24', '2018-08-28 21:24:24', NULL, NULL),
(87, 'Staff Note', 'staff-note-index', 'Index', 0, NULL, 'Staff Note Index', '2018-08-28 21:24:24', '2018-08-28 21:24:24', NULL, NULL),
(88, 'Staff Note', 'staff-note-add', 'Add', 0, NULL, 'Staff Note Add', '2018-08-28 21:24:24', '2018-08-28 21:24:24', NULL, NULL),
(89, 'Staff Note', 'staff-note-edit', 'Edit', 0, NULL, 'Edit Staff Note', '2018-08-28 21:24:24', '2018-08-28 21:24:24', NULL, NULL),
(90, 'Staff Note', 'staff-note-delete', 'Delete', 0, NULL, 'Delete Staff Note', '2018-08-28 21:24:24', '2018-08-28 21:24:24', NULL, NULL),
(91, 'Staff Note', 'staff-note-active', 'Active', 0, NULL, 'Active Staff Note', '2018-08-28 21:24:24', '2018-08-28 21:24:24', NULL, NULL),
(92, 'Staff Note', 'staff-note-in-active', 'In-Active', 0, NULL, 'In-Active Staff Note', '2018-08-28 21:24:24', '2018-08-28 21:24:24', NULL, NULL),
(93, 'Staff Note', 'staff-note-bulk-action', 'Bulk(Active,InActive,Delete)', 0, NULL, 'Staff Note Bulk Action', '2018-08-28 21:24:24', '2018-08-28 21:24:24', NULL, NULL),
(94, 'Staff Designation', 'staff-designation-index', 'Index', 0, NULL, 'Staff Designation Index', '2018-08-28 21:24:24', '2018-08-28 21:24:24', NULL, NULL),
(95, 'Staff Designation', 'staff-designation-add', 'Add', 0, NULL, 'Staff Designation Add', '2018-08-28 21:24:24', '2018-08-28 21:24:24', NULL, NULL),
(96, 'Staff Designation', 'staff-designation-edit', 'Edit', 0, NULL, 'Edit Staff Designation', '2018-08-28 21:24:24', '2018-08-28 21:24:24', NULL, NULL),
(97, 'Staff Designation', 'staff-designation-delete', 'Delete', 0, NULL, 'Delete Staff Designation', '2018-08-28 21:24:24', '2018-08-28 21:24:24', NULL, NULL),
(98, 'Staff Designation', 'staff-designation-active', 'Active', 0, NULL, 'Active Staff Designation', '2018-08-28 21:24:24', '2018-08-28 21:24:24', NULL, NULL),
(99, 'Staff Designation', 'staff-designation-in-active', 'In-Active', 0, NULL, 'In-Active Staff Designation', '2018-08-28 21:24:24', '2018-08-28 21:24:24', NULL, NULL),
(100, 'Staff Designation', 'staff-designation-bulk-action', 'Bulk(Active,InActive,Delete)', 0, NULL, 'Staff Designation Bulk Action', '2018-08-28 21:24:24', '2018-08-28 21:24:24', NULL, NULL),
(101, 'Fees', 'fees-index', 'Index', 0, NULL, 'Student Fees Index', '2018-08-28 21:24:24', '2018-08-28 21:24:24', NULL, NULL),
(102, 'Fees', 'fees-balance', 'Balance', 0, NULL, 'Fees Balance', '2018-08-28 21:24:24', '2018-08-28 21:24:24', NULL, NULL),
(103, 'Fees Head', 'fees-head-index', 'Index', 0, NULL, 'Fees Head Index', '2018-08-28 21:24:24', '2018-08-28 21:24:24', NULL, NULL),
(104, 'Fees Head', 'fees-head-add', 'Add', 0, NULL, 'Fees Head Add', '2018-08-28 21:24:24', '2018-08-28 21:24:24', NULL, NULL),
(105, 'Fees Head', 'fees-head-edit', 'Edit', 0, NULL, 'Edit Fees Head', '2018-08-28 21:24:24', '2018-08-28 21:24:24', NULL, NULL),
(106, 'Fees Head', 'fees-head-delete', 'Delete', 0, NULL, 'Delete Fees Head', '2018-08-28 21:24:25', '2018-08-28 21:24:25', NULL, NULL),
(107, 'Fees Head', 'fees-head-active', 'Active', 0, NULL, 'Active Fees Head', '2018-08-28 21:24:25', '2018-08-28 21:24:25', NULL, NULL),
(108, 'Fees Head', 'fees-head-in-active', 'In-Active', 0, NULL, 'In-Active Fees Head', '2018-08-28 21:24:25', '2018-08-28 21:24:25', NULL, NULL),
(109, 'Fees Head', 'fees-head-bulk-action', 'Bulk(Active,InActive,Delete)', 0, NULL, 'Fees Head Bulk Action', '2018-08-28 21:24:25', '2018-08-28 21:24:25', NULL, NULL),
(110, 'Fees Master', 'fees-master-index', 'Index', 0, NULL, 'Fees Master Index', '2018-08-28 21:24:25', '2018-08-28 21:24:25', NULL, NULL),
(111, 'Fees Master', 'fees-master-add', 'Add', 0, NULL, 'Fees Master Add', '2018-08-28 21:24:25', '2018-08-28 21:24:25', NULL, NULL),
(112, 'Fees Master', 'fees-master-edit', 'Edit', 0, NULL, 'Edit Fees Master', '2018-08-28 21:24:25', '2018-08-28 21:24:25', NULL, NULL),
(113, 'Fees Master', 'fees-master-delete', 'Delete', 0, NULL, 'Delete Fees Master', '2018-08-28 21:24:25', '2018-08-28 21:24:25', NULL, NULL),
(114, 'Fees Master', 'fees-master-active', 'Active', 0, NULL, 'Active Fees Master', '2018-08-28 21:24:25', '2018-08-28 21:24:25', NULL, NULL),
(115, 'Fees Master', 'fees-master-in-active', 'In-Active', 0, NULL, 'In-Active Fees Master', '2018-08-28 21:24:25', '2018-08-28 21:24:25', NULL, NULL),
(116, 'Fees Master', 'fees-master-bulk-action', 'Bulk(Active,InActive,Delete)', 0, NULL, 'Fees Master Bulk Action', '2018-08-28 21:24:25', '2018-08-28 21:24:25', NULL, NULL),
(117, 'Fees Collection', 'fees-collection-index', 'Index', 0, NULL, 'Fees Collection Index', '2018-08-28 21:24:25', '2018-08-28 21:24:25', NULL, NULL),
(118, 'Fees Collection', 'fees-collection-add', 'Add', 0, NULL, 'Fees Collection Add', '2018-08-28 21:24:25', '2018-08-28 21:24:25', NULL, NULL),
(119, 'Fees Collection', 'fees-collection-view', 'View', 0, NULL, 'View Fees Collection', '2018-08-28 21:24:25', '2018-08-28 21:24:25', NULL, NULL),
(120, 'Fees Collection', 'fees-collection-delete', 'Delete', 0, NULL, 'Delete Fees Collection', '2018-08-28 21:24:25', '2018-08-28 21:24:25', NULL, NULL),
(121, 'Online Payment', 'fees-payment-stripe-payment', 'Stripe', 0, NULL, 'Stripe Payment', '2018-08-28 21:24:25', '2018-08-28 21:24:25', NULL, NULL),
(122, 'Online Payment', 'fees-payment-khalti-payment', 'Khalti', 0, NULL, 'Khalti Payment', '2018-08-28 21:24:25', '2018-08-28 21:24:25', NULL, NULL),
(123, 'Online Payment', 'fees-payment-payumoney-payment', 'payUmoney', 0, NULL, 'PayUmoney Payment', '2018-08-28 21:24:25', '2018-08-28 21:24:25', NULL, NULL),
(124, 'Payroll', 'payroll-index', 'Index', 0, NULL, 'Staff Payroll Index', '2018-08-28 21:24:25', '2018-08-28 21:24:25', NULL, NULL),
(125, 'Payroll', 'payroll-balance', 'Balance', 0, NULL, 'Payroll Balance', '2018-08-28 21:24:25', '2018-08-28 21:24:25', NULL, NULL),
(126, 'Payroll Head', 'payroll-head-index', 'Index', 0, NULL, 'Payroll Head Index', '2018-08-28 21:24:25', '2018-08-28 21:24:25', NULL, NULL),
(127, 'Payroll Head', 'payroll-head-add', 'Add', 0, NULL, 'Payroll Head Add', '2018-08-28 21:24:25', '2018-08-28 21:24:25', NULL, NULL),
(128, 'Payroll Head', 'payroll-head-edit', 'Edit', 0, NULL, 'Edit Payroll Head', '2018-08-28 21:24:25', '2018-08-28 21:24:25', NULL, NULL),
(129, 'Payroll Head', 'payroll-head-delete', 'Delete', 0, NULL, 'Delete Payroll Head', '2018-08-28 21:24:25', '2018-08-28 21:24:25', NULL, NULL),
(130, 'Payroll Head', 'payroll-head-active', 'Active', 0, NULL, 'Active Payroll Head', '2018-08-28 21:24:25', '2018-08-28 21:24:25', NULL, NULL),
(131, 'Payroll Head', 'payroll-head-in-active', 'In-Active', 0, NULL, 'In-Active Payroll Head', '2018-08-28 21:24:25', '2018-08-28 21:24:25', NULL, NULL),
(132, 'Payroll Head', 'payroll-head-bulk-action', 'Bulk(Active,InActive,Delete)', 0, NULL, 'Payroll Head Bulk Action', '2018-08-28 21:24:25', '2018-08-28 21:24:25', NULL, NULL),
(133, 'Payroll Master', 'payroll-master-index', 'Index', 0, NULL, 'Payroll Master Index', '2018-08-28 21:24:25', '2018-08-28 21:24:25', NULL, NULL),
(134, 'Payroll Master', 'payroll-master-add', 'Add', 0, NULL, 'Payroll Master Add', '2018-08-28 21:24:25', '2018-08-28 21:24:25', NULL, NULL),
(135, 'Payroll Master', 'payroll-master-edit', 'Edit', 0, NULL, 'Edit Payroll Master', '2018-08-28 21:24:25', '2018-08-28 21:24:25', NULL, NULL),
(136, 'Payroll Master', 'payroll-master-delete', 'Delete', 0, NULL, 'Delete Payroll Master', '2018-08-28 21:24:25', '2018-08-28 21:24:25', NULL, NULL),
(137, 'Payroll Master', 'payroll-master-active', 'Active', 0, NULL, 'Active Payroll Master', '2018-08-28 21:24:25', '2018-08-28 21:24:25', NULL, NULL),
(138, 'Payroll Master', 'payroll-master-in-active', 'In-Active', 0, NULL, 'In-Active Payroll Master', '2018-08-28 21:24:26', '2018-08-28 21:24:26', NULL, NULL),
(139, 'Payroll Master', 'payroll-master-bulk-action', 'Bulk(Active,InActive,Delete)', 0, NULL, 'Payroll Master Bulk Action', '2018-08-28 21:24:26', '2018-08-28 21:24:26', NULL, NULL),
(140, 'Salary Pay', 'salary-payment-index', 'Index', 0, NULL, 'Salary Pay Index', '2018-08-28 21:24:26', '2018-08-28 21:24:26', NULL, NULL),
(141, 'Salary Pay', 'salary-payment-add', 'Add', 0, NULL, 'Salary Pay Add', '2018-08-28 21:24:26', '2018-08-28 21:24:26', NULL, NULL),
(142, 'Salary Pay', 'salary-payment-view', 'View', 0, NULL, 'View Salary Pay', '2018-08-28 21:24:26', '2018-08-28 21:24:26', NULL, NULL),
(143, 'Salary Pay', 'salary-payment-delete', 'Delete', 0, NULL, 'Delete Salary Pay', '2018-08-28 21:24:26', '2018-08-28 21:24:26', NULL, NULL),
(144, 'Transaction Head', 'transaction-head-index', 'Index', 0, NULL, 'Transaction Head Index', '2018-08-28 21:24:26', '2018-08-28 21:24:26', NULL, NULL),
(145, 'Transaction Head', 'transaction-head-add', 'Add', 0, NULL, 'Transaction Head Add', '2018-08-28 21:24:26', '2018-08-28 21:24:26', NULL, NULL),
(146, 'Transaction Head', 'transaction-head-edit', 'Edit', 0, NULL, 'Edit Transaction Head', '2018-08-28 21:24:26', '2018-08-28 21:24:26', NULL, NULL),
(147, 'Transaction Head', 'transaction-head-delete', 'Delete', 0, NULL, 'Delete Transaction Head', '2018-08-28 21:24:26', '2018-08-28 21:24:26', NULL, NULL),
(148, 'Transaction Head', 'transaction-head-active', 'Active', 0, NULL, 'Active Transaction Head', '2018-08-28 21:24:26', '2018-08-28 21:24:26', NULL, NULL),
(149, 'Transaction Head', 'transaction-head-in-active', 'In-Active', 0, NULL, 'In-Active Transaction Head', '2018-08-28 21:24:26', '2018-08-28 21:24:26', NULL, NULL),
(150, 'Transaction Head', 'transaction-head-bulk-action', 'Bulk(Active,InActive,Delete)', 0, NULL, 'Payroll Head Bulk Action', '2018-08-28 21:24:26', '2018-08-28 21:24:26', NULL, NULL),
(151, 'Transaction', 'transaction-index', 'Index', 0, NULL, 'Transaction Index', '2018-08-28 21:24:26', '2018-08-28 21:24:26', NULL, NULL),
(152, 'Transaction', 'transaction-add', 'Add', 0, NULL, 'Transaction Add', '2018-08-28 21:24:26', '2018-08-28 21:24:26', NULL, NULL),
(153, 'Transaction', 'transaction-edit', 'Edit', 0, NULL, 'Edit Transaction', '2018-08-28 21:24:26', '2018-08-28 21:24:26', NULL, NULL),
(154, 'Transaction', 'transaction-delete', 'Delete', 0, NULL, 'Delete Transaction', '2018-08-28 21:24:26', '2018-08-28 21:24:26', NULL, NULL),
(155, 'Transaction', 'transaction-active', 'Active', 0, NULL, 'Active Transaction', '2018-08-28 21:24:26', '2018-08-28 21:24:26', NULL, NULL),
(156, 'Transaction', 'transaction-in-active', 'In-Active', 0, NULL, 'In-Active Transaction', '2018-08-28 21:24:26', '2018-08-28 21:24:26', NULL, NULL),
(157, 'Transaction', 'transaction-bulk-action', 'Bulk(Active,InActive,Delete)', 0, NULL, 'Transaction Bulk Action', '2018-08-28 21:24:26', '2018-08-28 21:24:26', NULL, NULL),
(158, 'Account Print', 'fee-print-master', 'Master Slip', 0, NULL, 'Fee Master Slip', '2018-08-28 21:24:26', '2018-08-28 21:24:26', NULL, NULL),
(159, 'Account Print', 'fee-print-collection', 'Collection', 0, NULL, 'Print Fee Collection', '2018-08-28 21:24:26', '2018-08-28 21:24:26', NULL, NULL),
(160, 'Account Print', 'fee-print-today-receipt', 'Today Short Receipt', 0, NULL, 'Print Today Short Receipt', '2018-08-28 21:24:26', '2018-08-28 21:24:26', NULL, NULL),
(161, 'Account Print', 'fee-print-today-detail-receipt', 'Today Detail Receipt', 0, NULL, 'Print Today Detail Receip', '2018-08-28 21:24:26', '2018-08-28 21:24:26', NULL, NULL),
(162, 'Account Print', 'fee-print-student-ledger', 'Student Ledger', 0, NULL, 'Print Student Ledger', '2018-08-28 21:24:26', '2018-08-28 21:24:26', NULL, NULL),
(163, 'Account Print', 'fee-print-student-due', 'Due Short Slip', 0, NULL, 'Print Due Short Slip', '2018-08-28 21:24:26', '2018-08-28 21:24:26', NULL, NULL),
(164, 'Account Print', 'fee-print-student-due-detail', 'Due Detail Slip', 0, NULL, 'Print Due Detail Slip', '2018-08-28 21:24:26', '2018-08-28 21:24:26', NULL, NULL),
(165, 'Account Print', 'fee-print-bulk-due-slip', 'Bulk Due Short Slip', 0, NULL, 'Print Bulk Due Short Slip', '2018-08-28 21:24:26', '2018-08-28 21:24:26', NULL, NULL),
(166, 'Account Print', 'fee-print-bulk-due-detail-slip', 'Bulk Due Detail SLip', 0, NULL, 'Print Bulk Due Detail SLip', '2018-08-28 21:24:26', '2018-08-28 21:24:26', NULL, NULL),
(167, 'Library', 'library-index', 'Index', 0, NULL, 'Library Index', '2018-08-28 21:24:26', '2018-08-28 21:24:26', NULL, NULL),
(168, 'Library', 'library-book-issue', 'Book Issue', 0, NULL, 'Book Issue', '2018-08-28 21:24:26', '2018-08-28 21:24:26', NULL, NULL),
(169, 'Library', 'library-book-return', 'Book Return', 0, NULL, 'Return Book', '2018-08-28 21:24:27', '2018-08-28 21:24:27', NULL, NULL),
(170, 'Library', 'library-return-over', 'Return Period Over', 0, NULL, 'Return Period Over', '2018-08-28 21:24:27', '2018-08-28 21:24:27', NULL, NULL),
(171, 'Library', 'library-issue-history', 'History', 0, NULL, 'Issue History', '2018-08-28 21:24:27', '2018-08-28 21:24:27', NULL, NULL),
(172, 'Book', 'book-index', 'Index', 0, NULL, 'Book Index', '2018-08-28 21:24:27', '2018-08-28 21:24:27', NULL, NULL),
(173, 'Book', 'book-add', 'Add', 0, NULL, 'Book Add', '2018-08-28 21:24:27', '2018-08-28 21:24:27', NULL, NULL),
(174, 'Book', 'book-edit', 'Edit', 0, NULL, 'Edit Book', '2018-08-28 21:24:27', '2018-08-28 21:24:27', NULL, NULL),
(175, 'Book', 'book-view', 'View', 0, NULL, 'View Book', '2018-08-28 21:24:27', '2018-08-28 21:24:27', NULL, NULL),
(176, 'Book', 'book-delete', 'Delete', 0, NULL, 'Delete Book', '2018-08-28 21:24:27', '2018-08-28 21:24:27', NULL, NULL),
(177, 'Book', 'book-active', 'Active', 0, NULL, 'Active Book', '2018-08-28 21:24:27', '2018-08-28 21:24:27', NULL, NULL),
(178, 'Book', 'book-in-active', 'In-Active', 0, NULL, 'In-Active Book', '2018-08-28 21:24:27', '2018-08-28 21:24:27', NULL, NULL),
(179, 'Book', 'book-bulk-action', 'Bulk(Active,InActive,Delete)', 0, NULL, 'Book Bulk Action', '2018-08-28 21:24:27', '2018-08-28 21:24:27', NULL, NULL),
(180, 'Book', 'book-add-copies', 'Add Book Copies', 0, NULL, 'Add Book Copies', '2018-08-28 21:24:27', '2018-08-28 21:24:27', NULL, NULL),
(181, 'Book', 'book-status', 'Status', 0, NULL, 'Book Status', '2018-08-28 21:24:27', '2018-08-28 21:24:27', NULL, NULL),
(182, 'Book', 'book-bulk-copies-delete', 'Delete Bulk Copies', 0, NULL, 'Delete Bulk Copes', '2018-08-28 21:24:27', '2018-08-28 21:24:27', NULL, NULL),
(183, 'Book Category', 'book-category-index', 'Index', 0, NULL, 'Book Category Index', '2018-08-28 21:24:27', '2018-08-28 21:24:27', NULL, NULL),
(184, 'Book Category', 'book-category-add', 'Add', 0, NULL, 'Book Category Add', '2018-08-28 21:24:27', '2018-08-28 21:24:27', NULL, NULL),
(185, 'Book Category', 'book-category-edit', 'Edit', 0, NULL, 'Edit Book Category', '2018-08-28 21:24:27', '2018-08-28 21:24:27', NULL, NULL),
(186, 'Book Category', 'book-category-delete', 'Delete', 0, NULL, 'Delete Book Category', '2018-08-28 21:24:27', '2018-08-28 21:24:27', NULL, NULL),
(187, 'Book Category', 'book-category-active', 'Active', 0, NULL, 'Active Book Category', '2018-08-28 21:24:27', '2018-08-28 21:24:27', NULL, NULL),
(188, 'Book Category', 'book-category-in-active', 'In-Active', 0, NULL, 'In-Active Book Category', '2018-08-28 21:24:27', '2018-08-28 21:24:27', NULL, NULL),
(189, 'Book Category', 'book-category-bulk-action', 'Bulk(Active,InActive,Delete)', 0, NULL, 'Book Category Bulk Action', '2018-08-28 21:24:27', '2018-08-28 21:24:27', NULL, NULL),
(190, 'Library Circulation', 'library-circulation-index', 'Index', 0, NULL, 'Library Circulation Index', '2018-08-28 21:24:27', '2018-08-28 21:24:27', NULL, NULL),
(191, 'Library Circulation', 'library-circulation-add', 'Add', 0, NULL, 'Library Circulation Add', '2018-08-28 21:24:27', '2018-08-28 21:24:27', NULL, NULL),
(192, 'Library Circulation', 'library-circulation-edit', 'Edit', 0, NULL, 'Edit Library Circulation', '2018-08-28 21:24:27', '2018-08-28 21:24:27', NULL, NULL),
(193, 'Library Circulation', 'library-circulation-delete', 'Delete', 0, NULL, 'Delete Library Circulation', '2018-08-28 21:24:27', '2018-08-28 21:24:27', NULL, NULL),
(194, 'Library Circulation', 'library-circulation-active', 'Active', 0, NULL, 'Active Library Circulation', '2018-08-28 21:24:27', '2018-08-28 21:24:27', NULL, NULL),
(195, 'Library Circulation', 'library-circulation-in-active', 'In-Active', 0, NULL, 'In-Active Library Circulation', '2018-08-28 21:24:27', '2018-08-28 21:24:27', NULL, NULL),
(196, 'Library Circulation', 'library-circulation-bulk-action', 'Bulk(Active,InActive,Delete)', 0, NULL, 'Library Circulation Bulk Action', '2018-08-28 21:24:27', '2018-08-28 21:24:27', NULL, NULL),
(197, 'Library Member', 'library-member-index', 'Index', 0, NULL, 'Library Member Index', '2018-08-28 21:24:27', '2018-08-28 21:24:27', NULL, NULL),
(198, 'Library Member', 'library-member-add', 'Add', 0, NULL, 'Library Member Add', '2018-08-28 21:24:27', '2018-08-28 21:24:27', NULL, NULL),
(199, 'Library Member', 'library-member-edit', 'Edit', 0, NULL, 'Edit Library Member', '2018-08-28 21:24:27', '2018-08-28 21:24:27', NULL, NULL),
(200, 'Library Member', 'library-member-delete', 'Delete', 0, NULL, 'Delete Library Member', '2018-08-28 21:24:27', '2018-08-28 21:24:27', NULL, NULL),
(201, 'Library Member', 'library-member-active', 'Active', 0, NULL, 'Active Library Member', '2018-08-28 21:24:27', '2018-08-28 21:24:27', NULL, NULL),
(202, 'Library Member', 'library-member-in-active', 'In-Active', 0, NULL, 'In-Active Library Member', '2018-08-28 21:24:27', '2018-08-28 21:24:27', NULL, NULL),
(203, 'Library Member', 'library-member-bulk-action', 'Bulk(Active,InActive,Delete)', 0, NULL, 'Library Member Bulk Action', '2018-08-28 21:24:28', '2018-08-28 21:24:28', NULL, NULL),
(204, 'Library Member', 'library-member-staff', 'Staff Index', 0, NULL, 'Library Member Staff', '2018-08-28 21:24:28', '2018-08-28 21:24:28', NULL, NULL),
(205, 'Library Member', 'library-member-staff-view', 'Staff View', 0, NULL, 'Library Member Staff', '2018-08-28 21:24:28', '2018-08-28 21:24:28', NULL, NULL),
(206, 'Library Member', 'library-member-student', 'Student Index', 0, NULL, 'Library Member Student', '2018-08-28 21:24:28', '2018-08-28 21:24:28', NULL, NULL),
(207, 'Library Member', 'library-member-student-view', 'Student View', 0, NULL, 'Library Member Student', '2018-08-28 21:24:28', '2018-08-28 21:24:28', NULL, NULL),
(208, 'Attendance Master', 'attendance-master-index', 'Index', 0, NULL, 'Attendance Master Index', '2018-08-28 21:24:28', '2018-08-28 21:24:28', NULL, NULL),
(209, 'Attendance Master', 'attendance-master-add', 'Add', 0, NULL, 'Attendance Master Add', '2018-08-28 21:24:28', '2018-08-28 21:24:28', NULL, NULL),
(210, 'Attendance Master', 'attendance-master-edit', 'Edit', 0, NULL, 'Edit Attendance Master', '2018-08-28 21:24:28', '2018-08-28 21:24:28', NULL, NULL),
(211, 'Attendance Master', 'attendance-master-delete', 'Delete', 0, NULL, 'Delete Attendance Master', '2018-08-28 21:24:28', '2018-08-28 21:24:28', NULL, NULL),
(212, 'Attendance Master', 'attendance-master-active', 'Active', 0, NULL, 'Active Attendance Master', '2018-08-28 21:24:28', '2018-08-28 21:24:28', NULL, NULL),
(213, 'Attendance Master', 'attendance-master-in-active', 'In-Active', 0, NULL, 'In-Active Attendance Master', '2018-08-28 21:24:28', '2018-08-28 21:24:28', NULL, NULL),
(214, 'Attendance Master', 'attendance-master-bulk-action', 'Bulk(Active,InActive,Delete)', 0, NULL, 'Attendance Master Bulk Action', '2018-08-28 21:24:28', '2018-08-28 21:24:28', NULL, NULL),
(215, 'Student Attendance', 'student-attendance-index', 'Index', 0, NULL, 'Student Attendance Index', '2018-08-28 21:24:28', '2018-08-28 21:24:28', NULL, NULL),
(216, 'Student Attendance', 'student-attendance-add', 'Add', 0, NULL, 'Student Attendance Add', '2018-08-28 21:24:28', '2018-08-28 21:24:28', NULL, NULL),
(217, 'Student Attendance', 'student-attendance-delete', 'Delete', 0, NULL, 'Delete Student Attendance', '2018-08-28 21:24:28', '2018-08-28 21:24:28', NULL, NULL),
(218, 'Student Attendance', 'student-attendance-bulk-action', 'Bulk(Active,InActive,Delete)', 0, NULL, 'Student Attendance Bulk Action', '2018-08-28 21:24:28', '2018-08-28 21:24:28', NULL, NULL),
(219, 'Staff Attendance', 'staff-attendance-index', 'Index', 0, NULL, 'Staff Attendance Index', '2018-08-28 21:24:28', '2018-08-28 21:24:28', NULL, NULL),
(220, 'Staff Attendance', 'staff-attendance-add', 'Add', 0, NULL, 'Staff Attendance Add', '2018-08-28 21:24:28', '2018-08-28 21:24:28', NULL, NULL),
(221, 'Staff Attendance', 'staff-attendance-delete', 'Delete', 0, NULL, 'Delete Staff Attendance', '2018-08-28 21:24:28', '2018-08-28 21:24:28', NULL, NULL),
(222, 'Staff Attendance', 'staff-attendance-bulk-action', 'Bulk(Active,InActive,Delete)', 0, NULL, 'Staff Attendance Bulk Action', '2018-08-28 21:24:28', '2018-08-28 21:24:28', NULL, NULL),
(223, 'Exam', 'exam-index', 'Index', 0, NULL, 'Exam Index', '2018-08-28 21:24:28', '2018-08-28 21:24:28', NULL, NULL),
(224, 'Exam', 'exam-add', 'Add', 0, NULL, 'Exam Add', '2018-08-28 21:24:28', '2018-08-28 21:24:28', NULL, NULL),
(225, 'Exam', 'exam-edit', 'Edit', 0, NULL, 'Edit Exam', '2018-08-28 21:24:28', '2018-08-28 21:24:28', NULL, NULL),
(226, 'Exam', 'exam-delete', 'Delete', 0, NULL, 'Delete Exam', '2018-08-28 21:24:28', '2018-08-28 21:24:28', NULL, NULL),
(227, 'Exam', 'exam-active', 'Active', 0, NULL, 'Active Exam', '2018-08-28 21:24:28', '2018-08-28 21:24:28', NULL, NULL),
(228, 'Exam', 'exam-in-active', 'In-Active', 0, NULL, 'In-Active Exam', '2018-08-28 21:24:28', '2018-08-28 21:24:28', NULL, NULL),
(229, 'Exam', 'exam-bulk-action', 'Bulk(Active,InActive,Delete)', 0, NULL, 'Exam Bulk Action', '2018-08-28 21:24:28', '2018-08-28 21:24:28', NULL, NULL),
(230, 'Exam', 'exam-admit-card', 'Admit Card', 0, NULL, 'Exam Admit Card', '2018-08-28 21:24:28', '2018-08-28 21:24:28', NULL, NULL),
(231, 'Exam', 'exam-exam-routine', 'Routin/Schedule', 0, NULL, 'Exam Routine/Schedule', '2018-08-28 21:24:28', '2018-08-28 21:24:28', NULL, NULL),
(232, 'Exam', 'exam-mark-sheet', 'MarkSheet', 0, NULL, 'Exam Mark Sheet', '2018-08-28 21:24:28', '2018-08-28 21:24:28', NULL, NULL),
(233, 'Exam', 'exam-result-publish', 'Result Publish', 0, NULL, 'Exam Result Publish', '2018-08-28 21:24:28', '2018-08-28 21:24:28', NULL, NULL),
(234, 'Exam', 'exam-result-un-publish', 'Result UnPublish', 0, NULL, 'Exam Result UnPublish', '2018-08-28 21:24:28', '2018-08-28 21:24:28', NULL, NULL),
(235, 'Exam Schedule', 'exam-schedule-index', 'Index', 0, NULL, 'Exam Schedule Index', '2018-08-28 21:24:29', '2018-08-28 21:24:29', NULL, NULL),
(236, 'Exam Schedule', 'exam-schedule-add', 'Add', 0, NULL, 'Exam Schedule Add', '2018-08-28 21:24:29', '2018-08-28 21:24:29', NULL, NULL),
(237, 'Exam Schedule', 'exam-schedule-edit', 'Edit', 0, NULL, 'Edit Exam Schedule', '2018-08-28 21:24:29', '2018-08-28 21:24:29', NULL, NULL),
(238, 'Exam Schedule', 'exam-schedule-delete', 'Delete', 0, NULL, 'Delete Exam Schedule', '2018-08-28 21:24:29', '2018-08-28 21:24:29', NULL, NULL),
(239, 'Exam Schedule', 'exam-schedule-active', 'Active', 0, NULL, 'Active Exam Schedule', '2018-08-28 21:24:29', '2018-08-28 21:24:29', NULL, NULL),
(240, 'Exam Schedule', 'exam-schedule-in-active', 'In-Active', 0, NULL, 'In-Active Exam Schedule', '2018-08-28 21:24:29', '2018-08-28 21:24:29', NULL, NULL),
(241, 'Exam Mark Ledger', 'exam-mark-ledger-index', 'Index', 0, NULL, 'Exam Mark Ledger Index', '2018-08-28 21:24:29', '2018-08-28 21:24:29', NULL, NULL),
(242, 'Exam Mark Ledger', 'exam-mark-ledger-add', 'Add', 0, NULL, 'Exam Mark Ledger Add', '2018-08-28 21:24:29', '2018-08-28 21:24:29', NULL, NULL),
(243, 'Exam Mark Ledger', 'exam-mark-ledger-edit', 'Edit', 0, NULL, 'Edit Exam Mark Ledger', '2018-08-28 21:24:29', '2018-08-28 21:24:29', NULL, NULL),
(244, 'Exam Mark Ledger', 'exam-mark-ledger-delete', 'Delete', 0, NULL, 'Delete Exam Mark Ledger', '2018-08-28 21:24:29', '2018-08-28 21:24:29', NULL, NULL),
(245, 'Exam Mark Ledger', 'exam-mark-ledger-active', 'Active', 0, NULL, 'Active Exam Mark Ledger', '2018-08-28 21:24:29', '2018-08-28 21:24:29', NULL, NULL),
(246, 'Exam Mark Ledger', 'exam-mark-ledger-in-active', 'In-Active', 0, NULL, 'In-Active Exam Mark Ledger', '2018-08-28 21:24:29', '2018-08-28 21:24:29', NULL, NULL),
(247, 'Exam Print', 'exam-print-admitcard', 'Admit Card', 0, NULL, 'Exam Admit Card', '2018-08-28 21:24:29', '2018-08-28 21:24:29', NULL, NULL),
(248, 'Exam Print', 'exam-print-routine', 'Routine/Schedule', 0, NULL, 'Exam Routine/Schedule', '2018-08-28 21:24:29', '2018-08-28 21:24:29', NULL, NULL),
(249, 'Exam Print', 'exam-print-mark-sheet', 'Mark/Grade Sheet', 0, NULL, 'Exam Mark/Grade Sheet', '2018-08-28 21:24:29', '2018-08-28 21:24:29', NULL, NULL),
(250, 'Hostel', 'hostel-index', 'Index', 0, NULL, 'Hostel Index', '2018-08-28 21:24:29', '2018-08-28 21:24:29', NULL, NULL),
(251, 'Hostel', 'hostel-add', 'Add', 0, NULL, 'Hostel Add', '2018-08-28 21:24:29', '2018-08-28 21:24:29', NULL, NULL),
(252, 'Hostel', 'hostel-view', 'view', 0, NULL, 'Hostel View', '2018-08-28 21:24:29', '2018-08-28 21:24:29', NULL, NULL),
(253, 'Hostel', 'hostel-edit', 'Edit', 0, NULL, 'Edit Hostel', '2018-08-28 21:24:29', '2018-08-28 21:24:29', NULL, NULL),
(254, 'Hostel', 'hostel-delete', 'Delete', 0, NULL, 'Delete Hostel', '2018-08-28 21:24:29', '2018-08-28 21:24:29', NULL, NULL),
(255, 'Hostel', 'hostel-active', 'Active', 0, NULL, 'Active Hostel', '2018-08-28 21:24:29', '2018-08-28 21:24:29', NULL, NULL),
(256, 'Hostel', 'hostel-in-active', 'In-Active', 0, NULL, 'In-Active Hostel', '2018-08-28 21:24:29', '2018-08-28 21:24:29', NULL, NULL),
(257, 'Hostel', 'hostel-bulk-action', 'Bulk(Active,InActive,Delete)', 0, NULL, 'Hostel Bulk Action', '2018-08-28 21:24:29', '2018-08-28 21:24:29', NULL, NULL),
(258, 'Room', 'room-add', 'Add', 0, NULL, 'Room Add', '2018-08-28 21:24:29', '2018-08-28 21:24:29', NULL, NULL),
(259, 'Room', 'room-view', 'View', 0, NULL, 'Room View', '2018-08-28 21:24:29', '2018-08-28 21:24:29', NULL, NULL),
(260, 'Room', 'room-edit', 'Edit', 0, NULL, 'Edit Room', '2018-08-28 21:24:29', '2018-08-28 21:24:29', NULL, NULL),
(261, 'Room', 'room-delete', 'Delete', 0, NULL, 'Delete Room', '2018-08-28 21:24:29', '2018-08-28 21:24:29', NULL, NULL),
(262, 'Room', 'room-active', 'Active', 0, NULL, 'Active Room', '2018-08-28 21:24:29', '2018-08-28 21:24:29', NULL, NULL),
(263, 'Room', 'room-in-active', 'In-Active', 0, NULL, 'In-Active Room', '2018-08-28 21:24:29', '2018-08-28 21:24:29', NULL, NULL),
(264, 'Room', 'room-bulk-action', 'Bulk(Active,InActive,Delete)', 0, NULL, 'Room Bulk Action', '2018-08-28 21:24:29', '2018-08-28 21:24:29', NULL, NULL),
(265, 'Bed', 'bed-add', 'Add', 0, NULL, 'Bed Add', '2018-08-28 21:24:29', '2018-08-28 21:24:29', NULL, NULL),
(266, 'Bed', 'bed-status', 'Status', 0, NULL, 'Bed Status', '2018-08-28 21:24:29', '2018-08-28 21:24:29', NULL, NULL),
(267, 'Bed', 'bed-delete', 'Delete', 0, NULL, 'Delete Bed', '2018-08-28 21:24:30', '2018-08-28 21:24:30', NULL, NULL),
(268, 'Bed', 'bed-active', 'Active', 0, NULL, 'Active Bed', '2018-08-28 21:24:30', '2018-08-28 21:24:30', NULL, NULL),
(269, 'Bed', 'bed-in-active', 'In-Active', 0, NULL, 'In-Active Bed', '2018-08-28 21:24:30', '2018-08-28 21:24:30', NULL, NULL),
(270, 'Bed', 'bed-bulk-action', 'Bulk(Active,InActive,Delete)', 0, NULL, 'Bed Bulk Action', '2018-08-28 21:24:30', '2018-08-28 21:24:30', NULL, NULL),
(271, 'Room Type', 'room-type-index', 'Index', 0, NULL, 'Room Type Index', '2018-08-28 21:24:30', '2018-08-28 21:24:30', NULL, NULL),
(272, 'Room Type', 'room-type-add', 'Add', 0, NULL, 'Room Type Add', '2018-08-28 21:24:30', '2018-08-28 21:24:30', NULL, NULL),
(273, 'Room Type', 'room-type-edit', 'Edit', 0, NULL, 'Edit Room Type', '2018-08-28 21:24:30', '2018-08-28 21:24:30', NULL, NULL),
(274, 'Room Type', 'room-type-delete', 'Delete', 0, NULL, 'Delete Room Type', '2018-08-28 21:24:30', '2018-08-28 21:24:30', NULL, NULL),
(275, 'Room Type', 'room-type-active', 'Active', 0, NULL, 'Active Room Type', '2018-08-28 21:24:30', '2018-08-28 21:24:30', NULL, NULL),
(276, 'Room Type', 'room-type-in-active', 'In-Active', 0, NULL, 'In-Active Room Type', '2018-08-28 21:24:30', '2018-08-28 21:24:30', NULL, NULL),
(277, 'Room Type', 'room-type-bulk-action', 'Bulk(Active,InActive,Delete)', 0, NULL, 'Room Type Bulk Action', '2018-08-28 21:24:30', '2018-08-28 21:24:30', NULL, NULL),
(278, 'Resident', 'resident-index', 'Index', 0, NULL, 'Resident Index', '2018-08-28 21:24:30', '2018-08-28 21:24:30', NULL, NULL),
(279, 'Resident', 'resident-add', 'Add', 0, NULL, 'Resident Add', '2018-08-28 21:24:30', '2018-08-28 21:24:30', NULL, NULL),
(280, 'Resident', 'resident-edit', 'Edit', 0, NULL, 'Edit Resident', '2018-08-28 21:24:30', '2018-08-28 21:24:30', NULL, NULL),
(281, 'Resident', 'resident-delete', 'Delete', 0, NULL, 'Delete Resident', '2018-08-28 21:24:30', '2018-08-28 21:24:30', NULL, NULL),
(282, 'Resident', 'resident-bulk-action', 'Bulk(Active,InActive,Delete)', 0, NULL, 'Resident Bulk Action', '2018-08-28 21:24:30', '2018-08-28 21:24:30', NULL, NULL),
(283, 'Resident', 'resident-renew', 'Renew', 0, NULL, 'Renew Resident', '2018-08-28 21:24:30', '2018-08-28 21:24:30', NULL, NULL),
(284, 'Resident', 'resident-leave', 'Leave', 0, NULL, 'Leave Resident', '2018-08-28 21:24:30', '2018-08-28 21:24:30', NULL, NULL),
(285, 'Resident', 'resident-shift', 'Shift', 0, NULL, 'Shift Resident', '2018-08-28 21:24:30', '2018-08-28 21:24:30', NULL, NULL),
(286, 'Resident', 'resident-history', 'History', 0, NULL, 'Resident History', '2018-08-28 21:24:30', '2018-08-28 21:24:30', NULL, NULL),
(287, 'Food', 'food-index', 'Index', 0, NULL, 'Food Index', '2018-08-28 21:24:30', '2018-08-28 21:24:30', NULL, NULL),
(288, 'Food', 'food-add', 'Add', 0, NULL, 'Food Add', '2018-08-28 21:24:30', '2018-08-28 21:24:30', NULL, NULL),
(289, 'Food', 'food-edit', 'Edit', 0, NULL, 'Edit Food', '2018-08-28 21:24:30', '2018-08-28 21:24:30', NULL, NULL),
(290, 'Food', 'food-delete', 'Delete', 0, NULL, 'Delete Food', '2018-08-28 21:24:30', '2018-08-28 21:24:30', NULL, NULL),
(291, 'Food', 'food-active', 'Active', 0, NULL, 'Active Food', '2018-08-28 21:24:30', '2018-08-28 21:24:30', NULL, NULL),
(292, 'Food', 'food-in-active', 'In-Active', 0, NULL, 'In-Active Food', '2018-08-28 21:24:30', '2018-08-28 21:24:30', NULL, NULL),
(293, 'Food', 'food-bulk-action', 'Bulk(Active,InActive,Delete)', 0, NULL, 'Food Bulk Action', '2018-08-28 21:24:30', '2018-08-28 21:24:30', NULL, NULL),
(294, 'Food Category', 'food-category-index', 'Index', 0, NULL, 'Food Category Index', '2018-08-28 21:24:30', '2018-08-28 21:24:30', NULL, NULL),
(295, 'Food Category', 'food-category-add', 'Add', 0, NULL, 'Food Category Add', '2018-08-28 21:24:30', '2018-08-28 21:24:30', NULL, NULL),
(296, 'Food Category', 'food-category-edit', 'Edit', 0, NULL, 'Edit Food Category', '2018-08-28 21:24:30', '2018-08-28 21:24:30', NULL, NULL),
(297, 'Food Category', 'food-category-delete', 'Delete', 0, NULL, 'Delete Food Category', '2018-08-28 21:24:30', '2018-08-28 21:24:30', NULL, NULL),
(298, 'Food Category', 'food-category-active', 'Active', 0, NULL, 'Active Food Category', '2018-08-28 21:24:30', '2018-08-28 21:24:30', NULL, NULL),
(299, 'Food Category', 'food-category-in-active', 'In-Active', 0, NULL, 'In-Active Food Category', '2018-08-28 21:24:30', '2018-08-28 21:24:30', NULL, NULL),
(300, 'Food Category', 'food-category-bulk-action', 'Bulk(Active,InActive,Delete)', 0, NULL, 'Food Category Bulk Action', '2018-08-28 21:24:30', '2018-08-28 21:24:30', NULL, NULL),
(301, 'Food Item', 'food-item-index', 'Index', 0, NULL, 'Food Item Index', '2018-08-28 21:24:31', '2018-08-28 21:24:31', NULL, NULL),
(302, 'Food Item', 'food-item-add', 'Add', 0, NULL, 'Food Item Add', '2018-08-28 21:24:31', '2018-08-28 21:24:31', NULL, NULL),
(303, 'Food Item', 'food-item-edit', 'Edit', 0, NULL, 'Edit Food Item', '2018-08-28 21:24:31', '2018-08-28 21:24:31', NULL, NULL),
(304, 'Food Item', 'food-item-delete', 'Delete', 0, NULL, 'Delete Food Item', '2018-08-28 21:24:31', '2018-08-28 21:24:31', NULL, NULL),
(305, 'Food Item', 'food-item-active', 'Active', 0, NULL, 'Active Food Item', '2018-08-28 21:24:31', '2018-08-28 21:24:31', NULL, NULL),
(306, 'Food Item', 'food-item-in-active', 'In-Active', 0, NULL, 'In-Active Food Item', '2018-08-28 21:24:31', '2018-08-28 21:24:31', NULL, NULL),
(307, 'Food Item', 'food-item-bulk-action', 'Bulk(Active,InActive,Delete)', 0, NULL, 'Food Item Bulk Action', '2018-08-28 21:24:31', '2018-08-28 21:24:31', NULL, NULL),
(308, 'Eating Time', 'eating-time-index', 'Index', 0, NULL, 'Eating Time Index', '2018-08-28 21:24:31', '2018-08-28 21:24:31', NULL, NULL),
(309, 'Eating Time', 'eating-time-add', 'Add', 0, NULL, 'Eating Time Add', '2018-08-28 21:24:31', '2018-08-28 21:24:31', NULL, NULL),
(310, 'Eating Time', 'eating-time-edit', 'Edit', 0, NULL, 'Edit Eating Time', '2018-08-28 21:24:31', '2018-08-28 21:24:31', NULL, NULL),
(311, 'Eating Time', 'eating-time-delete', 'Delete', 0, NULL, 'Delete Eating Time', '2018-08-28 21:24:31', '2018-08-28 21:24:31', NULL, NULL),
(312, 'Eating Time', 'eating-time-active', 'Active', 0, NULL, 'Active Eating Time', '2018-08-28 21:24:31', '2018-08-28 21:24:31', NULL, NULL),
(313, 'Eating Time', 'eating-time-in-active', 'In-Active', 0, NULL, 'In-Active Eating Time', '2018-08-28 21:24:31', '2018-08-28 21:24:31', NULL, NULL),
(314, 'Eating Time', 'eating-time-bulk-action', 'Bulk(Active,InActive,Delete)', 0, NULL, 'Eating Time Bulk Action', '2018-08-28 21:24:31', '2018-08-28 21:24:31', NULL, NULL),
(315, 'Transport Route', 'transport-route-index', 'Index', 0, NULL, 'Transport Route Index', '2018-08-28 21:24:31', '2018-08-28 21:24:31', NULL, NULL),
(316, 'Transport Route', 'transport-route-add', 'Add', 0, NULL, 'Transport Route Add', '2018-08-28 21:24:31', '2018-08-28 21:24:31', NULL, NULL),
(317, 'Transport Route', 'transport-route-edit', 'Edit', 0, NULL, 'Edit Transport Route', '2018-08-28 21:24:31', '2018-08-28 21:24:31', NULL, NULL),
(318, 'Transport Route', 'transport-route-delete', 'Delete', 0, NULL, 'Delete Transport Route', '2018-08-28 21:24:31', '2018-08-28 21:24:31', NULL, NULL),
(319, 'Transport Route', 'transport-route-active', 'Active', 0, NULL, 'Active Transport Route', '2018-08-28 21:24:31', '2018-08-28 21:24:31', NULL, NULL),
(320, 'Transport Route', 'transport-route-in-active', 'In-Active', 0, NULL, 'In-Active Transport Route', '2018-08-28 21:24:31', '2018-08-28 21:24:31', NULL, NULL),
(321, 'Transport Route', 'transport-route-bulk-action', 'Bulk(Active,InActive,Delete)', 0, NULL, 'Transport Route Bulk Action', '2018-08-28 21:24:31', '2018-08-28 21:24:31', NULL, NULL),
(322, 'Vehicle', 'vehicle-index', 'Index', 0, NULL, 'Vehicle Index', '2018-08-28 21:24:31', '2018-08-28 21:24:31', NULL, NULL),
(323, 'Vehicle', 'vehicle-add', 'Add', 0, NULL, 'Vehicle Add', '2018-08-28 21:24:31', '2018-08-28 21:24:31', NULL, NULL),
(324, 'Vehicle', 'vehicle-edit', 'Edit', 0, NULL, 'Edit Vehicle', '2018-08-28 21:24:31', '2018-08-28 21:24:31', NULL, NULL),
(325, 'Vehicle', 'vehicle-delete', 'Delete', 0, NULL, 'Delete Vehicle', '2018-08-28 21:24:31', '2018-08-28 21:24:31', NULL, NULL),
(326, 'Vehicle', 'vehicle-active', 'Active', 0, NULL, 'Active Vehicle', '2018-08-28 21:24:31', '2018-08-28 21:24:31', NULL, NULL),
(327, 'Vehicle', 'vehicle-in-active', 'In-Active', 0, NULL, 'In-Active Vehicle', '2018-08-28 21:24:31', '2018-08-28 21:24:31', NULL, NULL),
(328, 'Vehicle', 'vehicle-bulk-action', 'Bulk(Active,InActive,Delete)', 0, NULL, 'Vehicle Bulk Action', '2018-08-28 21:24:31', '2018-08-28 21:24:31', NULL, NULL),
(329, 'Transport User/Traveller', 'transport-user-index', 'Index', 0, NULL, 'Transport User/Traveller Index', '2018-08-28 21:24:31', '2018-08-28 21:24:31', NULL, NULL),
(330, 'Transport User/Traveller', 'transport-user-add', 'Add', 0, NULL, 'Transport User/Traveller Add', '2018-08-28 21:24:32', '2018-08-28 21:24:32', NULL, NULL),
(331, 'Transport User/Traveller', 'transport-user-edit', 'Edit', 0, NULL, 'Edit Transport User/Traveller', '2018-08-28 21:24:32', '2018-08-28 21:24:32', NULL, NULL),
(332, 'Transport User/Traveller', 'transport-user-delete', 'Delete', 0, NULL, 'Delete Transport User/Traveller', '2018-08-28 21:24:32', '2018-08-28 21:24:32', NULL, NULL),
(333, 'Transport User/Traveller', 'transport-user-bulk-action', 'Bulk(Active,InActive,Delete)', 0, NULL, 'Transport User/Traveller Bulk Action', '2018-08-28 21:24:32', '2018-08-28 21:24:32', NULL, NULL),
(334, 'Transport User/Traveller', 'transport-user-renew', 'Renew', 0, NULL, 'Renew Transport User/Traveller', '2018-08-28 21:24:32', '2018-08-28 21:24:32', NULL, NULL),
(335, 'Transport User/Traveller', 'transport-user-leave', 'Leave', 0, NULL, 'Leave Transport User/Traveller', '2018-08-28 21:24:32', '2018-08-28 21:24:32', NULL, NULL),
(336, 'Transport User/Traveller', 'transport-user-shift', 'Shift', 0, NULL, 'Shift Transport User/Traveller', '2018-08-28 21:24:32', '2018-08-28 21:24:32', NULL, NULL),
(337, 'Transport User/Traveller', 'transport-user-history', 'History', 0, NULL, 'Resident History', '2018-08-28 21:24:32', '2018-08-28 21:24:32', NULL, NULL),
(338, 'Report', 'student-report', 'Student', 0, NULL, 'Student Report', '2018-08-28 21:24:32', '2018-08-28 21:24:32', NULL, NULL),
(339, 'Report', 'staff-report', 'Staff', 0, NULL, 'Staff Report', '2018-08-28 21:24:32', '2018-08-28 21:24:32', NULL, NULL),
(340, 'Notice', 'notice-index', 'Index', 0, NULL, 'Notice Index', '2018-08-28 21:24:32', '2018-08-28 21:24:32', NULL, NULL),
(341, 'Notice', 'notice-add', 'Add', 0, NULL, 'Notice Add', '2018-08-28 21:24:32', '2018-08-28 21:24:32', NULL, NULL),
(342, 'Notice', 'notice-edit', 'Edit', 0, NULL, 'Edit Notice', '2018-08-28 21:24:32', '2018-08-28 21:24:32', NULL, NULL),
(343, 'Notice', 'notice-delete', 'Delete', 0, NULL, 'Delete Notice', '2018-08-28 21:24:32', '2018-08-28 21:24:32', NULL, NULL),
(344, 'SMS/E-Mail', 'sms-email-index', 'Index', 0, NULL, 'SMS/E-Mail Index', '2018-08-28 21:24:32', '2018-08-28 21:24:32', NULL, NULL),
(345, 'SMS/E-Mail', 'sms-email-delete', 'Delete', 0, NULL, 'SMS/E-Mail Delete', '2018-08-28 21:24:32', '2018-08-28 21:24:32', NULL, NULL),
(346, 'SMS/E-Mail', 'sms-email-bulk-action', 'Bulk(Active,InActive,Delete)', 0, NULL, 'Bulk SMS/E-Mail', '2018-08-28 21:24:32', '2018-08-28 21:24:32', NULL, NULL),
(347, 'SMS/E-Mail', 'sms-email-create', 'Create', 0, NULL, 'Create SMS/E-Mail', '2018-08-28 21:24:32', '2018-08-28 21:24:32', NULL, NULL),
(348, 'SMS/E-Mail', 'sms-email-send', 'Send', 0, NULL, 'Send SMS/E-Mail', '2018-08-28 21:24:32', '2018-08-28 21:24:32', NULL, NULL),
(349, 'SMS/E-Mail', 'sms-email-student-guardian-send', 'Student & Guardian', 0, NULL, 'Student & Guardian SMS/E-Mail', '2018-08-28 21:24:32', '2018-08-28 21:24:32', NULL, NULL);
INSERT INTO `permissions` (`id`, `group`, `name`, `display_name`, `parent_id`, `route`, `description`, `created_at`, `updated_at`, `created_by`, `updated_by`) VALUES
(350, 'SMS/E-Mail', 'sms-email-staff-send', 'Staff', 0, NULL, 'Staff SMS/E-Mail', '2018-08-28 21:24:32', '2018-08-28 21:24:32', NULL, NULL),
(351, 'SMS/E-Mail', 'sms-email-individual-send', 'Individual', 0, NULL, 'Individual SMS/E-Mail', '2018-08-28 21:24:32', '2018-08-28 21:24:32', NULL, NULL),
(352, 'SMS/E-Mail', 'sms-email-fee-receipt', 'Fee Receipt', 0, NULL, 'Fee ReceiptSMS/E-Mail', '2018-08-28 21:24:32', '2018-08-28 21:24:32', NULL, NULL),
(353, 'SMS/E-Mail', 'sms-email-due-reminder', 'Due Reminder', 0, NULL, 'Due Reminder SMS/E-Mail', '2018-08-28 21:24:32', '2018-08-28 21:24:32', NULL, NULL),
(354, 'SMS/E-Mail', 'sms-email-book-return-reminder', 'Book Return Reminder', 0, NULL, 'Book Return Reminder', '2018-08-28 21:24:32', '2018-08-28 21:24:32', NULL, NULL),
(355, 'Faculty', 'faculty-index', 'Index', 0, NULL, 'Faculty Index', '2018-08-28 21:24:32', '2018-08-28 21:24:32', NULL, NULL),
(356, 'Faculty', 'faculty-add', 'Add', 0, NULL, 'Faculty Add', '2018-08-28 21:24:32', '2018-08-28 21:24:32', NULL, NULL),
(357, 'Faculty', 'faculty-edit', 'Edit', 0, NULL, 'Edit Faculty', '2018-08-28 21:24:32', '2018-08-28 21:24:32', NULL, NULL),
(358, 'Faculty', 'faculty-delete', 'Delete', 0, NULL, 'Delete Faculty', '2018-08-28 21:24:32', '2018-08-28 21:24:32', NULL, NULL),
(359, 'Faculty', 'faculty-active', 'Active', 0, NULL, 'Active Faculty', '2018-08-28 21:24:32', '2018-08-28 21:24:32', NULL, NULL),
(360, 'Faculty', 'faculty-in-active', 'In-Active', 0, NULL, 'In-Active Faculty', '2018-08-28 21:24:32', '2018-08-28 21:24:32', NULL, NULL),
(361, 'Faculty', 'faculty-bulk-action', 'Bulk(Active,InActive,Delete)', 0, NULL, 'Faculty Bulk Action', '2018-08-28 21:24:32', '2018-08-28 21:24:32', NULL, NULL),
(362, 'Semester', 'semester-index', 'Index', 0, NULL, 'Semester Index', '2018-08-28 21:24:33', '2018-08-28 21:24:33', NULL, NULL),
(363, 'Semester', 'semester-add', 'Add', 0, NULL, 'Semester Add', '2018-08-28 21:24:33', '2018-08-28 21:24:33', NULL, NULL),
(364, 'Semester', 'semester-edit', 'Edit', 0, NULL, 'Edit Semester', '2018-08-28 21:24:33', '2018-08-28 21:24:33', NULL, NULL),
(365, 'Semester', 'semester-delete', 'Delete', 0, NULL, 'Delete Semester', '2018-08-28 21:24:33', '2018-08-28 21:24:33', NULL, NULL),
(366, 'Semester', 'semester-active', 'Active', 0, NULL, 'Active Semester', '2018-08-28 21:24:33', '2018-08-28 21:24:33', NULL, NULL),
(367, 'Semester', 'semester-in-active', 'In-Active', 0, NULL, 'In-Active Semester', '2018-08-28 21:24:33', '2018-08-28 21:24:33', NULL, NULL),
(368, 'Semester', 'semester-bulk-action', 'Bulk(Active,InActive,Delete)', 0, NULL, 'Semester Bulk Action', '2018-08-28 21:24:33', '2018-08-28 21:24:33', NULL, NULL),
(369, 'Grading', 'grading-index', 'Index', 0, NULL, 'Grading Index', '2018-08-28 21:24:33', '2018-08-28 21:24:33', NULL, NULL),
(370, 'Grading', 'grading-add', 'Add', 0, NULL, 'Grading Add', '2018-08-28 21:24:33', '2018-08-28 21:24:33', NULL, NULL),
(371, 'Grading', 'grading-edit', 'Edit', 0, NULL, 'Edit Grading', '2018-08-28 21:24:33', '2018-08-28 21:24:33', NULL, NULL),
(372, 'Grading', 'grading-delete', 'Delete', 0, NULL, 'Delete Grading', '2018-08-28 21:24:33', '2018-08-28 21:24:33', NULL, NULL),
(373, 'Grading', 'grading-active', 'Active', 0, NULL, 'Active Grading', '2018-08-28 21:24:33', '2018-08-28 21:24:33', NULL, NULL),
(374, 'Grading', 'grading-in-active', 'In-Active', 0, NULL, 'In-Active Grading', '2018-08-28 21:24:33', '2018-08-28 21:24:33', NULL, NULL),
(375, 'Grading', 'grading-bulk-action', 'Bulk(Active,InActive,Delete)', 0, NULL, 'Grading Bulk Action', '2018-08-28 21:24:33', '2018-08-28 21:24:33', NULL, NULL),
(376, 'Subject / Course', 'subject-index', 'Index', 0, NULL, 'Subject / Course Index', '2018-08-28 21:24:33', '2018-08-28 21:24:33', NULL, NULL),
(377, 'Subject / Course', 'subject-add', 'Add', 0, NULL, 'Subject / Course Add', '2018-08-28 21:24:33', '2018-08-28 21:24:33', NULL, NULL),
(378, 'Subject / Course', 'subject-edit', 'Edit', 0, NULL, 'Edit Subject / Course', '2018-08-28 21:24:33', '2018-08-28 21:24:33', NULL, NULL),
(379, 'Subject / Course', 'subject-delete', 'Delete', 0, NULL, 'Delete Subject / Course', '2018-08-28 21:24:33', '2018-08-28 21:24:33', NULL, NULL),
(380, 'Subject / Course', 'subject-active', 'Active', 0, NULL, 'Active Subject / Course', '2018-08-28 21:24:33', '2018-08-28 21:24:33', NULL, NULL),
(381, 'Subject / Course', 'subject-in-active', 'In-Active', 0, NULL, 'In-Active Subject / Course', '2018-08-28 21:24:33', '2018-08-28 21:24:33', NULL, NULL),
(382, 'Subject / Course', 'subject-bulk-action', 'Bulk(Active,InActive,Delete)', 0, NULL, 'Subject / Course Bulk Action', '2018-08-28 21:24:33', '2018-08-28 21:24:33', NULL, NULL),
(383, 'Student Status', 'student-status-index', 'Index', 0, NULL, 'Student Status Index', '2018-08-28 21:24:33', '2018-08-28 21:24:33', NULL, NULL),
(384, 'Student Status', 'student-status-add', 'Add', 0, NULL, 'Student Status Add', '2018-08-28 21:24:33', '2018-08-28 21:24:33', NULL, NULL),
(385, 'Student Status', 'student-status-edit', 'Edit', 0, NULL, 'Edit Student Status', '2018-08-28 21:24:33', '2018-08-28 21:24:33', NULL, NULL),
(386, 'Student Status', 'student-status-delete', 'Delete', 0, NULL, 'Delete Student Status', '2018-08-28 21:24:33', '2018-08-28 21:24:33', NULL, NULL),
(387, 'Student Status', 'student-status-active', 'Active', 0, NULL, 'Active Student Status', '2018-08-28 21:24:33', '2018-08-28 21:24:33', NULL, NULL),
(388, 'Student Status', 'student-status-in-active', 'In-Active', 0, NULL, 'In-Active Student Status', '2018-08-28 21:24:33', '2018-08-28 21:24:33', NULL, NULL),
(389, 'Student Status', 'student-status-bulk-action', 'Bulk(Active,InActive,Delete)', 0, NULL, 'Student Status Bulk Action', '2018-08-28 21:24:33', '2018-08-28 21:24:33', NULL, NULL),
(390, 'Book Status', 'book-status-index', 'Index', 0, NULL, 'Book Status Index', '2018-08-28 21:24:33', '2018-08-28 21:24:33', NULL, NULL),
(391, 'Book Status', 'book-status-add', 'Add', 0, NULL, 'Book Status Add', '2018-08-28 21:24:33', '2018-08-28 21:24:33', NULL, NULL),
(392, 'Book Status', 'book-status-edit', 'Edit', 0, NULL, 'Edit Book Status', '2018-08-28 21:24:33', '2018-08-28 21:24:33', NULL, NULL),
(393, 'Book Status', 'book-status-delete', 'Delete', 0, NULL, 'Delete Book Status', '2018-08-28 21:24:33', '2018-08-28 21:24:33', NULL, NULL),
(394, 'Book Status', 'book-status-active', 'Active', 0, NULL, 'Active Book Status', '2018-08-28 21:24:33', '2018-08-28 21:24:33', NULL, NULL),
(395, 'Book Status', 'book-status-in-active', 'In-Active', 0, NULL, 'In-Active Book Status', '2018-08-28 21:24:33', '2018-08-28 21:24:33', NULL, NULL),
(396, 'Book Status', 'book-status-bulk-action', 'Bulk(Active,InActive,Delete)', 0, NULL, 'Book Status Bulk Action', '2018-08-28 21:24:34', '2018-08-28 21:24:34', NULL, NULL),
(397, 'Bed Status', 'bed-status-index', 'Index', 0, NULL, 'Bed Status Index', '2018-08-28 21:24:34', '2018-08-28 21:24:34', NULL, NULL),
(398, 'Bed Status', 'bed-status-add', 'Add', 0, NULL, 'Bed Status Add', '2018-08-28 21:24:34', '2018-08-28 21:24:34', NULL, NULL),
(399, 'Bed Status', 'bed-status-edit', 'Edit', 0, NULL, 'Edit Bed Status', '2018-08-28 21:24:34', '2018-08-28 21:24:34', NULL, NULL),
(400, 'Bed Status', 'bed-status-delete', 'Delete', 0, NULL, 'Delete Bed Status', '2018-08-28 21:24:34', '2018-08-28 21:24:34', NULL, NULL),
(401, 'Bed Status', 'bed-status-active', 'Active', 0, NULL, 'Active Bed Status', '2018-08-28 21:24:34', '2018-08-28 21:24:34', NULL, NULL),
(402, 'Bed Status', 'bed-status-in-active', 'In-Active', 0, NULL, 'In-Active Bed Status', '2018-08-28 21:24:34', '2018-08-28 21:24:34', NULL, NULL),
(403, 'Bed Status', 'bed-status-bulk-action', 'Bulk(Active,InActive,Delete)', 0, NULL, 'Bed Status Bulk Action', '2018-08-28 21:24:34', '2018-08-28 21:24:34', NULL, NULL),
(404, 'Year', 'year-index', 'Index', 0, NULL, 'Year Index', '2018-08-28 21:24:34', '2018-08-28 21:24:34', NULL, NULL),
(405, 'Year', 'year-add', 'Add', 0, NULL, 'Year Add', '2018-08-28 21:24:34', '2018-08-28 21:24:34', NULL, NULL),
(406, 'Year', 'year-edit', 'Edit', 0, NULL, 'Edit Year', '2018-08-28 21:24:34', '2018-08-28 21:24:34', NULL, NULL),
(407, 'Year', 'year-delete', 'Delete', 0, NULL, 'Delete Year', '2018-08-28 21:24:34', '2018-08-28 21:24:34', NULL, NULL),
(408, 'Year', 'year-active', 'Active', 0, NULL, 'Active Year', '2018-08-28 21:24:34', '2018-08-28 21:24:34', NULL, NULL),
(409, 'Year', 'year-in-active', 'In-Active', 0, NULL, 'In-Active Year', '2018-08-28 21:24:34', '2018-08-28 21:24:34', NULL, NULL),
(410, 'Year', 'year-bulk-action', 'Bulk(Active,InActive,Delete)', 0, NULL, 'Year Bulk Action', '2018-08-28 21:24:34', '2018-08-28 21:24:34', NULL, NULL),
(411, 'Year', 'years-active-status', 'Make Active', 0, NULL, 'Year Make Active', '2018-08-28 21:24:34', '2018-08-28 21:24:34', NULL, NULL),
(412, 'Month', 'month-index', 'Index', 0, NULL, 'Month Index', '2018-08-28 21:24:34', '2018-08-28 21:24:34', NULL, NULL),
(413, 'Month', 'month-add', 'Add', 0, NULL, 'Month Add', '2018-08-28 21:24:34', '2018-08-28 21:24:34', NULL, NULL),
(414, 'Month', 'month-edit', 'Edit', 0, NULL, 'Edit Month', '2018-08-28 21:24:34', '2018-08-28 21:24:34', NULL, NULL),
(415, 'Month', 'month-delete', 'Delete', 0, NULL, 'Delete Month', '2018-08-28 21:24:34', '2018-08-28 21:24:34', NULL, NULL),
(416, 'Month', 'month-active', 'Active', 0, NULL, 'Active Month', '2018-08-28 21:24:34', '2018-08-28 21:24:34', NULL, NULL),
(417, 'Month', 'month-in-active', 'In-Active', 0, NULL, 'In-Active Month', '2018-08-28 21:24:34', '2018-08-28 21:24:34', NULL, NULL),
(418, 'Month', 'month-bulk-action', 'Bulk(Active,InActive,Delete)', 0, NULL, 'Month Bulk Action', '2018-08-28 21:24:34', '2018-08-28 21:24:34', NULL, NULL),
(419, 'Day', 'day-index', 'Index', 0, NULL, 'Day Index', '2018-08-28 21:24:34', '2018-08-28 21:24:34', NULL, NULL),
(420, 'Day', 'day-add', 'Add', 0, NULL, 'Day Add', '2018-08-28 21:24:34', '2018-08-28 21:24:34', NULL, NULL),
(421, 'Day', 'day-edit', 'Edit', 0, NULL, 'Edit Day', '2018-08-28 21:24:34', '2018-08-28 21:24:34', NULL, NULL),
(422, 'Day', 'day-delete', 'Delete', 0, NULL, 'Delete Day', '2018-08-28 21:24:34', '2018-08-28 21:24:34', NULL, NULL),
(423, 'Day', 'day-active', 'Active', 0, NULL, 'Active Day', '2018-08-28 21:24:34', '2018-08-28 21:24:34', NULL, NULL),
(424, 'Day', 'day-in-active', 'In-Active', 0, NULL, 'In-Active Day', '2018-08-28 21:24:34', '2018-08-28 21:24:34', NULL, NULL),
(425, 'Day', 'day-bulk-action', 'Bulk(Active,InActive,Delete)', 0, NULL, 'Day Bulk Action', '2018-08-28 21:24:34', '2018-08-28 21:24:34', NULL, NULL),
(426, 'Assignment', 'assignment-index', 'Index', 0, NULL, 'Assignment Index', '2018-08-28 21:24:34', '2018-08-28 21:24:34', NULL, NULL),
(427, 'Assignment', 'assignment-add', 'Add', 0, NULL, 'Assignment Add', '2018-08-28 21:24:34', '2018-08-28 21:24:34', NULL, NULL),
(428, 'Assignment', 'assignment-edit', 'Edit', 0, NULL, 'Edit Assignment', '2018-08-28 21:24:34', '2018-08-28 21:24:34', NULL, NULL),
(429, 'Assignment', 'assignment-view', 'View', 0, NULL, 'View Assignment', '2018-08-28 21:24:35', '2018-08-28 21:24:35', NULL, NULL),
(430, 'Assignment', 'assignment-delete', 'Delete', 0, NULL, 'Delete Assignment', '2018-08-28 21:24:35', '2018-08-28 21:24:35', NULL, NULL),
(431, 'Assignment', 'assignment-active', 'Active', 0, NULL, 'Active Assignment', '2018-08-28 21:24:35', '2018-08-28 21:24:35', NULL, NULL),
(432, 'Assignment', 'assignment-in-active', 'In-Active', 0, NULL, 'In-Active Assignment', '2018-08-28 21:24:35', '2018-08-28 21:24:35', NULL, NULL),
(433, 'Assignment', 'assignment-bulk-action', 'Bulk(Active,InActive,Delete)', 0, NULL, 'Assignment Bulk Action', '2018-08-28 21:24:35', '2018-08-28 21:24:35', NULL, NULL),
(434, 'Assignment Answer', 'assignment-answer-view', 'View', 0, NULL, 'Assignment Answer View', '2018-08-28 21:24:35', '2018-08-28 21:24:35', NULL, NULL),
(435, 'Assignment Answer', 'assignment-answer-approve', 'Approve', 0, NULL, 'Approve Assignment Answer', '2018-08-28 21:24:35', '2018-08-28 21:24:35', NULL, NULL),
(436, 'Assignment Answer', 'assignment-answer-reject', 'Reject', 0, NULL, 'Reject Assignment Answer', '2018-08-28 21:24:35', '2018-08-28 21:24:35', NULL, NULL),
(437, 'Assignment Answer', 'assignment-answer-delete', 'Delete', 0, NULL, 'Delete Assignment Answer', '2018-08-28 21:24:35', '2018-08-28 21:24:35', NULL, NULL),
(438, 'Assignment Answer', 'assignment-answer-bulk-action', 'Bulk(Approve, Reject,Delete)', 0, NULL, 'Assignment Answer Bulk Action', '2018-08-28 21:24:35', '2018-08-28 21:24:35', NULL, NULL),
(439, 'Download', 'download-index', 'Index', 0, NULL, 'Download Index', '2018-08-28 21:24:35', '2018-08-28 21:24:35', NULL, NULL),
(440, 'Download', 'download-add', 'Add', 0, NULL, 'Download Add', '2018-08-28 21:24:35', '2018-08-28 21:24:35', NULL, NULL),
(441, 'Download', 'download-edit', 'Edit', 0, NULL, 'Edit Download', '2018-08-28 21:24:35', '2018-08-28 21:24:35', NULL, NULL),
(442, 'Download', 'download-delete', 'Delete', 0, NULL, 'Delete Download', '2018-08-28 21:24:35', '2018-08-28 21:24:35', NULL, NULL),
(443, 'Download', 'download-active', 'Active', 0, NULL, 'Active Download', '2018-08-28 21:24:35', '2018-08-28 21:24:35', NULL, NULL),
(444, 'Download', 'download-in-active', 'In-Active', 0, NULL, 'In-Active Download', '2018-08-28 21:24:35', '2018-08-28 21:24:35', NULL, NULL),
(445, 'Download', 'download-bulk-action', 'Bulk(Active,InActive,Delete)', 0, NULL, 'Download Bulk Action', '2018-08-28 21:24:35', '2018-08-28 21:24:35', NULL, NULL),
(446, 'Menu', 'test-menu', 'Test Menu', 2, 'test/menu', 'TEST MENU', '2020-06-20 08:10:07', '2020-06-20 08:10:07', 1, NULL),
(447, 'Menu', 'test-two', 'TEST TWO', 2, 'test/two', 'test', '2020-06-20 08:12:40', '2020-06-20 08:12:40', 1, NULL);

-- --------------------------------------------------------

--
-- Table structure for table `permission_role`
--

CREATE TABLE `permission_role` (
  `permission_id` int(10) UNSIGNED NOT NULL,
  `role_id` int(10) UNSIGNED NOT NULL
) ENGINE=InnoDB DEFAULT CHARSET=utf8mb4 COLLATE=utf8mb4_unicode_ci;

--
-- Dumping data for table `permission_role`
--

INSERT INTO `permission_role` (`permission_id`, `role_id`) VALUES
(1, 1),
(2, 1),
(3, 1),
(4, 1),
(5, 1),
(6, 1),
(7, 1),
(8, 1),
(9, 1),
(10, 1),
(11, 1),
(12, 1),
(13, 1),
(14, 1),
(15, 1),
(16, 1),
(17, 1),
(18, 1),
(19, 1),
(20, 1),
(21, 1),
(22, 1),
(23, 1),
(24, 1),
(25, 1),
(26, 1),
(27, 1),
(28, 1),
(29, 1),
(30, 1),
(31, 1),
(32, 1),
(33, 1),
(34, 1),
(35, 1),
(36, 1),
(37, 1),
(38, 1),
(39, 1),
(40, 1),
(41, 1),
(42, 1),
(43, 1),
(44, 1),
(45, 1),
(46, 1),
(47, 1),
(48, 1),
(49, 1),
(50, 1),
(51, 1),
(52, 1),
(53, 1),
(54, 1),
(55, 1),
(56, 1),
(57, 1),
(58, 1),
(59, 1),
(60, 1),
(61, 1),
(62, 1),
(63, 1),
(64, 1),
(65, 1),
(66, 1),
(67, 1),
(68, 1),
(69, 1),
(70, 1),
(71, 1),
(72, 1),
(73, 1),
(74, 1),
(75, 1),
(76, 1),
(77, 1),
(78, 1),
(79, 1),
(80, 1),
(81, 1),
(82, 1),
(83, 1),
(84, 1),
(85, 1),
(86, 1),
(87, 1),
(88, 1),
(89, 1),
(90, 1),
(91, 1),
(92, 1),
(93, 1),
(94, 1),
(95, 1),
(96, 1),
(97, 1),
(98, 1),
(99, 1),
(100, 1),
(101, 1),
(102, 1),
(103, 1),
(104, 1),
(105, 1),
(106, 1),
(107, 1),
(108, 1),
(109, 1),
(110, 1),
(111, 1),
(112, 1),
(113, 1),
(114, 1),
(115, 1),
(116, 1),
(117, 1),
(118, 1),
(119, 1),
(120, 1),
(121, 1),
(122, 1),
(123, 1),
(124, 1),
(125, 1),
(126, 1),
(127, 1),
(128, 1),
(129, 1),
(130, 1),
(131, 1),
(132, 1),
(133, 1),
(134, 1),
(135, 1),
(136, 1),
(137, 1),
(138, 1),
(139, 1),
(140, 1),
(141, 1),
(142, 1),
(143, 1),
(144, 1),
(145, 1),
(146, 1),
(147, 1),
(148, 1),
(149, 1),
(150, 1),
(151, 1),
(152, 1),
(153, 1),
(154, 1),
(155, 1),
(156, 1),
(157, 1),
(158, 1),
(159, 1),
(160, 1),
(161, 1),
(162, 1),
(163, 1),
(164, 1),
(165, 1),
(166, 1),
(167, 1),
(168, 1),
(169, 1),
(170, 1),
(171, 1),
(172, 1),
(173, 1),
(174, 1),
(175, 1),
(176, 1),
(177, 1),
(178, 1),
(179, 1),
(180, 1),
(181, 1),
(182, 1),
(183, 1),
(184, 1),
(185, 1),
(186, 1),
(187, 1),
(188, 1),
(189, 1),
(190, 1),
(191, 1),
(192, 1),
(193, 1),
(194, 1),
(195, 1),
(196, 1),
(197, 1),
(198, 1),
(199, 1),
(200, 1),
(201, 1),
(202, 1),
(203, 1),
(204, 1),
(205, 1),
(206, 1),
(207, 1),
(208, 1),
(209, 1),
(210, 1),
(211, 1),
(212, 1),
(213, 1),
(214, 1),
(215, 1),
(216, 1),
(217, 1),
(218, 1),
(219, 1),
(220, 1),
(221, 1),
(222, 1),
(223, 1),
(224, 1),
(225, 1),
(226, 1),
(227, 1),
(228, 1),
(229, 1),
(230, 1),
(231, 1),
(232, 1),
(233, 1),
(234, 1),
(235, 1),
(236, 1),
(237, 1),
(238, 1),
(239, 1),
(240, 1),
(241, 1),
(242, 1),
(243, 1),
(244, 1),
(245, 1),
(246, 1),
(247, 1),
(248, 1),
(249, 1),
(250, 1),
(251, 1),
(252, 1),
(253, 1),
(254, 1),
(255, 1),
(256, 1),
(257, 1),
(258, 1),
(259, 1),
(260, 1),
(261, 1),
(262, 1),
(263, 1),
(264, 1),
(265, 1),
(266, 1),
(267, 1),
(268, 1),
(269, 1),
(270, 1),
(271, 1),
(272, 1),
(273, 1),
(274, 1),
(275, 1),
(276, 1),
(277, 1),
(278, 1),
(279, 1),
(280, 1),
(281, 1),
(282, 1),
(283, 1),
(284, 1),
(285, 1),
(286, 1),
(287, 1),
(288, 1),
(289, 1),
(290, 1),
(291, 1),
(292, 1),
(293, 1),
(294, 1),
(295, 1),
(296, 1),
(297, 1),
(298, 1),
(299, 1),
(300, 1),
(301, 1),
(302, 1),
(303, 1),
(304, 1),
(305, 1),
(306, 1),
(307, 1),
(308, 1),
(309, 1),
(310, 1),
(311, 1),
(312, 1),
(313, 1),
(314, 1),
(315, 1),
(316, 1),
(317, 1),
(318, 1),
(319, 1),
(320, 1),
(321, 1),
(322, 1),
(323, 1),
(324, 1),
(325, 1),
(326, 1),
(327, 1),
(328, 1),
(329, 1),
(330, 1),
(331, 1),
(332, 1),
(333, 1),
(334, 1),
(335, 1),
(336, 1),
(337, 1),
(338, 1),
(339, 1),
(340, 1),
(341, 1),
(342, 1),
(343, 1),
(344, 1),
(345, 1),
(346, 1),
(347, 1),
(348, 1),
(349, 1),
(350, 1),
(351, 1),
(352, 1),
(353, 1),
(354, 1),
(355, 1),
(356, 1),
(357, 1),
(358, 1),
(359, 1),
(360, 1),
(361, 1),
(362, 1),
(363, 1),
(364, 1),
(365, 1),
(366, 1),
(367, 1),
(368, 1),
(369, 1),
(370, 1),
(371, 1),
(372, 1),
(373, 1),
(374, 1),
(375, 1),
(376, 1),
(377, 1),
(378, 1),
(379, 1),
(380, 1),
(381, 1),
(382, 1),
(383, 1),
(384, 1),
(385, 1),
(386, 1),
(387, 1),
(388, 1),
(389, 1),
(390, 1),
(391, 1),
(392, 1),
(393, 1),
(394, 1),
(395, 1),
(396, 1),
(397, 1),
(398, 1),
(399, 1),
(400, 1),
(401, 1),
(402, 1),
(403, 1),
(404, 1),
(405, 1),
(406, 1),
(407, 1),
(408, 1),
(409, 1),
(410, 1),
(411, 1),
(412, 1),
(413, 1),
(414, 1),
(415, 1),
(416, 1),
(417, 1),
(418, 1),
(419, 1),
(420, 1),
(421, 1),
(422, 1),
(423, 1),
(424, 1),
(425, 1),
(426, 1),
(427, 1),
(428, 1),
(429, 1),
(430, 1),
(431, 1),
(432, 1),
(433, 1),
(434, 1),
(435, 1),
(436, 1),
(437, 1),
(438, 1),
(439, 1),
(440, 1),
(441, 1),
(442, 1),
(443, 1),
(444, 1),
(445, 1),
(16, 2),
(17, 2),
(18, 2),
(19, 2),
(20, 2),
(21, 2),
(22, 2),
(23, 2),
(24, 2),
(25, 2),
(26, 2),
(27, 2),
(28, 2),
(29, 2),
(30, 2),
(31, 2),
(32, 2),
(33, 2),
(34, 2),
(35, 2),
(36, 2),
(37, 2),
(38, 2),
(39, 2),
(40, 2),
(41, 2),
(42, 2),
(43, 2),
(44, 2),
(45, 2),
(46, 2),
(47, 2),
(48, 2),
(49, 2),
(50, 2),
(51, 2),
(52, 2),
(53, 2),
(54, 2),
(55, 2),
(56, 2),
(57, 2),
(58, 2),
(59, 2),
(60, 2),
(61, 2),
(62, 2),
(63, 2),
(64, 2),
(65, 2),
(66, 2),
(67, 2),
(68, 2),
(69, 2),
(70, 2),
(71, 2),
(72, 2),
(73, 2),
(74, 2),
(75, 2),
(76, 2),
(77, 2),
(78, 2),
(79, 2),
(80, 2),
(81, 2),
(82, 2),
(83, 2),
(84, 2),
(85, 2),
(86, 2),
(87, 2),
(88, 2),
(89, 2),
(90, 2),
(91, 2),
(92, 2),
(93, 2),
(94, 2),
(95, 2),
(96, 2),
(97, 2),
(98, 2),
(99, 2),
(100, 2),
(101, 2),
(102, 2),
(103, 2),
(104, 2),
(105, 2),
(106, 2),
(107, 2),
(108, 2),
(109, 2),
(110, 2),
(111, 2),
(112, 2),
(113, 2),
(114, 2),
(115, 2),
(116, 2),
(117, 2),
(118, 2),
(119, 2),
(120, 2),
(121, 2),
(122, 2),
(123, 2),
(124, 2),
(125, 2),
(126, 2),
(127, 2),
(128, 2),
(129, 2),
(130, 2),
(131, 2),
(132, 2),
(133, 2),
(134, 2),
(135, 2),
(136, 2),
(137, 2),
(138, 2),
(139, 2),
(140, 2),
(141, 2),
(142, 2),
(143, 2),
(144, 2),
(145, 2),
(146, 2),
(147, 2),
(148, 2),
(149, 2),
(150, 2),
(151, 2),
(152, 2),
(153, 2),
(154, 2),
(155, 2),
(156, 2),
(157, 2),
(158, 2),
(159, 2),
(160, 2),
(161, 2),
(162, 2),
(163, 2),
(164, 2),
(165, 2),
(166, 2),
(167, 2),
(168, 2),
(169, 2),
(170, 2),
(171, 2),
(172, 2),
(173, 2),
(174, 2),
(175, 2),
(176, 2),
(177, 2),
(178, 2),
(179, 2),
(180, 2),
(181, 2),
(182, 2),
(183, 2),
(184, 2),
(185, 2),
(186, 2),
(187, 2),
(188, 2),
(189, 2),
(190, 2),
(191, 2),
(192, 2),
(193, 2),
(194, 2),
(195, 2),
(196, 2),
(197, 2),
(198, 2),
(199, 2),
(200, 2),
(201, 2),
(202, 2),
(203, 2),
(204, 2),
(205, 2),
(206, 2),
(207, 2),
(208, 2),
(209, 2),
(210, 2),
(211, 2),
(212, 2),
(213, 2),
(214, 2),
(215, 2),
(216, 2),
(217, 2),
(218, 2),
(219, 2),
(220, 2),
(221, 2),
(222, 2),
(223, 2),
(224, 2),
(225, 2),
(226, 2),
(227, 2),
(228, 2),
(229, 2),
(230, 2),
(231, 2),
(232, 2),
(233, 2),
(234, 2),
(235, 2),
(236, 2),
(237, 2),
(238, 2),
(239, 2),
(240, 2),
(241, 2),
(242, 2),
(243, 2),
(244, 2),
(245, 2),
(246, 2),
(247, 2),
(248, 2),
(249, 2),
(250, 2),
(251, 2),
(252, 2),
(253, 2),
(254, 2),
(255, 2),
(256, 2),
(257, 2),
(258, 2),
(259, 2),
(260, 2),
(261, 2),
(262, 2),
(263, 2),
(264, 2),
(265, 2),
(266, 2),
(267, 2),
(268, 2),
(269, 2),
(270, 2),
(271, 2),
(272, 2),
(273, 2),
(274, 2),
(275, 2),
(276, 2),
(277, 2),
(278, 2),
(279, 2),
(280, 2),
(281, 2),
(282, 2),
(283, 2),
(284, 2),
(285, 2),
(286, 2),
(287, 2),
(288, 2),
(289, 2),
(290, 2),
(291, 2),
(292, 2),
(293, 2),
(294, 2),
(295, 2),
(296, 2),
(297, 2),
(298, 2),
(299, 2),
(300, 2),
(301, 2),
(302, 2),
(303, 2),
(304, 2),
(305, 2),
(306, 2),
(307, 2),
(308, 2),
(309, 2),
(310, 2),
(311, 2),
(312, 2),
(313, 2),
(314, 2),
(315, 2),
(316, 2),
(317, 2),
(318, 2),
(319, 2),
(320, 2),
(321, 2),
(322, 2),
(323, 2),
(324, 2),
(325, 2),
(326, 2),
(327, 2),
(328, 2),
(329, 2),
(330, 2),
(331, 2),
(332, 2),
(333, 2),
(334, 2),
(335, 2),
(336, 2),
(337, 2),
(338, 2),
(339, 2),
(340, 2),
(341, 2),
(342, 2),
(343, 2),
(344, 2),
(345, 2),
(346, 2),
(347, 2),
(348, 2),
(349, 2),
(350, 2),
(351, 2),
(352, 2),
(353, 2),
(354, 2),
(355, 2),
(356, 2),
(357, 2),
(358, 2),
(359, 2),
(360, 2),
(361, 2),
(362, 2),
(363, 2),
(364, 2),
(365, 2),
(366, 2),
(367, 2),
(368, 2),
(369, 2),
(370, 2),
(371, 2),
(372, 2),
(373, 2),
(374, 2),
(375, 2),
(376, 2),
(377, 2),
(378, 2),
(379, 2),
(380, 2),
(381, 2),
(382, 2),
(383, 2),
(384, 2),
(385, 2),
(386, 2),
(387, 2),
(388, 2),
(389, 2),
(390, 2),
(391, 2),
(392, 2),
(393, 2),
(394, 2),
(395, 2),
(396, 2),
(397, 2),
(398, 2),
(399, 2),
(400, 2),
(401, 2),
(402, 2),
(403, 2),
(404, 2),
(405, 2),
(406, 2),
(407, 2),
(408, 2),
(409, 2),
(410, 2),
(411, 2),
(412, 2),
(413, 2),
(414, 2),
(415, 2),
(416, 2),
(417, 2),
(418, 2),
(419, 2),
(420, 2),
(421, 2),
(422, 2),
(423, 2),
(424, 2),
(425, 2),
(426, 2),
(427, 2),
(428, 2),
(429, 2),
(430, 2),
(431, 2),
(432, 2),
(433, 2),
(434, 2),
(435, 2),
(436, 2),
(437, 2),
(438, 2),
(439, 2),
(440, 2),
(441, 2),
(442, 2),
(443, 2),
(444, 2),
(445, 2),
(3, 3),
(4, 3),
(5, 3),
(6, 3),
(7, 3),
(8, 3),
(9, 3),
(10, 3),
(12, 3),
(13, 3),
(15, 3),
(21, 3),
(22, 3),
(23, 3),
(25, 3),
(26, 3),
(28, 3),
(29, 3),
(30, 3),
(48, 3),
(49, 3),
(50, 3),
(51, 3),
(53, 3),
(54, 3),
(57, 3),
(58, 3),
(59, 3),
(60, 3),
(62, 3),
(63, 3),
(65, 3),
(66, 3),
(67, 3),
(69, 3),
(70, 3),
(72, 3),
(73, 3),
(74, 3),
(75, 3),
(77, 3),
(78, 3),
(80, 3),
(81, 3),
(82, 3),
(84, 3),
(85, 3),
(87, 3),
(88, 3),
(89, 3),
(91, 3),
(92, 3),
(94, 3),
(95, 3),
(96, 3),
(98, 3),
(99, 3),
(101, 3),
(102, 3),
(103, 3),
(104, 3),
(105, 3),
(107, 3),
(108, 3),
(110, 3),
(111, 3),
(112, 3),
(114, 3),
(115, 3),
(117, 3),
(118, 3),
(119, 3),
(121, 3),
(122, 3),
(123, 3),
(124, 3),
(125, 3),
(126, 3),
(127, 3),
(128, 3),
(130, 3),
(131, 3),
(133, 3),
(134, 3),
(135, 3),
(137, 3),
(138, 3),
(140, 3),
(141, 3),
(142, 3),
(144, 3),
(145, 3),
(146, 3),
(148, 3),
(149, 3),
(151, 3),
(152, 3),
(153, 3),
(155, 3),
(156, 3),
(158, 3),
(159, 3),
(160, 3),
(161, 3),
(162, 3),
(163, 3),
(164, 3),
(165, 3),
(166, 3),
(167, 3),
(168, 3),
(169, 3),
(170, 3),
(171, 3),
(172, 3),
(173, 3),
(174, 3),
(175, 3),
(177, 3),
(178, 3),
(180, 3),
(181, 3),
(183, 3),
(184, 3),
(185, 3),
(187, 3),
(188, 3),
(190, 3),
(191, 3),
(192, 3),
(194, 3),
(195, 3),
(197, 3),
(198, 3),
(199, 3),
(201, 3),
(202, 3),
(204, 3),
(205, 3),
(206, 3),
(207, 3),
(208, 3),
(209, 3),
(210, 3),
(212, 3),
(213, 3),
(215, 3),
(216, 3),
(219, 3),
(220, 3),
(223, 3),
(224, 3),
(225, 3),
(227, 3),
(228, 3),
(229, 3),
(230, 3),
(231, 3),
(232, 3),
(233, 3),
(234, 3),
(235, 3),
(236, 3),
(237, 3),
(239, 3),
(240, 3),
(241, 3),
(242, 3),
(243, 3),
(244, 3),
(245, 3),
(246, 3),
(247, 3),
(248, 3),
(249, 3),
(250, 3),
(251, 3),
(252, 3),
(253, 3),
(255, 3),
(256, 3),
(258, 3),
(259, 3),
(260, 3),
(262, 3),
(263, 3),
(265, 3),
(266, 3),
(268, 3),
(269, 3),
(271, 3),
(272, 3),
(273, 3),
(275, 3),
(276, 3),
(278, 3),
(279, 3),
(280, 3),
(283, 3),
(284, 3),
(285, 3),
(286, 3),
(287, 3),
(288, 3),
(289, 3),
(291, 3),
(292, 3),
(294, 3),
(295, 3),
(296, 3),
(298, 3),
(299, 3),
(301, 3),
(302, 3),
(303, 3),
(305, 3),
(306, 3),
(308, 3),
(309, 3),
(310, 3),
(312, 3),
(313, 3),
(315, 3),
(316, 3),
(317, 3),
(319, 3),
(320, 3),
(322, 3),
(323, 3),
(324, 3),
(326, 3),
(327, 3),
(329, 3),
(330, 3),
(331, 3),
(333, 3),
(334, 3),
(335, 3),
(336, 3),
(337, 3),
(338, 3),
(339, 3),
(340, 3),
(341, 3),
(342, 3),
(355, 3),
(356, 3),
(357, 3),
(359, 3),
(360, 3),
(362, 3),
(363, 3),
(364, 3),
(366, 3),
(367, 3),
(369, 3),
(370, 3),
(371, 3),
(372, 3),
(373, 3),
(374, 3),
(376, 3),
(377, 3),
(378, 3),
(380, 3),
(381, 3),
(383, 3),
(384, 3),
(385, 3),
(387, 3),
(388, 3),
(390, 3),
(391, 3),
(392, 3),
(393, 3),
(394, 3),
(395, 3),
(397, 3),
(398, 3),
(399, 3),
(400, 3),
(401, 3),
(402, 3),
(403, 3),
(404, 3),
(405, 3),
(406, 3),
(408, 3),
(409, 3),
(411, 3),
(412, 3),
(413, 3),
(414, 3),
(416, 3),
(417, 3),
(419, 3),
(420, 3),
(421, 3),
(423, 3),
(424, 3),
(426, 3),
(427, 3),
(428, 3),
(429, 3),
(431, 3),
(432, 3),
(434, 3),
(435, 3),
(436, 3),
(438, 3),
(439, 3),
(440, 3),
(441, 3),
(443, 3),
(444, 3),
(1, 4),
(3, 4),
(4, 4),
(6, 4),
(48, 4),
(49, 4),
(50, 4),
(58, 4),
(65, 4),
(72, 4),
(80, 4),
(87, 4),
(167, 4),
(168, 4),
(169, 4),
(170, 4),
(171, 4),
(172, 4),
(173, 4),
(174, 4),
(175, 4),
(177, 4),
(178, 4),
(180, 4),
(181, 4),
(182, 4),
(183, 4),
(184, 4),
(185, 4),
(187, 4),
(188, 4),
(190, 4),
(191, 4),
(192, 4),
(194, 4),
(195, 4),
(197, 4),
(198, 4),
(199, 4),
(201, 4),
(202, 4),
(204, 4),
(205, 4),
(206, 4),
(207, 4),
(215, 4),
(219, 4),
(4, 5),
(6, 5),
(7, 5),
(8, 5),
(9, 5),
(10, 5),
(11, 5),
(48, 5),
(58, 5),
(65, 5),
(72, 5),
(80, 5),
(87, 5),
(94, 5),
(167, 5),
(168, 5),
(169, 5),
(170, 5),
(171, 5),
(172, 5),
(173, 5),
(175, 5),
(183, 5),
(184, 5),
(190, 5),
(191, 5),
(192, 5),
(193, 5),
(194, 5),
(195, 5),
(196, 5),
(197, 5),
(198, 5),
(208, 5),
(209, 5),
(210, 5),
(215, 5),
(216, 5),
(217, 5),
(223, 5),
(224, 5),
(225, 5),
(226, 5),
(227, 5),
(228, 5),
(229, 5),
(230, 5),
(231, 5),
(232, 5),
(233, 5),
(234, 5),
(235, 5),
(236, 5),
(237, 5),
(238, 5),
(239, 5),
(240, 5),
(241, 5),
(242, 5),
(243, 5),
(244, 5),
(245, 5),
(246, 5),
(247, 5),
(248, 5),
(249, 5),
(250, 5),
(251, 5),
(252, 5),
(253, 5),
(254, 5),
(255, 5),
(256, 5),
(257, 5),
(258, 5),
(259, 5),
(260, 5),
(261, 5),
(262, 5),
(263, 5),
(264, 5),
(265, 5),
(266, 5),
(267, 5),
(268, 5),
(269, 5),
(270, 5),
(271, 5),
(272, 5),
(273, 5),
(274, 5),
(275, 5),
(276, 5),
(277, 5),
(278, 5),
(279, 5),
(280, 5),
(281, 5),
(282, 5),
(283, 5),
(284, 5),
(285, 5),
(286, 5),
(287, 5),
(288, 5),
(289, 5),
(290, 5),
(291, 5),
(292, 5),
(293, 5),
(294, 5),
(295, 5),
(296, 5),
(297, 5),
(298, 5),
(299, 5),
(300, 5),
(301, 5),
(302, 5),
(303, 5),
(304, 5),
(305, 5),
(306, 5),
(307, 5),
(308, 5),
(309, 5),
(310, 5),
(311, 5),
(312, 5),
(313, 5),
(314, 5),
(315, 5),
(316, 5),
(317, 5),
(318, 5),
(319, 5),
(320, 5),
(321, 5),
(322, 5),
(323, 5),
(324, 5),
(325, 5),
(326, 5),
(327, 5),
(328, 5),
(329, 5),
(330, 5),
(331, 5),
(332, 5),
(333, 5),
(334, 5),
(335, 5),
(336, 5),
(337, 5),
(338, 5),
(339, 5),
(390, 5),
(391, 5),
(392, 5),
(393, 5),
(394, 5),
(395, 5),
(396, 5),
(397, 5),
(398, 5),
(399, 5),
(400, 5),
(401, 5),
(402, 5),
(403, 5),
(426, 5),
(427, 5),
(428, 5),
(429, 5),
(430, 5),
(431, 5),
(432, 5),
(433, 5),
(434, 5),
(435, 5),
(436, 5),
(437, 5),
(438, 5),
(4, 8),
(6, 8),
(7, 8),
(8, 8),
(9, 8),
(10, 8),
(11, 8),
(48, 8),
(50, 8),
(57, 8),
(58, 8),
(65, 8),
(72, 8),
(167, 8),
(168, 8),
(169, 8),
(170, 8),
(171, 8),
(172, 8),
(173, 8),
(174, 8),
(175, 8),
(176, 8),
(177, 8),
(178, 8),
(179, 8),
(180, 8),
(181, 8),
(182, 8),
(183, 8),
(184, 8),
(185, 8),
(186, 8),
(187, 8),
(188, 8),
(189, 8),
(190, 8),
(191, 8),
(192, 8),
(193, 8),
(194, 8),
(195, 8),
(196, 8),
(197, 8),
(198, 8),
(199, 8),
(200, 8),
(201, 8),
(202, 8),
(203, 8),
(204, 8),
(205, 8),
(206, 8),
(207, 8),
(208, 8),
(209, 8),
(210, 8),
(211, 8),
(212, 8),
(213, 8),
(214, 8),
(215, 8),
(216, 8),
(217, 8),
(218, 8),
(223, 8),
(224, 8),
(225, 8),
(226, 8),
(227, 8),
(228, 8),
(229, 8),
(230, 8),
(231, 8),
(232, 8),
(233, 8),
(234, 8),
(235, 8),
(236, 8),
(237, 8),
(238, 8),
(239, 8),
(240, 8),
(241, 8),
(242, 8),
(243, 8),
(244, 8),
(245, 8),
(246, 8),
(247, 8),
(248, 8),
(249, 8),
(250, 8),
(251, 8),
(252, 8),
(253, 8),
(254, 8),
(255, 8),
(256, 8),
(257, 8),
(258, 8),
(259, 8),
(260, 8),
(261, 8),
(262, 8),
(263, 8),
(264, 8),
(265, 8),
(266, 8),
(267, 8),
(268, 8),
(269, 8),
(270, 8),
(271, 8),
(272, 8),
(273, 8),
(274, 8),
(275, 8),
(276, 8),
(277, 8),
(278, 8),
(279, 8),
(280, 8),
(281, 8),
(282, 8),
(283, 8),
(284, 8),
(285, 8),
(286, 8),
(287, 8),
(288, 8),
(289, 8),
(290, 8),
(291, 8),
(292, 8),
(293, 8),
(294, 8),
(295, 8),
(296, 8),
(297, 8),
(298, 8),
(299, 8),
(300, 8),
(301, 8),
(302, 8),
(303, 8),
(304, 8),
(305, 8),
(306, 8),
(307, 8),
(308, 8),
(309, 8),
(310, 8),
(311, 8),
(312, 8),
(313, 8),
(314, 8),
(315, 8),
(316, 8),
(317, 8),
(318, 8),
(319, 8),
(320, 8),
(321, 8),
(322, 8),
(323, 8),
(324, 8),
(325, 8),
(326, 8),
(327, 8),
(328, 8),
(329, 8),
(330, 8),
(331, 8),
(332, 8),
(333, 8),
(334, 8),
(335, 8),
(336, 8),
(337, 8),
(340, 8),
(341, 8),
(426, 8),
(427, 8),
(428, 8),
(429, 8),
(431, 8),
(432, 8),
(434, 8),
(435, 8),
(436, 8),
(3, 9),
(4, 9),
(48, 9),
(49, 9),
(50, 9),
(51, 9),
(58, 9),
(59, 9),
(65, 9),
(66, 9),
(3, 10),
(4, 10),
(48, 10),
(49, 10),
(50, 10),
(51, 10),
(53, 10),
(54, 10),
(57, 10),
(58, 10),
(59, 10),
(60, 10),
(62, 10),
(63, 10),
(65, 10),
(66, 10),
(67, 10),
(69, 10),
(70, 10),
(101, 10),
(102, 10),
(103, 10),
(355, 10),
(362, 10),
(369, 10),
(376, 10),
(383, 10);

-- --------------------------------------------------------

--
-- Table structure for table `product_image`
--

CREATE TABLE `product_image` (
  `id` int(11) NOT NULL,
  `created_by` int(11) DEFAULT NULL,
  `created_at` timestamp NULL DEFAULT NULL,
  `updated_at` timestamp NULL DEFAULT NULL,
  `updated_by` int(11) DEFAULT NULL,
  `product_id` int(11) DEFAULT NULL,
  `image_name` varchar(200) DEFAULT NULL,
  `record_status` int(11) NOT NULL DEFAULT '1'
) ENGINE=InnoDB DEFAULT CHARSET=latin1;

-- --------------------------------------------------------

--
-- Table structure for table `product_variations`
--

CREATE TABLE `product_variations` (
  `id` int(11) NOT NULL,
  `created_by` int(11) DEFAULT NULL,
  `created_at` timestamp NULL DEFAULT NULL,
  `updated_by` int(11) DEFAULT NULL,
  `updated_at` timestamp NULL DEFAULT NULL,
  `product_id` int(11) DEFAULT NULL,
  `label_id` int(11) DEFAULT NULL,
  `value` varchar(200) DEFAULT NULL,
  `record_status` int(11) NOT NULL DEFAULT '1'
) ENGINE=InnoDB DEFAULT CHARSET=latin1;

--
-- Dumping data for table `product_variations`
--

INSERT INTO `product_variations` (`id`, `created_by`, `created_at`, `updated_by`, `updated_at`, `product_id`, `label_id`, `value`, `record_status`) VALUES
(1, 21, '2020-05-23 23:33:53', 21, '2020-05-24 00:02:53', 2, 1, '0', 1),
(2, 21, '2020-05-23 23:39:22', 21, '2020-05-24 00:03:07', 3, 1, '0', 1),
(3, 21, '2020-05-23 23:39:22', 21, '2020-05-24 00:03:07', 3, 1, '0', 1);

-- --------------------------------------------------------

--
-- Table structure for table `reference`
--

CREATE TABLE `reference` (
  `id` int(11) NOT NULL,
  `created_at` timestamp NULL DEFAULT NULL,
  `created_by` int(11) DEFAULT NULL,
  `updated_at` timestamp NULL DEFAULT NULL,
  `updated_by` int(11) DEFAULT NULL,
  `title` varchar(100) DEFAULT NULL,
  `record_status` int(11) NOT NULL DEFAULT '1'
) ENGINE=InnoDB DEFAULT CHARSET=latin1;

--
-- Dumping data for table `reference`
--

INSERT INTO `reference` (`id`, `created_at`, `created_by`, `updated_at`, `updated_by`, `title`, `record_status`) VALUES
(1, '2020-07-24 16:11:18', 1, '2020-07-24 16:11:18', NULL, 'Staff', 1),
(2, '2020-07-24 16:11:22', 1, '2020-07-24 16:11:22', NULL, 'Friend', 1);

-- --------------------------------------------------------

--
-- Table structure for table `religions`
--

CREATE TABLE `religions` (
  `id` int(20) NOT NULL,
  `created_at` timestamp NULL DEFAULT NULL,
  `created_by` int(20) DEFAULT NULL,
  `updated_at` timestamp NULL DEFAULT NULL,
  `updated_by` int(20) DEFAULT NULL,
  `title` varchar(100) DEFAULT NULL,
  `record_status` int(11) DEFAULT '1'
) ENGINE=InnoDB DEFAULT CHARSET=latin1;

--
-- Dumping data for table `religions`
--

INSERT INTO `religions` (`id`, `created_at`, `created_by`, `updated_at`, `updated_by`, `title`, `record_status`) VALUES
(1, '2020-05-27 18:58:28', 1, '2020-05-27 18:58:28', NULL, 'HINDU', 1),
(2, '2020-05-27 18:58:43', 1, '2020-05-27 18:58:43', NULL, 'MUSLIM', 1),
(3, '2020-05-27 18:58:48', 1, '2020-05-27 18:58:48', NULL, 'JAIN', 1),
(4, '2020-05-27 18:59:56', 1, '2020-05-27 18:59:56', NULL, 'PARSI', 1),
(5, '2020-05-27 19:00:06', 1, '2020-05-27 19:00:06', NULL, 'SIKH', 1),
(6, '2020-05-27 19:00:14', 1, '2020-05-27 19:00:14', NULL, 'CHRISTIANS', 1);

-- --------------------------------------------------------

--
-- Table structure for table `resident_histories`
--

CREATE TABLE `resident_histories` (
  `id` int(10) UNSIGNED NOT NULL,
  `created_at` timestamp NULL DEFAULT NULL,
  `updated_at` timestamp NULL DEFAULT NULL,
  `created_by` int(10) UNSIGNED NOT NULL,
  `last_updated_by` int(10) UNSIGNED DEFAULT NULL,
  `years_id` int(10) UNSIGNED NOT NULL,
  `hostels_id` int(10) UNSIGNED NOT NULL,
  `rooms_id` int(10) UNSIGNED DEFAULT NULL,
  `beds_id` int(10) UNSIGNED DEFAULT NULL,
  `residents_id` int(10) UNSIGNED NOT NULL,
  `history_type` text COLLATE utf8mb4_unicode_ci NOT NULL,
  `status` tinyint(1) NOT NULL DEFAULT '1'
) ENGINE=InnoDB DEFAULT CHARSET=utf8mb4 COLLATE=utf8mb4_unicode_ci;

-- --------------------------------------------------------

--
-- Table structure for table `roles`
--

CREATE TABLE `roles` (
  `id` int(10) UNSIGNED NOT NULL,
  `name` varchar(191) COLLATE utf8mb4_unicode_ci NOT NULL,
  `display_name` varchar(191) COLLATE utf8mb4_unicode_ci DEFAULT NULL,
  `description` varchar(191) COLLATE utf8mb4_unicode_ci DEFAULT NULL,
  `created_at` timestamp NULL DEFAULT NULL,
  `updated_at` timestamp NULL DEFAULT NULL
) ENGINE=InnoDB DEFAULT CHARSET=utf8mb4 COLLATE=utf8mb4_unicode_ci;

--
-- Dumping data for table `roles`
--

INSERT INTO `roles` (`id`, `name`, `display_name`, `description`, `created_at`, `updated_at`) VALUES
(1, 'super-admin', 'Super Admin', 'Super Admin', '2018-08-28 21:24:21', '2018-08-28 21:24:21'),
(2, 'admin', 'Administrator', 'Administrator', '2018-08-28 21:24:21', '2018-08-28 21:24:21'),
(3, 'account', 'Accountant', 'Accountant', '2018-08-28 21:24:21', '2018-08-28 21:24:21'),
(4, 'library', 'Librarian', 'Librarian', '2018-08-28 21:24:21', '2018-08-28 21:24:21'),
(5, 'staff', 'Staff', 'Staff', '2018-08-28 21:24:21', '2018-08-28 21:24:21'),
(6, 'student', 'Student', 'Student', '2018-08-28 21:24:21', '2018-08-28 21:24:21'),
(7, 'guardian', 'Guardian', 'Guardian', '2018-08-28 21:24:21', '2018-08-28 21:24:21'),
(8, 'teacher', 'Teacher', 'Teacher', '2018-08-28 21:24:21', '2018-08-28 21:24:21'),
(9, 'Receptionist', 'Reception / Enquiry', 'Reception / Enquiry', '2019-09-09 14:46:16', '2019-09-09 14:46:16'),
(10, 'Admission', 'Admission / Registration', 'Admission / Registration', '2019-09-10 11:58:26', '2019-09-10 11:58:26');

-- --------------------------------------------------------

--
-- Table structure for table `role_user`
--

CREATE TABLE `role_user` (
  `user_id` int(10) UNSIGNED NOT NULL,
  `role_id` int(10) UNSIGNED NOT NULL
) ENGINE=InnoDB DEFAULT CHARSET=utf8mb4 COLLATE=utf8mb4_unicode_ci;

--
-- Dumping data for table `role_user`
--

INSERT INTO `role_user` (`user_id`, `role_id`) VALUES
(1, 1),
(328, 3),
(329, 3),
(330, 3),
(331, 3),
(332, 3),
(333, 3),
(334, 3),
(335, 3),
(336, 3),
(337, 3),
(338, 3),
(339, 3),
(340, 3),
(341, 3),
(342, 3),
(343, 3),
(344, 3),
(345, 3),
(346, 3),
(347, 3),
(364, 5),
(348, 6),
(349, 6),
(350, 6),
(351, 6),
(352, 6),
(353, 6),
(354, 6),
(355, 6),
(356, 6),
(357, 6),
(358, 6),
(359, 6),
(360, 6),
(361, 6),
(362, 6),
(363, 6);

-- --------------------------------------------------------

--
-- Table structure for table `rooms`
--

CREATE TABLE `rooms` (
  `id` int(10) UNSIGNED NOT NULL,
  `created_at` timestamp NULL DEFAULT NULL,
  `updated_at` timestamp NULL DEFAULT NULL,
  `created_by` int(10) UNSIGNED NOT NULL,
  `last_updated_by` int(10) UNSIGNED DEFAULT NULL,
  `hostels_id` int(10) UNSIGNED NOT NULL,
  `block_id` int(50) UNSIGNED NOT NULL,
  `floor_id` int(50) UNSIGNED NOT NULL,
  `room_type` int(10) UNSIGNED NOT NULL,
  `room_number` int(11) NOT NULL,
  `rate_perbed` int(11) NOT NULL DEFAULT '0',
  `description` text COLLATE utf8mb4_unicode_ci,
  `status` tinyint(1) NOT NULL DEFAULT '1'
) ENGINE=InnoDB DEFAULT CHARSET=utf8mb4 COLLATE=utf8mb4_unicode_ci;

--
-- Dumping data for table `rooms`
--

INSERT INTO `rooms` (`id`, `created_at`, `updated_at`, `created_by`, `last_updated_by`, `hostels_id`, `block_id`, `floor_id`, `room_type`, `room_number`, `rate_perbed`, `description`, `status`) VALUES
(1, '2019-12-24 23:33:52', '2019-12-24 23:33:52', 1, NULL, 1, 4, 5, 1, 1, 0, NULL, 1),
(2, '2019-12-24 23:33:52', '2019-12-24 23:33:52', 1, NULL, 1, 4, 5, 1, 2, 0, NULL, 1),
(3, '2019-12-24 23:33:52', '2019-12-24 23:33:52', 1, NULL, 1, 4, 5, 1, 3, 0, NULL, 1),
(4, '2019-12-24 23:33:52', '2019-12-24 23:33:52', 1, NULL, 1, 4, 5, 1, 4, 0, NULL, 1),
(5, '2019-12-24 23:33:52', '2019-12-24 23:33:52', 1, NULL, 1, 4, 5, 1, 5, 0, NULL, 1),
(6, '2019-12-24 23:34:09', '2019-12-24 23:34:09', 1, NULL, 1, 4, 6, 2, 1001, 0, NULL, 1),
(7, '2019-12-24 23:34:09', '2019-12-24 23:34:09', 1, NULL, 1, 4, 6, 2, 1002, 0, NULL, 1),
(8, '2019-12-24 23:34:09', '2019-12-24 23:34:09', 1, NULL, 1, 4, 6, 2, 1003, 0, NULL, 1);

-- --------------------------------------------------------

--
-- Table structure for table `room_types`
--

CREATE TABLE `room_types` (
  `id` int(10) UNSIGNED NOT NULL,
  `created_at` timestamp NULL DEFAULT NULL,
  `updated_at` timestamp NULL DEFAULT NULL,
  `created_by` int(10) UNSIGNED NOT NULL,
  `last_updated_by` int(10) UNSIGNED DEFAULT NULL,
  `title` varchar(25) COLLATE utf8mb4_unicode_ci NOT NULL,
  `status` tinyint(1) NOT NULL DEFAULT '1'
) ENGINE=InnoDB DEFAULT CHARSET=utf8mb4 COLLATE=utf8mb4_unicode_ci;

--
-- Dumping data for table `room_types`
--

INSERT INTO `room_types` (`id`, `created_at`, `updated_at`, `created_by`, `last_updated_by`, `title`, `status`) VALUES
(1, '2019-10-11 16:17:59', '2019-10-11 16:18:23', 1, 1, 'SINGLE', 1),
(2, '2019-10-11 16:18:05', '2019-10-11 16:18:05', 1, NULL, 'DOUBLE', 1),
(3, '2019-10-11 16:18:12', '2019-10-11 16:18:12', 1, NULL, 'MULTIPLE', 1);

-- --------------------------------------------------------

--
-- Table structure for table `routes`
--

CREATE TABLE `routes` (
  `id` int(10) UNSIGNED NOT NULL,
  `created_at` timestamp NULL DEFAULT NULL,
  `updated_at` timestamp NULL DEFAULT NULL,
  `created_by` int(10) UNSIGNED NOT NULL,
  `last_updated_by` int(10) UNSIGNED DEFAULT NULL,
  `title` varchar(50) COLLATE utf8mb4_unicode_ci NOT NULL,
  `rent` int(11) NOT NULL DEFAULT '0',
  `description` text COLLATE utf8mb4_unicode_ci,
  `status` tinyint(1) NOT NULL DEFAULT '1'
) ENGINE=InnoDB DEFAULT CHARSET=utf8mb4 COLLATE=utf8mb4_unicode_ci;

--
-- Dumping data for table `routes`
--

INSERT INTO `routes` (`id`, `created_at`, `updated_at`, `created_by`, `last_updated_by`, `title`, `rent`, `description`, `status`) VALUES
(1, '2019-09-05 17:29:28', '2019-12-10 22:34:06', 1, 1, 'babatpur-vns', 21, NULL, 1);

-- --------------------------------------------------------

--
-- Table structure for table `route_vehicles`
--

CREATE TABLE `route_vehicles` (
  `id` int(10) UNSIGNED NOT NULL,
  `created_at` timestamp NULL DEFAULT NULL,
  `updated_at` timestamp NULL DEFAULT NULL,
  `routes_id` int(10) UNSIGNED NOT NULL,
  `vehicles_id` int(10) UNSIGNED NOT NULL,
  `status` tinyint(1) NOT NULL DEFAULT '1'
) ENGINE=InnoDB DEFAULT CHARSET=utf8mb4 COLLATE=utf8mb4_unicode_ci;

--
-- Dumping data for table `route_vehicles`
--

INSERT INTO `route_vehicles` (`id`, `created_at`, `updated_at`, `routes_id`, `vehicles_id`, `status`) VALUES
(1, NULL, NULL, 1, 1, 1);

-- --------------------------------------------------------

--
-- Table structure for table `salary_pays`
--

CREATE TABLE `salary_pays` (
  `id` int(10) UNSIGNED NOT NULL,
  `created_at` timestamp NULL DEFAULT NULL,
  `updated_at` timestamp NULL DEFAULT NULL,
  `created_by` int(10) UNSIGNED NOT NULL,
  `last_updated_by` int(10) UNSIGNED DEFAULT NULL,
  `staff_id` int(10) UNSIGNED NOT NULL,
  `salary_masters_id` int(10) UNSIGNED NOT NULL,
  `date` datetime NOT NULL,
  `paid_amount` int(11) NOT NULL,
  `allowance` int(11) DEFAULT NULL,
  `fine` int(11) DEFAULT NULL,
  `payment_mode` varchar(15) COLLATE utf8mb4_unicode_ci NOT NULL,
  `note` varchar(100) COLLATE utf8mb4_unicode_ci DEFAULT NULL,
  `status` tinyint(1) NOT NULL DEFAULT '1'
) ENGINE=InnoDB DEFAULT CHARSET=utf8mb4 COLLATE=utf8mb4_unicode_ci;

-- --------------------------------------------------------

--
-- Table structure for table `semesters`
--

CREATE TABLE `semesters` (
  `id` int(10) UNSIGNED NOT NULL,
  `created_at` timestamp NULL DEFAULT NULL,
  `updated_at` timestamp NULL DEFAULT NULL,
  `created_by` int(10) UNSIGNED NOT NULL,
  `last_updated_by` int(10) UNSIGNED DEFAULT NULL,
  `semester` varchar(50) COLLATE utf8mb4_unicode_ci NOT NULL,
  `slug` varchar(50) COLLATE utf8mb4_unicode_ci NOT NULL,
  `staff_id` int(10) UNSIGNED DEFAULT NULL,
  `gradingType_id` int(10) UNSIGNED DEFAULT NULL,
  `status` tinyint(1) NOT NULL DEFAULT '1'
) ENGINE=InnoDB DEFAULT CHARSET=utf8mb4 COLLATE=utf8mb4_unicode_ci;

--
-- Dumping data for table `semesters`
--

INSERT INTO `semesters` (`id`, `created_at`, `updated_at`, `created_by`, `last_updated_by`, `semester`, `slug`, `staff_id`, `gradingType_id`, `status`) VALUES
(2, '2019-09-03 12:08:40', '2019-11-21 14:23:15', 1, 1, 'SEC A', 'SEC-A', 2, 1, 1),
(3, '2019-09-03 12:09:06', '2019-09-03 12:09:06', 1, NULL, 'SEC B', 'SEC-B', 0, 1, 1);

-- --------------------------------------------------------

--
-- Table structure for table `semester_subject`
--

CREATE TABLE `semester_subject` (
  `id` int(10) UNSIGNED NOT NULL,
  `created_at` timestamp NULL DEFAULT NULL,
  `updated_at` timestamp NULL DEFAULT NULL,
  `created_by` int(10) UNSIGNED NOT NULL,
  `last_updated_by` int(10) UNSIGNED DEFAULT NULL,
  `semester_id` int(10) UNSIGNED NOT NULL,
  `subject_id` int(10) UNSIGNED NOT NULL,
  `status` tinyint(1) NOT NULL DEFAULT '0'
) ENGINE=InnoDB DEFAULT CHARSET=utf8mb4 COLLATE=utf8mb4_unicode_ci;

-- --------------------------------------------------------

--
-- Table structure for table `session`
--

CREATE TABLE `session` (
  `id` int(11) NOT NULL,
  `session_name` varchar(33) NOT NULL,
  `created_at` timestamp NOT NULL DEFAULT CURRENT_TIMESTAMP ON UPDATE CURRENT_TIMESTAMP,
  `updated_at` timestamp NOT NULL DEFAULT '0000-00-00 00:00:00',
  `status` tinyint(4) DEFAULT '1',
  `active_status` int(11) NOT NULL DEFAULT '0'
) ENGINE=InnoDB DEFAULT CHARSET=utf8;

--
-- Dumping data for table `session`
--

INSERT INTO `session` (`id`, `session_name`, `created_at`, `updated_at`, `status`, `active_status`) VALUES
(2, '2019-20', '2020-07-24 03:32:04', '0000-00-00 00:00:00', 1, 0),
(5, '2020-21', '2020-07-24 03:32:01', '2020-01-02 07:00:00', 1, 1);

-- --------------------------------------------------------

--
-- Table structure for table `settings`
--

CREATE TABLE `settings` (
  `id` int(10) UNSIGNED NOT NULL,
  `created_at` timestamp NULL DEFAULT NULL,
  `updated_at` timestamp NULL DEFAULT NULL
) ENGINE=InnoDB DEFAULT CHARSET=utf8mb4 COLLATE=utf8mb4_unicode_ci;

-- --------------------------------------------------------

--
-- Table structure for table `sms_emails`
--

CREATE TABLE `sms_emails` (
  `id` int(10) UNSIGNED NOT NULL,
  `created_at` timestamp NULL DEFAULT NULL,
  `updated_at` timestamp NULL DEFAULT NULL,
  `created_by` int(10) UNSIGNED NOT NULL,
  `last_updated_by` int(10) UNSIGNED DEFAULT NULL,
  `subject` varchar(100) COLLATE utf8mb4_unicode_ci DEFAULT NULL,
  `message` text COLLATE utf8mb4_unicode_ci NOT NULL,
  `sms` tinyint(1) NOT NULL DEFAULT '0',
  `email` tinyint(1) NOT NULL DEFAULT '0',
  `group` text COLLATE utf8mb4_unicode_ci NOT NULL,
  `status` tinyint(1) NOT NULL DEFAULT '1'
) ENGINE=InnoDB DEFAULT CHARSET=utf8mb4 COLLATE=utf8mb4_unicode_ci;

--
-- Dumping data for table `sms_emails`
--

INSERT INTO `sms_emails` (`id`, `created_at`, `updated_at`, `created_by`, `last_updated_by`, `subject`, `message`, `sms`, `email`, `group`, `status`) VALUES
(1, '2019-02-28 06:23:43', '2019-02-28 06:23:43', 1, NULL, NULL, 'Test\r\nSbsnsns\r\nXnsnsns', 1, 0, '2,3,4,6,7,5', 1);

-- --------------------------------------------------------

--
-- Table structure for table `sms_settings`
--

CREATE TABLE `sms_settings` (
  `id` int(10) UNSIGNED NOT NULL,
  `created_at` timestamp NULL DEFAULT NULL,
  `updated_at` timestamp NULL DEFAULT NULL,
  `identity` varchar(15) COLLATE utf8mb4_unicode_ci NOT NULL,
  `logo` varchar(15) COLLATE utf8mb4_unicode_ci NOT NULL,
  `link` varchar(100) COLLATE utf8mb4_unicode_ci NOT NULL,
  `config` text COLLATE utf8mb4_unicode_ci NOT NULL,
  `status` tinyint(1) NOT NULL DEFAULT '1'
) ENGINE=InnoDB DEFAULT CHARSET=utf8mb4 COLLATE=utf8mb4_unicode_ci;

--
-- Dumping data for table `sms_settings`
--

INSERT INTO `sms_settings` (`id`, `created_at`, `updated_at`, `identity`, `logo`, `link`, `config`, `status`) VALUES
(1, NULL, NULL, 'Sparrow', 'sparrow', 'http://sparrowsms.com', '{\"From\":\"\",\"Token\":\"\"}', 0),
(2, NULL, NULL, 'Twilio', 'twilio', 'https://www.twilio.com', '{\"SID\":\"\",\"Token\":\"\",\"FromNumber\":\"\"}', 0),
(3, NULL, NULL, 'MessageBird', 'messagebird', 'https://www.messagebird.com', '{\"Originator\":\"\",\"AcccessKey\":\"\"}', 0),
(4, NULL, NULL, 'Clickatell', 'clickatell', 'http://clickatell.com', '{\"ApiKey\":\"\"}', 0),
(5, NULL, NULL, 'Nexmo', 'nexmo', 'https://www.nexmo.com', '{\"From\":\"\",\"API_KEY\":\"\",\"API_SECRET\":\"\"}', 0),
(6, NULL, NULL, 'smsCountry', 'smscountry', 'https://www.smscountry.com', '{\"UserName\":\"\",\"Password\":\"\",\"SenderId\":\"\",\"Token\":\"\"}', 0),
(7, NULL, NULL, 'MsgClub', 'msgclub', 'https://www.smscountry.com', '{\"AUTH_KEY\":\"\",\"senderId\":\"\",\"routeId\":\"\",\"Token\":\"\"}', 0);

-- --------------------------------------------------------

--
-- Table structure for table `sources`
--

CREATE TABLE `sources` (
  `id` int(30) NOT NULL,
  `created_at` timestamp NULL DEFAULT NULL,
  `created_by` int(30) DEFAULT NULL,
  `updated_at` timestamp NULL DEFAULT NULL,
  `updated_by` int(30) DEFAULT NULL,
  `title` varchar(40) DEFAULT NULL,
  `description` varchar(255) DEFAULT NULL,
  `record_status` int(11) NOT NULL
) ENGINE=InnoDB DEFAULT CHARSET=latin1;

--
-- Dumping data for table `sources`
--

INSERT INTO `sources` (`id`, `created_at`, `created_by`, `updated_at`, `updated_by`, `title`, `description`, `record_status`) VALUES
(1, '2020-07-24 16:10:53', 1, '2020-07-24 16:10:53', NULL, 'Online Search', 'Online Search', 1),
(2, '2020-07-24 16:11:11', 1, '2020-07-24 16:11:11', NULL, 'Direct Walk-in', 'Direct Walk-in', 1);

-- --------------------------------------------------------

--
-- Table structure for table `staff_designations`
--

CREATE TABLE `staff_designations` (
  `id` int(10) UNSIGNED NOT NULL,
  `created_at` timestamp NULL DEFAULT NULL,
  `updated_at` timestamp NULL DEFAULT NULL,
  `created_by` int(10) UNSIGNED NOT NULL,
  `last_updated_by` int(10) UNSIGNED DEFAULT NULL,
  `title` varchar(25) COLLATE utf8mb4_unicode_ci NOT NULL,
  `status` tinyint(1) NOT NULL DEFAULT '1'
) ENGINE=InnoDB DEFAULT CHARSET=utf8mb4 COLLATE=utf8mb4_unicode_ci;

--
-- Dumping data for table `staff_designations`
--

INSERT INTO `staff_designations` (`id`, `created_at`, `updated_at`, `created_by`, `last_updated_by`, `title`, `status`) VALUES
(1, '2018-08-28 21:50:57', '2018-08-28 21:50:57', 1, NULL, 'ACCOUNTANT', 1),
(2, '2018-08-28 21:51:08', '2018-08-28 21:51:08', 1, NULL, 'DRIVER', 1),
(3, '2018-08-28 21:51:21', '2018-08-28 21:51:21', 1, NULL, 'PEON', 1),
(4, '2018-08-28 21:51:30', '2018-08-28 21:51:30', 1, NULL, 'RECEPTION', 1),
(5, '2018-08-28 21:51:40', '2018-08-28 21:51:40', 1, NULL, 'SECURITY GUARD', 1),
(6, '2018-08-28 21:51:51', '2020-05-14 21:24:04', 1, 35, 'FACULTY DECK FT', 1),
(7, '2019-09-19 18:05:11', '2019-09-19 18:05:11', 30, NULL, 'ADMIN IN CHARGE', 1),
(8, '2020-02-29 23:15:26', '2020-05-14 21:25:38', 35, 35, 'INSTRUCTOR DECK', 1),
(9, '2020-02-29 23:15:51', '2020-02-29 23:15:51', 35, NULL, 'HR', 1),
(10, '2020-03-03 19:19:37', '2020-03-03 19:19:37', 152, NULL, 'CHIEF ENGINEER', 1),
(11, '2020-03-03 19:20:01', '2020-03-03 19:20:01', 152, NULL, 'CHIEF OFFICER', 1),
(12, '2020-03-03 19:20:15', '2020-03-03 19:20:15', 152, NULL, 'CAPTAIN', 1),
(13, '2020-05-05 18:57:35', '2020-05-05 18:57:35', 28, NULL, 'CHIEF ACCOUNTANT', 1),
(14, '2020-05-14 21:19:14', '2020-05-14 21:19:14', 35, NULL, 'CHAIRMAN', 1),
(15, '2020-05-14 21:19:26', '2020-05-14 21:19:26', 35, NULL, 'VICE CHAIRMAN', 1),
(16, '2020-05-14 21:19:47', '2020-05-14 21:19:47', 35, NULL, 'MANAGING DIRECTOR', 1),
(17, '2020-05-14 21:20:01', '2020-05-14 21:20:01', 35, NULL, 'DIRECTOR AIIMT VARANASI', 1),
(18, '2020-05-14 21:20:15', '2020-05-14 21:20:15', 35, NULL, 'DIRECTOR AIIMT MUMBAI', 1),
(19, '2020-05-14 21:20:33', '2020-05-14 21:20:54', 35, 35, 'DIRECTOR AMC SIKKIM', 1),
(21, '2020-05-14 21:24:30', '2020-05-14 21:24:30', 35, NULL, 'FACULTY DECK Visiting', 1),
(22, '2020-05-14 21:24:47', '2020-05-14 21:24:47', 35, NULL, 'FACULTY ENGINE FT', 1),
(23, '2020-05-14 21:25:10', '2020-05-14 21:25:10', 35, NULL, 'FACULTY ENGINE Visiting', 1),
(24, '2020-05-14 21:25:55', '2020-05-14 21:25:55', 35, NULL, 'INSTRUCTOR ENGINE', 1),
(25, '2020-05-14 21:26:12', '2020-05-14 21:26:12', 35, NULL, 'WORKSHOP INCHARGE', 1),
(26, '2020-05-14 21:26:32', '2020-05-14 21:26:32', 35, NULL, 'WORKSHOP ATTENDANT', 1),
(27, '2020-05-14 21:26:54', '2020-05-14 21:26:54', 35, NULL, 'LAB INCHARGE', 1),
(28, '2020-05-14 21:27:12', '2020-05-14 21:27:12', 35, NULL, 'LAB ATTENDANT', 1),
(29, '2020-05-14 21:27:38', '2020-05-14 21:27:38', 35, NULL, 'INSTRUCTOR COMPUTER', 1),
(30, '2020-05-14 21:28:19', '2020-05-14 21:28:19', 35, NULL, 'SITE INCHARGE', 1),
(31, '2020-05-14 21:28:57', '2020-05-15 23:59:49', 35, 35, 'PRINCIPAL-AIIMT VNS', 1),
(32, '2020-05-14 21:29:09', '2020-05-14 21:29:09', 35, NULL, 'VICE PRINCIPAL', 1),
(33, '2020-05-14 21:29:57', '2020-05-14 21:29:57', 35, NULL, 'COURSE INCHARGE', 1),
(34, '2020-05-14 21:30:43', '2020-05-14 21:30:43', 35, NULL, 'SUPERVISOR', 1),
(35, '2020-05-14 21:30:56', '2020-05-14 21:30:56', 35, NULL, 'GARDENER', 1),
(36, '2020-05-14 21:31:06', '2020-05-14 21:31:06', 35, NULL, 'ELECTRICIAN', 1),
(37, '2020-05-14 21:31:16', '2020-05-14 21:31:16', 35, NULL, 'PLUMBER', 1),
(38, '2020-05-14 21:31:30', '2020-05-14 21:31:30', 35, NULL, 'SWEEPER', 1),
(39, '2020-05-14 21:31:38', '2020-05-14 21:31:38', 35, NULL, 'DAI', 1),
(40, '2020-05-14 21:31:53', '2020-05-14 21:31:53', 35, NULL, 'CARPENTER', 1),
(41, '2020-05-16 00:00:51', '2020-05-16 00:00:51', 35, NULL, 'PRINCIPAL-AIIMT MUM', 1),
(42, '2020-05-16 00:01:10', '2020-05-16 00:01:10', 35, NULL, 'PRINCIPAL-AMC SIKKIM', 1),
(43, '2020-06-30 08:54:12', '2020-06-30 08:54:12', 1, NULL, 'TEACHER / FACULTY', 1);

-- --------------------------------------------------------

--
-- Table structure for table `statuses`
--

CREATE TABLE `statuses` (
  `id` bigint(15) NOT NULL,
  `created_at` timestamp NULL DEFAULT NULL,
  `created_by` int(11) DEFAULT NULL,
  `updated_at` timestamp NULL DEFAULT NULL,
  `updated_by` int(11) DEFAULT NULL,
  `title` varchar(100) DEFAULT NULL,
  `record_status` int(11) DEFAULT '1'
) ENGINE=InnoDB DEFAULT CHARSET=latin1;

--
-- Dumping data for table `statuses`
--

INSERT INTO `statuses` (`id`, `created_at`, `created_by`, `updated_at`, `updated_by`, `title`, `record_status`) VALUES
(1, '2020-07-24 16:12:15', 1, '2020-07-24 16:12:15', NULL, 'Pending', 1),
(2, '2020-07-24 16:12:25', 1, '2020-07-24 16:12:25', NULL, 'Forwarded', 1),
(3, '2020-07-24 16:12:29', 1, '2020-07-24 16:12:29', NULL, 'Closed', 1),
(4, '2020-07-24 16:12:36', 1, '2020-07-24 16:12:36', NULL, 'Done', 1);

-- --------------------------------------------------------

--
-- Table structure for table `stoppages`
--

CREATE TABLE `stoppages` (
  `id` int(15) NOT NULL,
  `created_by` int(15) DEFAULT NULL,
  `created_at` timestamp NULL DEFAULT NULL,
  `updated_by` int(15) DEFAULT NULL,
  `updated_at` timestamp NULL DEFAULT NULL,
  `route_id` int(10) DEFAULT NULL,
  `title` varchar(255) DEFAULT NULL,
  `distance` bigint(20) DEFAULT NULL,
  `fee_amount` bigint(20) DEFAULT NULL,
  `active_status` int(11) DEFAULT '1',
  `record_status` int(11) DEFAULT '1'
) ENGINE=InnoDB DEFAULT CHARSET=latin1;

-- --------------------------------------------------------

--
-- Table structure for table `student_guardians`
--

CREATE TABLE `student_guardians` (
  `id` int(10) UNSIGNED NOT NULL,
  `created_at` timestamp NULL DEFAULT NULL,
  `updated_at` timestamp NULL DEFAULT NULL,
  `students_id` int(10) UNSIGNED NOT NULL,
  `guardians_id` int(10) UNSIGNED NOT NULL
) ENGINE=InnoDB DEFAULT CHARSET=utf8mb4 COLLATE=utf8mb4_unicode_ci;

-- --------------------------------------------------------

--
-- Table structure for table `student_statuses`
--

CREATE TABLE `student_statuses` (
  `id` int(10) UNSIGNED NOT NULL,
  `created_at` timestamp NULL DEFAULT NULL,
  `updated_at` timestamp NULL DEFAULT NULL,
  `created_by` int(10) UNSIGNED NOT NULL,
  `last_updated_by` int(10) UNSIGNED DEFAULT NULL,
  `title` varchar(25) COLLATE utf8mb4_unicode_ci NOT NULL,
  `status` tinyint(1) NOT NULL DEFAULT '1'
) ENGINE=InnoDB DEFAULT CHARSET=utf8mb4 COLLATE=utf8mb4_unicode_ci;

--
-- Dumping data for table `student_statuses`
--

INSERT INTO `student_statuses` (`id`, `created_at`, `updated_at`, `created_by`, `last_updated_by`, `title`, `status`) VALUES
(2, '2019-09-03 12:10:20', '2019-09-17 17:49:57', 1, 22, 'New Admission Form', 1),
(4, '2019-09-04 18:57:10', '2019-09-04 18:57:10', 1, NULL, 'I.D CARD', 1),
(6, '2019-09-05 17:35:00', '2019-09-05 17:35:00', 1, NULL, 'Tranport', 1),
(7, '2019-09-17 17:50:44', '2019-09-17 17:50:44', 22, NULL, 'Transfer & Character Fee', 1),
(8, '2019-09-17 17:51:24', '2019-09-17 17:51:24', 22, NULL, 'Bona-Fied Fee', 1),
(9, '2019-11-01 15:31:11', '2019-11-01 15:31:56', 22, 22, 'M.COM. FIRST BACK', 1),
(10, '2019-11-01 15:31:40', '2019-11-01 15:31:40', 22, NULL, 'M.COM. FIRST IMPROVEMENT', 1),
(11, '2019-11-01 15:32:21', '2019-11-01 15:32:21', 22, NULL, 'M.COM. THIRD BACK', 1),
(12, '2019-11-01 15:32:45', '2019-11-01 15:32:45', 22, NULL, 'M.COM. THIRD IMPROVEMENT', 1),
(13, '2019-12-03 11:54:09', '2019-12-03 11:54:09', 22, NULL, 'PRIVATE EXAM FORM', 1),
(14, '2019-12-03 11:55:32', '2019-12-03 11:55:32', 22, NULL, 'EX-STUDENTS', 1),
(15, '2020-01-27 17:51:21', '2020-01-27 17:51:21', 22, NULL, 'VIVA-VOCE FEE', 1),
(16, '2020-01-27 17:52:01', '2020-01-27 17:55:00', 22, 22, 'BUS FEE', 1),
(17, '2020-02-13 17:58:20', '2020-02-13 17:58:20', 22, NULL, 'OLD DUE FEE', 1),
(18, '2020-03-16 20:18:49', '2020-03-16 20:18:49', 22, NULL, 'M.COM. SECOND SEM. BACK', 1),
(19, '2020-03-16 20:20:42', '2020-03-16 20:20:42', 22, NULL, 'M.COM. II SEM. IMPROVEM.', 1),
(20, '2020-03-16 20:21:11', '2020-03-16 20:21:11', 22, NULL, 'M.COM. IV SEM. IMPROVEM.', 1),
(21, '2020-03-16 20:21:36', '2020-03-16 20:21:36', 22, NULL, 'M.COM. FORTH SEM. BACK', 1);

-- --------------------------------------------------------

--
-- Table structure for table `subjects`
--

CREATE TABLE `subjects` (
  `id` int(10) UNSIGNED NOT NULL,
  `created_at` timestamp NULL DEFAULT NULL,
  `updated_at` timestamp NULL DEFAULT NULL,
  `created_by` int(10) UNSIGNED NOT NULL,
  `last_updated_by` int(10) UNSIGNED DEFAULT NULL,
  `title` varchar(100) COLLATE utf8mb4_unicode_ci NOT NULL,
  `code` varchar(15) COLLATE utf8mb4_unicode_ci NOT NULL,
  `full_mark_theory` int(11) DEFAULT NULL,
  `pass_mark_theory` int(11) DEFAULT NULL,
  `full_mark_practical` int(11) DEFAULT NULL,
  `pass_mark_practical` int(11) DEFAULT NULL,
  `credit_hour` int(11) DEFAULT NULL,
  `sub_type` varchar(15) COLLATE utf8mb4_unicode_ci DEFAULT NULL,
  `class_type` varchar(15) COLLATE utf8mb4_unicode_ci DEFAULT NULL,
  `staff_id` int(10) UNSIGNED DEFAULT NULL,
  `description` varchar(100) COLLATE utf8mb4_unicode_ci DEFAULT NULL,
  `status` tinyint(1) NOT NULL DEFAULT '1'
) ENGINE=InnoDB DEFAULT CHARSET=utf8mb4 COLLATE=utf8mb4_unicode_ci;

--
-- Dumping data for table `subjects`
--

INSERT INTO `subjects` (`id`, `created_at`, `updated_at`, `created_by`, `last_updated_by`, `title`, `code`, `full_mark_theory`, `pass_mark_theory`, `full_mark_practical`, `pass_mark_practical`, `credit_hour`, `sub_type`, `class_type`, `staff_id`, `description`, `status`) VALUES
(1, '2019-09-03 12:07:40', '2020-07-24 16:56:23', 1, 337, 'ENGLISH', 'EN001', NULL, NULL, NULL, NULL, NULL, 'Optional', 'Both', 2, 'DESC', 1),
(2, '2020-07-24 16:57:46', '2020-07-24 16:57:46', 337, NULL, 'hindi', 'HO', 1, 2, 3, 4, 1, 'Compulsory', 'Both', 2, 'DESC', 1);

-- --------------------------------------------------------

--
-- Table structure for table `timetable_alt_teacher`
--

CREATE TABLE `timetable_alt_teacher` (
  `id` int(25) NOT NULL,
  `created_at` timestamp NOT NULL DEFAULT CURRENT_TIMESTAMP,
  `timetable_id` int(35) DEFAULT NULL,
  `date` date DEFAULT NULL,
  `staff_id` int(35) DEFAULT NULL
) ENGINE=InnoDB DEFAULT CHARSET=latin1;

-- --------------------------------------------------------

--
-- Table structure for table `transport_histories`
--

CREATE TABLE `transport_histories` (
  `id` int(10) UNSIGNED NOT NULL,
  `created_at` timestamp NULL DEFAULT NULL,
  `updated_at` timestamp NULL DEFAULT NULL,
  `created_by` int(10) UNSIGNED NOT NULL,
  `last_updated_by` int(10) UNSIGNED DEFAULT NULL,
  `years_id` int(10) UNSIGNED NOT NULL,
  `routes_id` int(10) UNSIGNED DEFAULT NULL,
  `vehicles_id` int(10) UNSIGNED DEFAULT NULL,
  `travellers_id` int(10) UNSIGNED NOT NULL,
  `history_type` text COLLATE utf8mb4_unicode_ci NOT NULL,
  `status` tinyint(1) NOT NULL DEFAULT '1'
) ENGINE=InnoDB DEFAULT CHARSET=utf8mb4 COLLATE=utf8mb4_unicode_ci;

-- --------------------------------------------------------

--
-- Table structure for table `transport_users`
--

CREATE TABLE `transport_users` (
  `id` int(10) UNSIGNED NOT NULL,
  `created_at` timestamp NULL DEFAULT NULL,
  `updated_at` timestamp NULL DEFAULT NULL,
  `created_by` int(10) UNSIGNED NOT NULL,
  `last_updated_by` int(10) UNSIGNED DEFAULT NULL,
  `routes_id` int(10) UNSIGNED DEFAULT NULL,
  `vehicles_id` int(10) UNSIGNED DEFAULT NULL,
  `stoppage_id` int(15) UNSIGNED DEFAULT NULL,
  `user_type` int(10) UNSIGNED NOT NULL,
  `member_id` int(10) UNSIGNED NOT NULL,
  `status` tinyint(1) NOT NULL DEFAULT '1',
  `duration` varchar(200) COLLATE utf8mb4_unicode_ci DEFAULT NULL,
  `from_date` date DEFAULT NULL,
  `to_date` date DEFAULT NULL,
  `rent` bigint(50) DEFAULT NULL,
  `total_rent` bigint(50) DEFAULT NULL,
  `session` int(11) DEFAULT NULL,
  `branch` int(11) DEFAULT NULL
) ENGINE=InnoDB DEFAULT CHARSET=utf8mb4 COLLATE=utf8mb4_unicode_ci;

-- --------------------------------------------------------

--
-- Table structure for table `vehicles`
--

CREATE TABLE `vehicles` (
  `id` int(10) UNSIGNED NOT NULL,
  `created_at` timestamp NULL DEFAULT NULL,
  `updated_at` timestamp NULL DEFAULT NULL,
  `created_by` int(10) UNSIGNED NOT NULL,
  `last_updated_by` int(10) UNSIGNED DEFAULT NULL,
  `number` varchar(25) COLLATE utf8mb4_unicode_ci NOT NULL,
  `type` varchar(25) COLLATE utf8mb4_unicode_ci NOT NULL,
  `model` varchar(25) COLLATE utf8mb4_unicode_ci NOT NULL,
  `description` text COLLATE utf8mb4_unicode_ci,
  `status` tinyint(1) NOT NULL DEFAULT '1'
) ENGINE=InnoDB DEFAULT CHARSET=utf8mb4 COLLATE=utf8mb4_unicode_ci;

-- --------------------------------------------------------

--
-- Table structure for table `vehicle_staffs`
--

CREATE TABLE `vehicle_staffs` (
  `id` int(10) UNSIGNED NOT NULL,
  `created_at` timestamp NULL DEFAULT NULL,
  `updated_at` timestamp NULL DEFAULT NULL,
  `vehicles_id` int(10) UNSIGNED NOT NULL,
  `staffs_id` int(10) UNSIGNED NOT NULL,
  `status` tinyint(1) NOT NULL DEFAULT '1'
) ENGINE=InnoDB DEFAULT CHARSET=utf8mb4 COLLATE=utf8mb4_unicode_ci;

-- --------------------------------------------------------

--
-- Table structure for table `years`
--

CREATE TABLE `years` (
  `id` int(10) UNSIGNED NOT NULL,
  `created_at` timestamp NULL DEFAULT NULL,
  `updated_at` timestamp NULL DEFAULT NULL,
  `created_by` int(10) UNSIGNED NOT NULL,
  `last_updated_by` int(10) UNSIGNED DEFAULT NULL,
  `title` varchar(4) COLLATE utf8mb4_unicode_ci NOT NULL,
  `active_status` tinyint(1) NOT NULL DEFAULT '0',
  `status` tinyint(1) NOT NULL DEFAULT '1'
) ENGINE=InnoDB DEFAULT CHARSET=utf8mb4 COLLATE=utf8mb4_unicode_ci;

--
-- Dumping data for table `years`
--

INSERT INTO `years` (`id`, `created_at`, `updated_at`, `created_by`, `last_updated_by`, `title`, `active_status`, `status`) VALUES
(4, '2018-08-30 23:52:04', '2019-09-12 19:53:04', 1, NULL, '2019', 1, 1),
(5, '2020-01-02 07:00:00', '2020-01-02 18:56:15', 1, 1, '2020', 0, 1);

--
-- Indexes for dumped tables
--

--
-- Indexes for table `academic_infos`
--
ALTER TABLE `academic_infos`
  ADD PRIMARY KEY (`id`);

--
-- Indexes for table `addressinfos`
--
ALTER TABLE `addressinfos`
  ADD PRIMARY KEY (`id`);

--
-- Indexes for table `alert_settings`
--
ALTER TABLE `alert_settings`
  ADD PRIMARY KEY (`id`);

--
-- Indexes for table `assignment_answers`
--
ALTER TABLE `assignment_answers`
  ADD PRIMARY KEY (`id`);

--
-- Indexes for table `assignment_comments`
--
ALTER TABLE `assignment_comments`
  ADD PRIMARY KEY (`id`);

--
-- Indexes for table `attendances`
--
ALTER TABLE `attendances`
  ADD PRIMARY KEY (`id`);

--
-- Indexes for table `attendance_masters`
--
ALTER TABLE `attendance_masters`
  ADD PRIMARY KEY (`id`);

--
-- Indexes for table `attendance_statuses`
--
ALTER TABLE `attendance_statuses`
  ADD PRIMARY KEY (`id`),
  ADD UNIQUE KEY `attendance_statuses_title_unique` (`title`);

--
-- Indexes for table `beds`
--
ALTER TABLE `beds`
  ADD PRIMARY KEY (`id`);

--
-- Indexes for table `bed_statuses`
--
ALTER TABLE `bed_statuses`
  ADD PRIMARY KEY (`id`),
  ADD UNIQUE KEY `bed_statuses_title_unique` (`title`);

--
-- Indexes for table `books`
--
ALTER TABLE `books`
  ADD PRIMARY KEY (`id`),
  ADD UNIQUE KEY `books_book_code_unique` (`book_code`);

--
-- Indexes for table `book_categories`
--
ALTER TABLE `book_categories`
  ADD PRIMARY KEY (`id`),
  ADD UNIQUE KEY `book_categories_title_unique` (`title`),
  ADD UNIQUE KEY `book_categories_slug_unique` (`slug`);

--
-- Indexes for table `book_issues`
--
ALTER TABLE `book_issues`
  ADD PRIMARY KEY (`id`);

--
-- Indexes for table `book_masters`
--
ALTER TABLE `book_masters`
  ADD PRIMARY KEY (`id`);

--
-- Indexes for table `book_statuses`
--
ALTER TABLE `book_statuses`
  ADD PRIMARY KEY (`id`),
  ADD UNIQUE KEY `book_statuses_title_unique` (`title`);

--
-- Indexes for table `category`
--
ALTER TABLE `category`
  ADD PRIMARY KEY (`id`);

--
-- Indexes for table `certificates`
--
ALTER TABLE `certificates`
  ADD PRIMARY KEY (`id`);

--
-- Indexes for table `collect_fee`
--
ALTER TABLE `collect_fee`
  ADD PRIMARY KEY (`id`);

--
-- Indexes for table `collect_fee_log`
--
ALTER TABLE `collect_fee_log`
  ADD PRIMARY KEY (`id`) USING BTREE;

--
-- Indexes for table `complain_types`
--
ALTER TABLE `complain_types`
  ADD PRIMARY KEY (`id`);

--
-- Indexes for table `days`
--
ALTER TABLE `days`
  ADD PRIMARY KEY (`id`),
  ADD UNIQUE KEY `days_title_unique` (`title`);

--
-- Indexes for table `documents`
--
ALTER TABLE `documents`
  ADD PRIMARY KEY (`id`);

--
-- Indexes for table `downloads`
--
ALTER TABLE `downloads`
  ADD PRIMARY KEY (`id`);

--
-- Indexes for table `eating_times`
--
ALTER TABLE `eating_times`
  ADD PRIMARY KEY (`id`),
  ADD UNIQUE KEY `eating_times_title_unique` (`title`);

--
-- Indexes for table `enquiry_followup`
--
ALTER TABLE `enquiry_followup`
  ADD PRIMARY KEY (`id`);

--
-- Indexes for table `exams`
--
ALTER TABLE `exams`
  ADD PRIMARY KEY (`id`),
  ADD UNIQUE KEY `exams_title_unique` (`title`);

--
-- Indexes for table `exam_mark`
--
ALTER TABLE `exam_mark`
  ADD PRIMARY KEY (`id`);

--
-- Indexes for table `exam_mark_ledgers`
--
ALTER TABLE `exam_mark_ledgers`
  ADD PRIMARY KEY (`id`);

--
-- Indexes for table `exam_modes`
--
ALTER TABLE `exam_modes`
  ADD PRIMARY KEY (`id`);

--
-- Indexes for table `exam_question`
--
ALTER TABLE `exam_question`
  ADD PRIMARY KEY (`id`);

--
-- Indexes for table `exam_question_answer`
--
ALTER TABLE `exam_question_answer`
  ADD PRIMARY KEY (`id`);

--
-- Indexes for table `exam_schedules`
--
ALTER TABLE `exam_schedules`
  ADD PRIMARY KEY (`id`);

--
-- Indexes for table `faculties`
--
ALTER TABLE `faculties`
  ADD PRIMARY KEY (`id`);

--
-- Indexes for table `faculty_semester`
--
ALTER TABLE `faculty_semester`
  ADD PRIMARY KEY (`id`);

--
-- Indexes for table `fee_collections`
--
ALTER TABLE `fee_collections`
  ADD PRIMARY KEY (`id`);

--
-- Indexes for table `fee_heads`
--
ALTER TABLE `fee_heads`
  ADD PRIMARY KEY (`id`),
  ADD UNIQUE KEY `fee_heads_fee_head_title_unique` (`fee_head_title`),
  ADD UNIQUE KEY `fee_heads_slug_unique` (`slug`);

--
-- Indexes for table `fee_masters`
--
ALTER TABLE `fee_masters`
  ADD PRIMARY KEY (`id`);

--
-- Indexes for table `follow_up_history`
--
ALTER TABLE `follow_up_history`
  ADD PRIMARY KEY (`id`);

--
-- Indexes for table `food_categories`
--
ALTER TABLE `food_categories`
  ADD PRIMARY KEY (`id`),
  ADD UNIQUE KEY `food_categories_title_unique` (`title`);

--
-- Indexes for table `food_items`
--
ALTER TABLE `food_items`
  ADD PRIMARY KEY (`id`),
  ADD UNIQUE KEY `food_items_title_unique` (`title`);

--
-- Indexes for table `food_item_food_schedule`
--
ALTER TABLE `food_item_food_schedule`
  ADD PRIMARY KEY (`id`);

--
-- Indexes for table `food_schedules`
--
ALTER TABLE `food_schedules`
  ADD PRIMARY KEY (`id`);

--
-- Indexes for table `general_settings`
--
ALTER TABLE `general_settings`
  ADD PRIMARY KEY (`id`);

--
-- Indexes for table `grading_scales`
--
ALTER TABLE `grading_scales`
  ADD PRIMARY KEY (`id`);

--
-- Indexes for table `grading_types`
--
ALTER TABLE `grading_types`
  ADD PRIMARY KEY (`id`),
  ADD UNIQUE KEY `grading_types_title_unique` (`title`),
  ADD UNIQUE KEY `grading_types_slug_unique` (`slug`);

--
-- Indexes for table `guardian_details`
--
ALTER TABLE `guardian_details`
  ADD PRIMARY KEY (`id`);

--
-- Indexes for table `handicaps`
--
ALTER TABLE `handicaps`
  ADD PRIMARY KEY (`id`);

--
-- Indexes for table `hostels`
--
ALTER TABLE `hostels`
  ADD PRIMARY KEY (`id`),
  ADD UNIQUE KEY `hostels_name_unique` (`name`);

--
-- Indexes for table `hostel_blocks`
--
ALTER TABLE `hostel_blocks`
  ADD PRIMARY KEY (`id`);

--
-- Indexes for table `hostel_floors`
--
ALTER TABLE `hostel_floors`
  ADD PRIMARY KEY (`id`);

--
-- Indexes for table `hostel_meals`
--
ALTER TABLE `hostel_meals`
  ADD PRIMARY KEY (`id`);

--
-- Indexes for table `inventory_brands`
--
ALTER TABLE `inventory_brands`
  ADD PRIMARY KEY (`id`);

--
-- Indexes for table `inventory_categories`
--
ALTER TABLE `inventory_categories`
  ADD PRIMARY KEY (`id`);

--
-- Indexes for table `inventory_gst`
--
ALTER TABLE `inventory_gst`
  ADD PRIMARY KEY (`id`);

--
-- Indexes for table `inventory_labels`
--
ALTER TABLE `inventory_labels`
  ADD PRIMARY KEY (`id`);

--
-- Indexes for table `inventory_products`
--
ALTER TABLE `inventory_products`
  ADD PRIMARY KEY (`id`);

--
-- Indexes for table `inventory_purchase`
--
ALTER TABLE `inventory_purchase`
  ADD PRIMARY KEY (`id`);

--
-- Indexes for table `inventory_purchase_status`
--
ALTER TABLE `inventory_purchase_status`
  ADD PRIMARY KEY (`id`);

--
-- Indexes for table `inventory_suppliers`
--
ALTER TABLE `inventory_suppliers`
  ADD PRIMARY KEY (`id`);

--
-- Indexes for table `inventory_units`
--
ALTER TABLE `inventory_units`
  ADD PRIMARY KEY (`id`);

--
-- Indexes for table `library_circulations`
--
ALTER TABLE `library_circulations`
  ADD PRIMARY KEY (`id`),
  ADD UNIQUE KEY `library_circulations_user_type_unique` (`user_type`),
  ADD UNIQUE KEY `library_circulations_slug_unique` (`slug`),
  ADD UNIQUE KEY `library_circulations_code_prefix_unique` (`code_prefix`);

--
-- Indexes for table `library_members`
--
ALTER TABLE `library_members`
  ADD PRIMARY KEY (`id`);

--
-- Indexes for table `live_class_attendance`
--
ALTER TABLE `live_class_attendance`
  ADD PRIMARY KEY (`id`);

--
-- Indexes for table `migrations`
--
ALTER TABLE `migrations`
  ADD PRIMARY KEY (`id`);

--
-- Indexes for table `miscellaneous_collect_fee`
--
ALTER TABLE `miscellaneous_collect_fee`
  ADD PRIMARY KEY (`id`);

--
-- Indexes for table `miscellaneous_collect_fee_log`
--
ALTER TABLE `miscellaneous_collect_fee_log`
  ADD PRIMARY KEY (`id`) USING BTREE;

--
-- Indexes for table `miscellaneous_heads`
--
ALTER TABLE `miscellaneous_heads`
  ADD PRIMARY KEY (`id`),
  ADD UNIQUE KEY `fee_heads_fee_head_title_unique` (`fee_head_title`),
  ADD UNIQUE KEY `fee_heads_slug_unique` (`slug`);

--
-- Indexes for table `months`
--
ALTER TABLE `months`
  ADD PRIMARY KEY (`id`),
  ADD UNIQUE KEY `months_title_unique` (`title`);

--
-- Indexes for table `nodue_faculty`
--
ALTER TABLE `nodue_faculty`
  ADD PRIMARY KEY (`id`);

--
-- Indexes for table `notes`
--
ALTER TABLE `notes`
  ADD PRIMARY KEY (`id`);

--
-- Indexes for table `notices`
--
ALTER TABLE `notices`
  ADD PRIMARY KEY (`id`);

--
-- Indexes for table `online_admission_payments`
--
ALTER TABLE `online_admission_payments`
  ADD PRIMARY KEY (`id`);

--
-- Indexes for table `organisations`
--
ALTER TABLE `organisations`
  ADD PRIMARY KEY (`id`);

--
-- Indexes for table `parent_details`
--
ALTER TABLE `parent_details`
  ADD PRIMARY KEY (`id`);

--
-- Indexes for table `payment_gateway`
--
ALTER TABLE `payment_gateway`
  ADD PRIMARY KEY (`id`);

--
-- Indexes for table `payment_settings`
--
ALTER TABLE `payment_settings`
  ADD PRIMARY KEY (`id`);

--
-- Indexes for table `payment_type`
--
ALTER TABLE `payment_type`
  ADD PRIMARY KEY (`id`),
  ADD UNIQUE KEY `type_name` (`type_name`);

--
-- Indexes for table `payroll_heads`
--
ALTER TABLE `payroll_heads`
  ADD PRIMARY KEY (`id`),
  ADD UNIQUE KEY `payroll_heads_title_unique` (`title`),
  ADD UNIQUE KEY `payroll_heads_slug_unique` (`slug`);

--
-- Indexes for table `payroll_masters`
--
ALTER TABLE `payroll_masters`
  ADD PRIMARY KEY (`id`);

--
-- Indexes for table `payu_payments`
--
ALTER TABLE `payu_payments`
  ADD PRIMARY KEY (`id`);

--
-- Indexes for table `permissions`
--
ALTER TABLE `permissions`
  ADD PRIMARY KEY (`id`),
  ADD UNIQUE KEY `permissions_name_unique` (`name`);

--
-- Indexes for table `permission_role`
--
ALTER TABLE `permission_role`
  ADD PRIMARY KEY (`permission_id`,`role_id`),
  ADD KEY `permission_role_role_id_foreign` (`role_id`);

--
-- Indexes for table `product_image`
--
ALTER TABLE `product_image`
  ADD PRIMARY KEY (`id`);

--
-- Indexes for table `product_variations`
--
ALTER TABLE `product_variations`
  ADD PRIMARY KEY (`id`);

--
-- Indexes for table `reference`
--
ALTER TABLE `reference`
  ADD PRIMARY KEY (`id`);

--
-- Indexes for table `religions`
--
ALTER TABLE `religions`
  ADD PRIMARY KEY (`id`);

--
-- Indexes for table `resident_histories`
--
ALTER TABLE `resident_histories`
  ADD PRIMARY KEY (`id`);

--
-- Indexes for table `roles`
--
ALTER TABLE `roles`
  ADD PRIMARY KEY (`id`),
  ADD UNIQUE KEY `roles_name_unique` (`name`);

--
-- Indexes for table `role_user`
--
ALTER TABLE `role_user`
  ADD PRIMARY KEY (`user_id`,`role_id`),
  ADD KEY `role_user_role_id_foreign` (`role_id`);

--
-- Indexes for table `rooms`
--
ALTER TABLE `rooms`
  ADD PRIMARY KEY (`id`);

--
-- Indexes for table `room_types`
--
ALTER TABLE `room_types`
  ADD PRIMARY KEY (`id`),
  ADD UNIQUE KEY `room_types_title_unique` (`title`);

--
-- Indexes for table `routes`
--
ALTER TABLE `routes`
  ADD PRIMARY KEY (`id`),
  ADD UNIQUE KEY `routes_title_unique` (`title`);

--
-- Indexes for table `route_vehicles`
--
ALTER TABLE `route_vehicles`
  ADD PRIMARY KEY (`id`);

--
-- Indexes for table `salary_pays`
--
ALTER TABLE `salary_pays`
  ADD PRIMARY KEY (`id`);

--
-- Indexes for table `semesters`
--
ALTER TABLE `semesters`
  ADD PRIMARY KEY (`id`),
  ADD UNIQUE KEY `semesters_semester_unique` (`semester`),
  ADD UNIQUE KEY `semesters_slug_unique` (`slug`);

--
-- Indexes for table `semester_subject`
--
ALTER TABLE `semester_subject`
  ADD PRIMARY KEY (`id`);

--
-- Indexes for table `session`
--
ALTER TABLE `session`
  ADD PRIMARY KEY (`id`);

--
-- Indexes for table `settings`
--
ALTER TABLE `settings`
  ADD PRIMARY KEY (`id`);

--
-- Indexes for table `sms_emails`
--
ALTER TABLE `sms_emails`
  ADD PRIMARY KEY (`id`);

--
-- Indexes for table `sms_settings`
--
ALTER TABLE `sms_settings`
  ADD PRIMARY KEY (`id`);

--
-- Indexes for table `sources`
--
ALTER TABLE `sources`
  ADD PRIMARY KEY (`id`);

--
-- Indexes for table `staff_designations`
--
ALTER TABLE `staff_designations`
  ADD PRIMARY KEY (`id`),
  ADD UNIQUE KEY `staff_designations_title_unique` (`title`);

--
-- Indexes for table `statuses`
--
ALTER TABLE `statuses`
  ADD PRIMARY KEY (`id`);

--
-- Indexes for table `stoppages`
--
ALTER TABLE `stoppages`
  ADD PRIMARY KEY (`id`);

--
-- Indexes for table `student_guardians`
--
ALTER TABLE `student_guardians`
  ADD PRIMARY KEY (`id`);

--
-- Indexes for table `student_statuses`
--
ALTER TABLE `student_statuses`
  ADD PRIMARY KEY (`id`),
  ADD UNIQUE KEY `student_statuses_title_unique` (`title`);

--
-- Indexes for table `subjects`
--
ALTER TABLE `subjects`
  ADD PRIMARY KEY (`id`);

--
-- Indexes for table `timetable_alt_teacher`
--
ALTER TABLE `timetable_alt_teacher`
  ADD PRIMARY KEY (`id`);

--
-- Indexes for table `transport_histories`
--
ALTER TABLE `transport_histories`
  ADD PRIMARY KEY (`id`);

--
-- Indexes for table `transport_users`
--
ALTER TABLE `transport_users`
  ADD PRIMARY KEY (`id`);

--
-- Indexes for table `vehicles`
--
ALTER TABLE `vehicles`
  ADD PRIMARY KEY (`id`),
  ADD UNIQUE KEY `vehicles_number_unique` (`number`);

--
-- Indexes for table `vehicle_staffs`
--
ALTER TABLE `vehicle_staffs`
  ADD PRIMARY KEY (`id`);

--
-- Indexes for table `years`
--
ALTER TABLE `years`
  ADD PRIMARY KEY (`id`),
  ADD UNIQUE KEY `years_title_unique` (`title`);

--
-- AUTO_INCREMENT for dumped tables
--

--
-- AUTO_INCREMENT for table `academic_infos`
--
ALTER TABLE `academic_infos`
  MODIFY `id` int(10) UNSIGNED NOT NULL AUTO_INCREMENT;

--
-- AUTO_INCREMENT for table `addressinfos`
--
ALTER TABLE `addressinfos`
  MODIFY `id` int(10) UNSIGNED NOT NULL AUTO_INCREMENT, AUTO_INCREMENT=17;

--
-- AUTO_INCREMENT for table `alert_settings`
--
ALTER TABLE `alert_settings`
  MODIFY `id` int(10) UNSIGNED NOT NULL AUTO_INCREMENT, AUTO_INCREMENT=12;

--
-- AUTO_INCREMENT for table `assignment_answers`
--
ALTER TABLE `assignment_answers`
  MODIFY `id` int(10) UNSIGNED NOT NULL AUTO_INCREMENT;

--
-- AUTO_INCREMENT for table `assignment_comments`
--
ALTER TABLE `assignment_comments`
  MODIFY `id` bigint(25) NOT NULL AUTO_INCREMENT;

--
-- AUTO_INCREMENT for table `attendances`
--
ALTER TABLE `attendances`
  MODIFY `id` int(10) UNSIGNED NOT NULL AUTO_INCREMENT, AUTO_INCREMENT=4;

--
-- AUTO_INCREMENT for table `attendance_masters`
--
ALTER TABLE `attendance_masters`
  MODIFY `id` int(10) UNSIGNED NOT NULL AUTO_INCREMENT;

--
-- AUTO_INCREMENT for table `attendance_statuses`
--
ALTER TABLE `attendance_statuses`
  MODIFY `id` int(10) UNSIGNED NOT NULL AUTO_INCREMENT, AUTO_INCREMENT=6;

--
-- AUTO_INCREMENT for table `beds`
--
ALTER TABLE `beds`
  MODIFY `id` int(10) UNSIGNED NOT NULL AUTO_INCREMENT;

--
-- AUTO_INCREMENT for table `bed_statuses`
--
ALTER TABLE `bed_statuses`
  MODIFY `id` int(10) UNSIGNED NOT NULL AUTO_INCREMENT, AUTO_INCREMENT=7;

--
-- AUTO_INCREMENT for table `books`
--
ALTER TABLE `books`
  MODIFY `id` int(10) UNSIGNED NOT NULL AUTO_INCREMENT;

--
-- AUTO_INCREMENT for table `book_categories`
--
ALTER TABLE `book_categories`
  MODIFY `id` int(10) UNSIGNED NOT NULL AUTO_INCREMENT, AUTO_INCREMENT=11;

--
-- AUTO_INCREMENT for table `book_issues`
--
ALTER TABLE `book_issues`
  MODIFY `id` int(10) UNSIGNED NOT NULL AUTO_INCREMENT;

--
-- AUTO_INCREMENT for table `book_masters`
--
ALTER TABLE `book_masters`
  MODIFY `id` int(10) UNSIGNED NOT NULL AUTO_INCREMENT, AUTO_INCREMENT=2;

--
-- AUTO_INCREMENT for table `book_statuses`
--
ALTER TABLE `book_statuses`
  MODIFY `id` int(10) UNSIGNED NOT NULL AUTO_INCREMENT, AUTO_INCREMENT=5;

--
-- AUTO_INCREMENT for table `category`
--
ALTER TABLE `category`
  MODIFY `id` int(11) NOT NULL AUTO_INCREMENT, AUTO_INCREMENT=6;

--
-- AUTO_INCREMENT for table `certificates`
--
ALTER TABLE `certificates`
  MODIFY `id` int(20) NOT NULL AUTO_INCREMENT, AUTO_INCREMENT=5;

--
-- AUTO_INCREMENT for table `collect_fee`
--
ALTER TABLE `collect_fee`
  MODIFY `id` bigint(20) NOT NULL AUTO_INCREMENT, AUTO_INCREMENT=4;

--
-- AUTO_INCREMENT for table `collect_fee_log`
--
ALTER TABLE `collect_fee_log`
  MODIFY `id` bigint(50) NOT NULL AUTO_INCREMENT;

--
-- AUTO_INCREMENT for table `complain_types`
--
ALTER TABLE `complain_types`
  MODIFY `id` int(30) NOT NULL AUTO_INCREMENT;

--
-- AUTO_INCREMENT for table `days`
--
ALTER TABLE `days`
  MODIFY `id` int(10) UNSIGNED NOT NULL AUTO_INCREMENT, AUTO_INCREMENT=8;

--
-- AUTO_INCREMENT for table `documents`
--
ALTER TABLE `documents`
  MODIFY `id` int(10) UNSIGNED NOT NULL AUTO_INCREMENT;

--
-- AUTO_INCREMENT for table `downloads`
--
ALTER TABLE `downloads`
  MODIFY `id` int(10) UNSIGNED NOT NULL AUTO_INCREMENT;

--
-- AUTO_INCREMENT for table `eating_times`
--
ALTER TABLE `eating_times`
  MODIFY `id` int(10) UNSIGNED NOT NULL AUTO_INCREMENT, AUTO_INCREMENT=3;

--
-- AUTO_INCREMENT for table `enquiry_followup`
--
ALTER TABLE `enquiry_followup`
  MODIFY `id` bigint(15) NOT NULL AUTO_INCREMENT, AUTO_INCREMENT=3;

--
-- AUTO_INCREMENT for table `exams`
--
ALTER TABLE `exams`
  MODIFY `id` int(10) UNSIGNED NOT NULL AUTO_INCREMENT;

--
-- AUTO_INCREMENT for table `exam_mark`
--
ALTER TABLE `exam_mark`
  MODIFY `id` bigint(15) NOT NULL AUTO_INCREMENT, AUTO_INCREMENT=2;

--
-- AUTO_INCREMENT for table `exam_mark_ledgers`
--
ALTER TABLE `exam_mark_ledgers`
  MODIFY `id` int(10) UNSIGNED NOT NULL AUTO_INCREMENT;

--
-- AUTO_INCREMENT for table `exam_modes`
--
ALTER TABLE `exam_modes`
  MODIFY `id` bigint(20) NOT NULL AUTO_INCREMENT, AUTO_INCREMENT=3;

--
-- AUTO_INCREMENT for table `exam_question`
--
ALTER TABLE `exam_question`
  MODIFY `id` bigint(20) NOT NULL AUTO_INCREMENT, AUTO_INCREMENT=3;

--
-- AUTO_INCREMENT for table `exam_question_answer`
--
ALTER TABLE `exam_question_answer`
  MODIFY `id` bigint(20) NOT NULL AUTO_INCREMENT, AUTO_INCREMENT=3;

--
-- AUTO_INCREMENT for table `exam_schedules`
--
ALTER TABLE `exam_schedules`
  MODIFY `id` int(10) UNSIGNED NOT NULL AUTO_INCREMENT;

--
-- AUTO_INCREMENT for table `faculties`
--
ALTER TABLE `faculties`
  MODIFY `id` int(10) UNSIGNED NOT NULL AUTO_INCREMENT, AUTO_INCREMENT=2;

--
-- AUTO_INCREMENT for table `faculty_semester`
--
ALTER TABLE `faculty_semester`
  MODIFY `id` int(10) UNSIGNED NOT NULL AUTO_INCREMENT, AUTO_INCREMENT=3;

--
-- AUTO_INCREMENT for table `fee_collections`
--
ALTER TABLE `fee_collections`
  MODIFY `id` int(10) UNSIGNED NOT NULL AUTO_INCREMENT;

--
-- AUTO_INCREMENT for table `fee_heads`
--
ALTER TABLE `fee_heads`
  MODIFY `id` int(10) UNSIGNED NOT NULL AUTO_INCREMENT, AUTO_INCREMENT=2;

--
-- AUTO_INCREMENT for table `fee_masters`
--
ALTER TABLE `fee_masters`
  MODIFY `id` int(10) UNSIGNED NOT NULL AUTO_INCREMENT;

--
-- AUTO_INCREMENT for table `follow_up_history`
--
ALTER TABLE `follow_up_history`
  MODIFY `id` int(50) NOT NULL AUTO_INCREMENT;

--
-- AUTO_INCREMENT for table `food_categories`
--
ALTER TABLE `food_categories`
  MODIFY `id` int(10) UNSIGNED NOT NULL AUTO_INCREMENT, AUTO_INCREMENT=3;

--
-- AUTO_INCREMENT for table `food_items`
--
ALTER TABLE `food_items`
  MODIFY `id` int(10) UNSIGNED NOT NULL AUTO_INCREMENT, AUTO_INCREMENT=2;

--
-- AUTO_INCREMENT for table `food_item_food_schedule`
--
ALTER TABLE `food_item_food_schedule`
  MODIFY `id` int(10) UNSIGNED NOT NULL AUTO_INCREMENT, AUTO_INCREMENT=2;

--
-- AUTO_INCREMENT for table `food_schedules`
--
ALTER TABLE `food_schedules`
  MODIFY `id` int(10) UNSIGNED NOT NULL AUTO_INCREMENT, AUTO_INCREMENT=2;

--
-- AUTO_INCREMENT for table `general_settings`
--
ALTER TABLE `general_settings`
  MODIFY `id` int(10) UNSIGNED NOT NULL AUTO_INCREMENT, AUTO_INCREMENT=2;

--
-- AUTO_INCREMENT for table `grading_scales`
--
ALTER TABLE `grading_scales`
  MODIFY `id` int(10) UNSIGNED NOT NULL AUTO_INCREMENT, AUTO_INCREMENT=7;

--
-- AUTO_INCREMENT for table `grading_types`
--
ALTER TABLE `grading_types`
  MODIFY `id` int(10) UNSIGNED NOT NULL AUTO_INCREMENT, AUTO_INCREMENT=2;

--
-- AUTO_INCREMENT for table `guardian_details`
--
ALTER TABLE `guardian_details`
  MODIFY `id` int(10) UNSIGNED NOT NULL AUTO_INCREMENT;

--
-- AUTO_INCREMENT for table `handicaps`
--
ALTER TABLE `handicaps`
  MODIFY `id` int(20) NOT NULL AUTO_INCREMENT;

--
-- AUTO_INCREMENT for table `hostels`
--
ALTER TABLE `hostels`
  MODIFY `id` int(10) UNSIGNED NOT NULL AUTO_INCREMENT;

--
-- AUTO_INCREMENT for table `hostel_blocks`
--
ALTER TABLE `hostel_blocks`
  MODIFY `id` int(10) UNSIGNED NOT NULL AUTO_INCREMENT;

--
-- AUTO_INCREMENT for table `hostel_floors`
--
ALTER TABLE `hostel_floors`
  MODIFY `id` int(10) UNSIGNED NOT NULL AUTO_INCREMENT;

--
-- AUTO_INCREMENT for table `hostel_meals`
--
ALTER TABLE `hostel_meals`
  MODIFY `id` int(10) UNSIGNED NOT NULL AUTO_INCREMENT;

--
-- AUTO_INCREMENT for table `inventory_brands`
--
ALTER TABLE `inventory_brands`
  MODIFY `id` int(11) NOT NULL AUTO_INCREMENT, AUTO_INCREMENT=4;

--
-- AUTO_INCREMENT for table `inventory_categories`
--
ALTER TABLE `inventory_categories`
  MODIFY `id` int(11) NOT NULL AUTO_INCREMENT, AUTO_INCREMENT=3;

--
-- AUTO_INCREMENT for table `inventory_gst`
--
ALTER TABLE `inventory_gst`
  MODIFY `id` int(11) NOT NULL AUTO_INCREMENT;

--
-- AUTO_INCREMENT for table `inventory_labels`
--
ALTER TABLE `inventory_labels`
  MODIFY `id` int(11) NOT NULL AUTO_INCREMENT, AUTO_INCREMENT=2;

--
-- AUTO_INCREMENT for table `inventory_products`
--
ALTER TABLE `inventory_products`
  MODIFY `id` int(11) NOT NULL AUTO_INCREMENT, AUTO_INCREMENT=12;

--
-- AUTO_INCREMENT for table `inventory_purchase`
--
ALTER TABLE `inventory_purchase`
  MODIFY `id` int(11) NOT NULL AUTO_INCREMENT;

--
-- AUTO_INCREMENT for table `inventory_purchase_status`
--
ALTER TABLE `inventory_purchase_status`
  MODIFY `id` int(11) NOT NULL AUTO_INCREMENT;

--
-- AUTO_INCREMENT for table `inventory_suppliers`
--
ALTER TABLE `inventory_suppliers`
  MODIFY `id` int(11) NOT NULL AUTO_INCREMENT, AUTO_INCREMENT=3;

--
-- AUTO_INCREMENT for table `inventory_units`
--
ALTER TABLE `inventory_units`
  MODIFY `id` int(11) NOT NULL AUTO_INCREMENT, AUTO_INCREMENT=3;

--
-- AUTO_INCREMENT for table `library_circulations`
--
ALTER TABLE `library_circulations`
  MODIFY `id` int(10) UNSIGNED NOT NULL AUTO_INCREMENT;

--
-- AUTO_INCREMENT for table `library_members`
--
ALTER TABLE `library_members`
  MODIFY `id` int(10) UNSIGNED NOT NULL AUTO_INCREMENT;

--
-- AUTO_INCREMENT for table `live_class_attendance`
--
ALTER TABLE `live_class_attendance`
  MODIFY `id` bigint(20) NOT NULL AUTO_INCREMENT;

--
-- AUTO_INCREMENT for table `migrations`
--
ALTER TABLE `migrations`
  MODIFY `id` int(10) UNSIGNED NOT NULL AUTO_INCREMENT;

--
-- AUTO_INCREMENT for table `miscellaneous_collect_fee`
--
ALTER TABLE `miscellaneous_collect_fee`
  MODIFY `id` bigint(20) NOT NULL AUTO_INCREMENT;

--
-- AUTO_INCREMENT for table `miscellaneous_collect_fee_log`
--
ALTER TABLE `miscellaneous_collect_fee_log`
  MODIFY `id` bigint(50) NOT NULL AUTO_INCREMENT;

--
-- AUTO_INCREMENT for table `miscellaneous_heads`
--
ALTER TABLE `miscellaneous_heads`
  MODIFY `id` int(10) UNSIGNED NOT NULL AUTO_INCREMENT, AUTO_INCREMENT=2;

--
-- AUTO_INCREMENT for table `months`
--
ALTER TABLE `months`
  MODIFY `id` int(10) UNSIGNED NOT NULL AUTO_INCREMENT, AUTO_INCREMENT=13;

--
-- AUTO_INCREMENT for table `nodue_faculty`
--
ALTER TABLE `nodue_faculty`
  MODIFY `id` int(11) NOT NULL AUTO_INCREMENT;

--
-- AUTO_INCREMENT for table `notes`
--
ALTER TABLE `notes`
  MODIFY `id` int(10) UNSIGNED NOT NULL AUTO_INCREMENT;

--
-- AUTO_INCREMENT for table `notices`
--
ALTER TABLE `notices`
  MODIFY `id` int(10) UNSIGNED NOT NULL AUTO_INCREMENT;

--
-- AUTO_INCREMENT for table `online_admission_payments`
--
ALTER TABLE `online_admission_payments`
  MODIFY `id` int(10) UNSIGNED NOT NULL AUTO_INCREMENT;

--
-- AUTO_INCREMENT for table `organisations`
--
ALTER TABLE `organisations`
  MODIFY `id` int(10) UNSIGNED NOT NULL AUTO_INCREMENT, AUTO_INCREMENT=3;

--
-- AUTO_INCREMENT for table `parent_details`
--
ALTER TABLE `parent_details`
  MODIFY `id` int(10) UNSIGNED NOT NULL AUTO_INCREMENT, AUTO_INCREMENT=17;

--
-- AUTO_INCREMENT for table `payment_gateway`
--
ALTER TABLE `payment_gateway`
  MODIFY `id` int(15) NOT NULL AUTO_INCREMENT, AUTO_INCREMENT=3;

--
-- AUTO_INCREMENT for table `payment_settings`
--
ALTER TABLE `payment_settings`
  MODIFY `id` int(10) UNSIGNED NOT NULL AUTO_INCREMENT, AUTO_INCREMENT=3;

--
-- AUTO_INCREMENT for table `payment_type`
--
ALTER TABLE `payment_type`
  MODIFY `id` int(11) NOT NULL AUTO_INCREMENT, AUTO_INCREMENT=14;

--
-- AUTO_INCREMENT for table `payroll_heads`
--
ALTER TABLE `payroll_heads`
  MODIFY `id` int(10) UNSIGNED NOT NULL AUTO_INCREMENT, AUTO_INCREMENT=2;

--
-- AUTO_INCREMENT for table `payroll_masters`
--
ALTER TABLE `payroll_masters`
  MODIFY `id` int(10) UNSIGNED NOT NULL AUTO_INCREMENT, AUTO_INCREMENT=2;

--
-- AUTO_INCREMENT for table `payu_payments`
--
ALTER TABLE `payu_payments`
  MODIFY `id` int(10) UNSIGNED NOT NULL AUTO_INCREMENT;

--
-- AUTO_INCREMENT for table `permissions`
--
ALTER TABLE `permissions`
  MODIFY `id` int(10) UNSIGNED NOT NULL AUTO_INCREMENT, AUTO_INCREMENT=448;

--
-- AUTO_INCREMENT for table `product_image`
--
ALTER TABLE `product_image`
  MODIFY `id` int(11) NOT NULL AUTO_INCREMENT;

--
-- AUTO_INCREMENT for table `product_variations`
--
ALTER TABLE `product_variations`
  MODIFY `id` int(11) NOT NULL AUTO_INCREMENT, AUTO_INCREMENT=4;

--
-- AUTO_INCREMENT for table `reference`
--
ALTER TABLE `reference`
  MODIFY `id` int(11) NOT NULL AUTO_INCREMENT, AUTO_INCREMENT=3;

--
-- AUTO_INCREMENT for table `religions`
--
ALTER TABLE `religions`
  MODIFY `id` int(20) NOT NULL AUTO_INCREMENT, AUTO_INCREMENT=7;

--
-- AUTO_INCREMENT for table `resident_histories`
--
ALTER TABLE `resident_histories`
  MODIFY `id` int(10) UNSIGNED NOT NULL AUTO_INCREMENT;

--
-- AUTO_INCREMENT for table `roles`
--
ALTER TABLE `roles`
  MODIFY `id` int(10) UNSIGNED NOT NULL AUTO_INCREMENT, AUTO_INCREMENT=11;

--
-- AUTO_INCREMENT for table `rooms`
--
ALTER TABLE `rooms`
  MODIFY `id` int(10) UNSIGNED NOT NULL AUTO_INCREMENT, AUTO_INCREMENT=9;

--
-- AUTO_INCREMENT for table `room_types`
--
ALTER TABLE `room_types`
  MODIFY `id` int(10) UNSIGNED NOT NULL AUTO_INCREMENT, AUTO_INCREMENT=4;

--
-- AUTO_INCREMENT for table `routes`
--
ALTER TABLE `routes`
  MODIFY `id` int(10) UNSIGNED NOT NULL AUTO_INCREMENT, AUTO_INCREMENT=2;

--
-- AUTO_INCREMENT for table `route_vehicles`
--
ALTER TABLE `route_vehicles`
  MODIFY `id` int(10) UNSIGNED NOT NULL AUTO_INCREMENT, AUTO_INCREMENT=2;

--
-- AUTO_INCREMENT for table `salary_pays`
--
ALTER TABLE `salary_pays`
  MODIFY `id` int(10) UNSIGNED NOT NULL AUTO_INCREMENT;

--
-- AUTO_INCREMENT for table `semesters`
--
ALTER TABLE `semesters`
  MODIFY `id` int(10) UNSIGNED NOT NULL AUTO_INCREMENT, AUTO_INCREMENT=4;

--
-- AUTO_INCREMENT for table `semester_subject`
--
ALTER TABLE `semester_subject`
  MODIFY `id` int(10) UNSIGNED NOT NULL AUTO_INCREMENT;

--
-- AUTO_INCREMENT for table `session`
--
ALTER TABLE `session`
  MODIFY `id` int(11) NOT NULL AUTO_INCREMENT, AUTO_INCREMENT=13;

--
-- AUTO_INCREMENT for table `settings`
--
ALTER TABLE `settings`
  MODIFY `id` int(10) UNSIGNED NOT NULL AUTO_INCREMENT;

--
-- AUTO_INCREMENT for table `sms_emails`
--
ALTER TABLE `sms_emails`
  MODIFY `id` int(10) UNSIGNED NOT NULL AUTO_INCREMENT, AUTO_INCREMENT=2;

--
-- AUTO_INCREMENT for table `sms_settings`
--
ALTER TABLE `sms_settings`
  MODIFY `id` int(10) UNSIGNED NOT NULL AUTO_INCREMENT, AUTO_INCREMENT=8;

--
-- AUTO_INCREMENT for table `sources`
--
ALTER TABLE `sources`
  MODIFY `id` int(30) NOT NULL AUTO_INCREMENT, AUTO_INCREMENT=3;

--
-- AUTO_INCREMENT for table `staff_designations`
--
ALTER TABLE `staff_designations`
  MODIFY `id` int(10) UNSIGNED NOT NULL AUTO_INCREMENT, AUTO_INCREMENT=44;

--
-- AUTO_INCREMENT for table `statuses`
--
ALTER TABLE `statuses`
  MODIFY `id` bigint(15) NOT NULL AUTO_INCREMENT, AUTO_INCREMENT=5;

--
-- AUTO_INCREMENT for table `stoppages`
--
ALTER TABLE `stoppages`
  MODIFY `id` int(15) NOT NULL AUTO_INCREMENT;

--
-- AUTO_INCREMENT for table `student_guardians`
--
ALTER TABLE `student_guardians`
  MODIFY `id` int(10) UNSIGNED NOT NULL AUTO_INCREMENT;

--
-- AUTO_INCREMENT for table `student_statuses`
--
ALTER TABLE `student_statuses`
  MODIFY `id` int(10) UNSIGNED NOT NULL AUTO_INCREMENT, AUTO_INCREMENT=22;

--
-- AUTO_INCREMENT for table `subjects`
--
ALTER TABLE `subjects`
  MODIFY `id` int(10) UNSIGNED NOT NULL AUTO_INCREMENT, AUTO_INCREMENT=3;

--
-- AUTO_INCREMENT for table `timetable_alt_teacher`
--
ALTER TABLE `timetable_alt_teacher`
  MODIFY `id` int(25) NOT NULL AUTO_INCREMENT;

--
-- AUTO_INCREMENT for table `transport_histories`
--
ALTER TABLE `transport_histories`
  MODIFY `id` int(10) UNSIGNED NOT NULL AUTO_INCREMENT;

--
-- AUTO_INCREMENT for table `transport_users`
--
ALTER TABLE `transport_users`
  MODIFY `id` int(10) UNSIGNED NOT NULL AUTO_INCREMENT;

--
-- AUTO_INCREMENT for table `vehicles`
--
ALTER TABLE `vehicles`
  MODIFY `id` int(10) UNSIGNED NOT NULL AUTO_INCREMENT;

--
-- AUTO_INCREMENT for table `vehicle_staffs`
--
ALTER TABLE `vehicle_staffs`
  MODIFY `id` int(10) UNSIGNED NOT NULL AUTO_INCREMENT;

--
-- AUTO_INCREMENT for table `years`
--
ALTER TABLE `years`
  MODIFY `id` int(10) UNSIGNED NOT NULL AUTO_INCREMENT, AUTO_INCREMENT=6;

--
-- Constraints for dumped tables
--

--
-- Constraints for table `permission_role`
--
ALTER TABLE `permission_role`
  ADD CONSTRAINT `permission_role_permission_id_foreign` FOREIGN KEY (`permission_id`) REFERENCES `permissions` (`id`) ON DELETE CASCADE ON UPDATE CASCADE,
  ADD CONSTRAINT `permission_role_role_id_foreign` FOREIGN KEY (`role_id`) REFERENCES `roles` (`id`) ON DELETE CASCADE ON UPDATE CASCADE;

--
-- Constraints for table `role_user`
--
ALTER TABLE `role_user`
  ADD CONSTRAINT `role_user_role_id_foreign` FOREIGN KEY (`role_id`) REFERENCES `roles` (`id`) ON DELETE CASCADE ON UPDATE CASCADE;
COMMIT;

